{"id":754379,"date":"2025-08-28T06:08:59","date_gmt":"2025-08-28T03:08:59","guid":{"rendered":"https:\/\/roveyayinevi.com.tr\/index.php\/urun\/kultur-okumalari-perspektifinden-2-dunya-savasi-ve-sonrasi\/"},"modified":"2026-01-29T03:42:45","modified_gmt":"2026-01-29T00:42:45","slug":"kultur-okumalari-perspektifinden-2-dunya-savasi-ve-sonrasi","status":"publish","type":"product","link":"https:\/\/roveyayinevi.com.tr\/index.php\/urun\/kultur-okumalari-perspektifinden-2-dunya-savasi-ve-sonrasi\/","title":{"rendered":"K\u00fclt\u00fcr Okumalar\u0131 Perspektifinden 2. D\u00fcnya Sava\u015f\u0131 ve Sonras\u0131"},"content":{"rendered":"<p>2. D\u00fcnya Sava\u015f\u0131, yaln\u0131zca top-t\u00fcfekle de\u011fil; kitle imha silahlar\u0131ndan n\u00fckleerin de kullan\u0131lmas\u0131yla insanl\u0131k tarihinde geri d\u00f6n\u00fclemez yaralar a\u00e7m\u0131\u015ft\u0131r. Bu sava\u015f travmas\u0131 sonras\u0131 k\u00fcresel bar\u0131\u015f\u0131n korunmas\u0131n\u0131n ne denli hayati oldu\u011fu toplumlar\u0131n belle\u011fine kaz\u0131nm\u0131\u015f olsa da siyasi akt\u00f6rlerin b\u00f6lgesel iktidar \u00e7eki\u015fmeleri nedeniyle her zaman 3. D\u00fcnya Sava\u015f\u0131 ihtimali ak\u0131llar\u0131n bir k\u00f6\u015fesinde yer edinmi\u015ftir. Bu \u00f6zelli\u011fiyle 2. D\u00fcnya Sava\u015f\u0131, asl\u0131nda kendisinden sonraki b\u00fcy\u00fck sava\u015flarda insanl\u0131\u011f\u0131n ba\u015f\u0131na gelecekleri g\u00f6stermesi bak\u0131m\u0131ndan bir d\u00f6n\u00fcm noktas\u0131 olmu\u015ftur. Bununla birlikte, bu s\u00fcre\u00e7 pek \u00e7ok akademik \u00e7al\u0131\u015fman\u0131n yeni k\u00fcresel d\u00fczende olanlar\u0131 felsefi, siyasi, toplumsal, k\u00fclt\u00fcrel ve ekonomik dinamiklerle de\u011ferlendirece\u011fi say\u0131s\u0131z \u00e7al\u0131\u015fma i\u00e7in temel te\u015fkil etmi\u015ftir. Bu kitap olu\u015fturulurken ge\u00e7mi\u015ften g\u00fcn\u00fcm\u00fcze k\u00fcresel d\u00fczene dair \u00e7e\u015fitli disiplinlerden akademisyenlerin okumalar\u0131yla g\u00fcncel bir tart\u0131\u015fma boyutu a\u00e7mak hedeflenmi\u015ftir. Kitapta yer alan makale ve s\u00f6yle\u015filer, bu tart\u0131\u015fmalara katk\u0131 sa\u011flayabilecek \u00e7e\u015fitli teorik bak\u0131\u015f a\u00e7\u0131lar\u0131n\u0131 i\u00e7ermektedir&#8230; <\/p>\n","protected":false},"excerpt":{"rendered":"<p>2. D\u00fcnya Sava\u015f\u0131, yaln\u0131zca top-t\u00fcfekle de\u011fil; kitle imha silahlar\u0131ndan n\u00fckleerin de kullan\u0131lmas\u0131yla insanl\u0131k tarihinde geri d\u00f6n\u00fclemez yaralar a\u00e7m\u0131\u015ft\u0131r. Bu sava\u015f travmas\u0131 sonras\u0131 k\u00fcresel bar\u0131\u015f\u0131n korunmas\u0131n\u0131n ne<span class=\"excerpt-hellip\"> [\u2026]<\/span><\/p>\n","protected":false},"featured_media":0,"template":"","meta":{"_monsterinsights_skip_tracking":false,"_monsterinsights_sitenote_active":false,"_monsterinsights_sitenote_note":"","_monsterinsights_sitenote_category":0},"product_brand":[],"product_cat":[12304],"product_tag":[],"class_list":{"0":"post-754379","1":"product","2":"type-product","3":"status-publish","5":"product_cat-tarih","6":"pa_cilt-ciltsiz","7":"pa_tur-kitap","8":"pa_yayinevi-utopya-yayinevi","9":"pa_yazar-kolektif","11":"first","12":"instock","13":"sale","14":"shipping-taxable","15":"purchasable","16":"product-type-simple"},"_links":{"self":[{"href":"https:\/\/roveyayinevi.com.tr\/index.php\/wp-json\/wp\/v2\/product\/754379","targetHints":{"allow":["GET"]}}],"collection":[{"href":"https:\/\/roveyayinevi.com.tr\/index.php\/wp-json\/wp\/v2\/product"}],"about":[{"href":"https:\/\/roveyayinevi.com.tr\/index.php\/wp-json\/wp\/v2\/types\/product"}],"wp:attachment":[{"href":"https:\/\/roveyayinevi.com.tr\/index.php\/wp-json\/wp\/v2\/media?parent=754379"}],"wp:term":[{"taxonomy":"product_brand","embeddable":true,"href":"https:\/\/roveyayinevi.com.tr\/index.php\/wp-json\/wp\/v2\/product_brand?post=754379"},{"taxonomy":"product_cat","embeddable":true,"href":"https:\/\/roveyayinevi.com.tr\/index.php\/wp-json\/wp\/v2\/product_cat?post=754379"},{"taxonomy":"product_tag","embeddable":true,"href":"https:\/\/roveyayinevi.com.tr\/index.php\/wp-json\/wp\/v2\/product_tag?post=754379"}],"curies":[{"name":"wp","href":"https:\/\/api.w.org\/{rel}","templated":true}]}}