{"id":754376,"date":"2025-08-28T06:08:56","date_gmt":"2025-08-28T03:08:56","guid":{"rendered":"https:\/\/roveyayinevi.com.tr\/index.php\/urun\/akiskan-emek-akiskan-ahlak\/"},"modified":"2026-01-29T03:42:45","modified_gmt":"2026-01-29T00:42:45","slug":"akiskan-emek-akiskan-ahlak","status":"publish","type":"product","link":"https:\/\/roveyayinevi.com.tr\/index.php\/urun\/akiskan-emek-akiskan-ahlak\/","title":{"rendered":"Ak\u0131\u015fkan Emek Ak\u0131\u015fkan Ahlak"},"content":{"rendered":"<p>Neoliberal \u00e7al\u0131\u015fma rejimine \u00f6zg\u00fc esnek \u00e7al\u0131\u015fma uygulamalar\u0131n\u0131n \u00e7al\u0131\u015fanlar a\u00e7\u0131s\u0131ndan g\u00fcvencesizli\u011fi art\u0131rd\u0131\u011f\u0131 genel anlamda kabul g\u00f6r\u00fcrken i\u015fverenler a\u00e7\u0131s\u0131ndan say\u0131s\u0131z avantaj\u0131 bar\u0131nd\u0131rd\u0131\u011f\u0131 s\u0131k\u00e7a vurgulanmaktad\u0131r. \u0130\u015f\u00e7ilerin bu \u00e7al\u0131\u015fma rejimine y\u00f6nelik ele\u015ftirel tutumlar\u0131, \u00e7e\u015fitli \u00f6rg\u00fctlenmeler, grevler ve yay\u0131nlarla a\u00e7\u0131k bi\u00e7imde dile getirilirken i\u015fverenlerin destekleyici ancak zaman zaman ikircikli bir tutuma sahip oldu\u011fu g\u00f6zlenebiliyor. S\u00f6z konusu ikircikli tutum i\u015f\u00e7ilerden aidiyet ve sadakat bekleyen, bununla birlikte teknolojik yenilikler ve rekabet ko\u015fullar\u0131na g\u00f6re onlar\u0131 \u00e7abucak g\u00f6zden \u00e7\u0131karabilen sermayenin, t\u00fcm kurallar\u0131 belirlemek istemesinden kaynaklan\u0131yor. Demir\u2019in \u00e7al\u0131\u015fmas\u0131, hem bu ikircikli tutumun alt\u0131n\u0131 \u00e7iziyor hem de ak\u0131\u015fkan modernite ko\u015fullar\u0131nda klasik sanayi toplumlar\u0131na \u00f6zg\u00fc \u00e7al\u0131\u015fma ahlak\u0131n\u0131n yok olu\u015funu g\u00f6steriyor. Yeni d\u00f6nem, kar\u015f\u0131lar\u0131na \u00e7\u0131kan her f\u0131rsat\u0131 de\u011ferlendirmek isteyen, yani buna mecbur b\u0131rak\u0131lan bir i\u015f\u00e7i s\u0131n\u0131f\u0131n\u0131n do\u011fu\u015funa i\u015faret ediyor&#8230; <\/p>\n","protected":false},"excerpt":{"rendered":"<p>Neoliberal \u00e7al\u0131\u015fma rejimine \u00f6zg\u00fc esnek \u00e7al\u0131\u015fma uygulamalar\u0131n\u0131n \u00e7al\u0131\u015fanlar a\u00e7\u0131s\u0131ndan g\u00fcvencesizli\u011fi art\u0131rd\u0131\u011f\u0131 genel anlamda kabul g\u00f6r\u00fcrken i\u015fverenler a\u00e7\u0131s\u0131ndan say\u0131s\u0131z avantaj\u0131 bar\u0131nd\u0131rd\u0131\u011f\u0131 s\u0131k\u00e7a vurgulanmaktad\u0131r. \u0130\u015f\u00e7ilerin bu \u00e7al\u0131\u015fma rejimine<span class=\"excerpt-hellip\"> [\u2026]<\/span><\/p>\n","protected":false},"featured_media":0,"template":"","meta":{"_monsterinsights_skip_tracking":false,"_monsterinsights_sitenote_active":false,"_monsterinsights_sitenote_note":"","_monsterinsights_sitenote_category":0},"product_brand":[],"product_cat":[12324],"product_tag":[],"class_list":{"0":"post-754376","1":"product","2":"type-product","3":"status-publish","5":"product_cat-sosyoloji","6":"pa_cilt-ciltsiz","7":"pa_tur-kitap","8":"pa_yayinevi-utopya-yayinevi","9":"pa_yazar-isa-demir","11":"first","12":"instock","13":"sale","14":"shipping-taxable","15":"purchasable","16":"product-type-simple"},"_links":{"self":[{"href":"https:\/\/roveyayinevi.com.tr\/index.php\/wp-json\/wp\/v2\/product\/754376","targetHints":{"allow":["GET"]}}],"collection":[{"href":"https:\/\/roveyayinevi.com.tr\/index.php\/wp-json\/wp\/v2\/product"}],"about":[{"href":"https:\/\/roveyayinevi.com.tr\/index.php\/wp-json\/wp\/v2\/types\/product"}],"wp:attachment":[{"href":"https:\/\/roveyayinevi.com.tr\/index.php\/wp-json\/wp\/v2\/media?parent=754376"}],"wp:term":[{"taxonomy":"product_brand","embeddable":true,"href":"https:\/\/roveyayinevi.com.tr\/index.php\/wp-json\/wp\/v2\/product_brand?post=754376"},{"taxonomy":"product_cat","embeddable":true,"href":"https:\/\/roveyayinevi.com.tr\/index.php\/wp-json\/wp\/v2\/product_cat?post=754376"},{"taxonomy":"product_tag","embeddable":true,"href":"https:\/\/roveyayinevi.com.tr\/index.php\/wp-json\/wp\/v2\/product_tag?post=754376"}],"curies":[{"name":"wp","href":"https:\/\/api.w.org\/{rel}","templated":true}]}}