{"id":754375,"date":"2025-08-28T06:08:55","date_gmt":"2025-08-28T03:08:55","guid":{"rendered":"https:\/\/roveyayinevi.com.tr\/index.php\/urun\/ataturkun-izinde-adim-adim-cumhuriyete\/"},"modified":"2026-04-16T03:07:48","modified_gmt":"2026-04-16T00:07:48","slug":"ataturkun-izinde-adim-adim-cumhuriyete","status":"publish","type":"product","link":"https:\/\/roveyayinevi.com.tr\/index.php\/urun\/ataturkun-izinde-adim-adim-cumhuriyete\/","title":{"rendered":"Atat\u00fcrk&#8217;\u00fcn \u0130zinde Ad\u0131m Ad\u0131m Cumhuriyet&#8217;e"},"content":{"rendered":"<p>Bu kitap, bir tarih kitab\u0131 de\u011fildir, fakat i\u00e7inde yer alan her bilgi ger\u00e7ektir ve belgeye dayal\u0131d\u0131r. Bu kitab\u0131n yazar\u0131 bir tarih\u00e7i de\u011fildir, fakat, tarih yazman\u0131n tarih yapmak kadar m\u00fchim oldu\u011funu, yazan yapana sad\u0131k kalmazsa de\u011fi\u015fmeyen hakikatin insanl\u0131\u011f\u0131 \u015fa\u015f\u0131rtacak bir mahiyet alaca\u011f\u0131n\u0131, bizzat, tarih yap\u0131c\u0131lar\u0131n en ba\u015f\u0131nda gelen ki\u015fiden, Cumhuriyetimizin Kurucusu, E\u015fsiz Komutan, Emsalsiz Devlet Adam\u0131, Anafartalar ve Kurtulu\u015f Sava\u015f\u0131\u2019n\u0131n Destans\u0131 Kahraman\u0131, B\u00fcy\u00fck \u00d6nder Atat\u00fcrk\u2019\u00fcn veciz s\u00f6z\u00fcnden \u00f6\u011frenen ve manas\u0131n\u0131 idrak etmek i\u00e7in gayret g\u00f6steren bir ki\u015fidir. Peki bu kitap nas\u0131l bir kitapt\u0131r? Bu kitap, \u201cOlaylar,Tan\u0131klar ve Belgeler\u201de dayanan, sadece ger\u00e7ekleri dile getiren bir kitapt\u0131r, her \u015feyden \u00f6nce. Atat\u00fcrk\u2019\u00fcn Samsun\u2019a \u00e7\u0131k\u0131p Kurtulu\u015f Sava\u015f\u0131\u2019n\u0131 ba\u015flatt\u0131\u011f\u0131, 19 May\u0131s 1919\u2019dan itibaren Milli M\u00fccadele\u2019de mihenk ta\u015f\u0131 olmu\u015f olaylar\u0131n, belgelere dayal\u0131 olarak k\u0131saca izah edildi\u011fi, ard\u0131ndan d\u00f6nemin gazeteleri, yazarlar\u0131 ve tan\u0131klar\u0131n\u0131n yaz\u0131lar\u0131na olay ve d\u00f6nem bazl\u0131 olarak yer verildi\u011fi, farkl\u0131 ve her kelimesi ile dolu dolu bir kitapt\u0131r. Hem bir tarih kitab\u0131, hem de edebiyat kitab\u0131 olan bu kitap, okurken sadece belgelere dayal\u0131 ger\u00e7ek bilgilerin edinildi\u011fi, fakat ayn\u0131 zamanda bu bilgilerde yer verilen olaylar\u0131n ya\u015fand\u0131\u011f\u0131 d\u00f6neme ait hislerin dile getirildi\u011fi, milletin duygusal \u00e2leminin anla\u015f\u0131lmas\u0131na yard\u0131mc\u0131 olabilecek edebi metinlerin de yer ald\u0131\u011f\u0131 bir kitapt\u0131r. Bu kitab\u0131 okurken, hem Cumhuriyetimiz\u2019in kurulu\u015f s\u00fcrecine dair temel ve ger\u00e7ek bilgileri edinmek m\u00fcmk\u00fcnd\u00fcr, hem de Milli M\u00fccedele\u2019ye \u00f6nderlik eden Atat\u00fcrk\u2019\u00fcn millet nezdinde uyand\u0131rd\u0131\u011f\u0131 umut, heyecan ve yeniden dirilme serencam\u0131na tan\u0131k olma keyfini ya\u015fama imk\u00e2n\u0131 mevcuttur. Kitapta hem tarihi ger\u00e7ekler vard\u0131r, hem de Mehmet Akif, Yahya Kemal, Halide Edip, Mehmet Emin, Ziya G\u00f6kalp, Falih R\u0131fk\u0131, Yakup Kadri, Samih R\u0131fat, Eb\u00fczziy\u00e2z\u00e2de ve Sami Pa\u015fazade Sezai ba\u015fta olmak \u00fczere, devrin etkili kalemlerinin, yaz\u0131lar\u0131na yans\u0131yan tan\u0131kl\u0131klar\u0131 vard\u0131r. \u201cAtat\u00fcrk\u2019\u00fcn \u0130zinde Ad\u0131m Ad\u0131m Cumhuriyet\u201de ad\u0131n\u0131 verdi\u011fimiz bu kitap, Kurtulu\u015f Sava\u015f\u0131m\u0131z\u2019\u0131n ba\u015flad\u0131\u011f\u0131, 19 May\u0131s 1919 tarihinden itibaren Cumhuriyetimiz\u2019in ilan edildi\u011fi 29 Ekim 1923\u2019e kadar, Atat\u00fcrk\u2019\u00fcn izinden giderek Milli M\u00fccadele\u2019yi ad\u0131m ad\u0131m, s\u0131k\u0131c\u0131 bir tarih kitab\u0131 gibi de\u011fil, bir belgesel tad\u0131nda, olaylar, tan\u0131klar ve belgeleriyle anlatan ve bu y\u00f6n\u00fcyle benzerine rastlanmas\u0131 pek de m\u00fcmk\u00fcn olmayan bir kitapt\u0131r. Cumhuriyetimiz\u2019in 100.Y\u0131l\u0131\u2019n\u0131 kutlad\u0131\u011f\u0131m\u0131z bu g\u00fcnlerde, B\u00fcy\u00fck \u00d6nderimiz Atat\u00fcrk\u2019e ve Milli M\u00fccadele Kahramanlar\u0131na sevgi, sayg\u0131 ve minnetle ithaf ediyoruz, bu emsalsiz kitab\u0131m\u0131z\u0131.   <\/p>\n","protected":false},"excerpt":{"rendered":"<p>Bu kitap, bir tarih kitab\u0131 de\u011fildir, fakat i\u00e7inde yer alan her bilgi ger\u00e7ektir ve belgeye dayal\u0131d\u0131r. Bu kitab\u0131n yazar\u0131 bir tarih\u00e7i de\u011fildir, fakat, tarih yazman\u0131n tarih<span class=\"excerpt-hellip\"> [\u2026]<\/span><\/p>\n","protected":false},"featured_media":0,"template":"","meta":{"_monsterinsights_skip_tracking":false,"_monsterinsights_sitenote_active":false,"_monsterinsights_sitenote_note":"","_monsterinsights_sitenote_category":0},"product_brand":[],"product_cat":[12370,12304],"product_tag":[],"class_list":{"0":"post-754375","1":"product","2":"type-product","3":"status-publish","5":"product_cat-arastirma-inceleme","6":"product_cat-tarih","7":"pa_cilt-ciltsiz","8":"pa_tur-kitap","9":"pa_yayinevi-kaptan-kitap","10":"pa_yazar-hakan-karci","12":"first","13":"instock","14":"sale","15":"shipping-taxable","16":"purchasable","17":"product-type-simple"},"_links":{"self":[{"href":"https:\/\/roveyayinevi.com.tr\/index.php\/wp-json\/wp\/v2\/product\/754375","targetHints":{"allow":["GET"]}}],"collection":[{"href":"https:\/\/roveyayinevi.com.tr\/index.php\/wp-json\/wp\/v2\/product"}],"about":[{"href":"https:\/\/roveyayinevi.com.tr\/index.php\/wp-json\/wp\/v2\/types\/product"}],"wp:attachment":[{"href":"https:\/\/roveyayinevi.com.tr\/index.php\/wp-json\/wp\/v2\/media?parent=754375"}],"wp:term":[{"taxonomy":"product_brand","embeddable":true,"href":"https:\/\/roveyayinevi.com.tr\/index.php\/wp-json\/wp\/v2\/product_brand?post=754375"},{"taxonomy":"product_cat","embeddable":true,"href":"https:\/\/roveyayinevi.com.tr\/index.php\/wp-json\/wp\/v2\/product_cat?post=754375"},{"taxonomy":"product_tag","embeddable":true,"href":"https:\/\/roveyayinevi.com.tr\/index.php\/wp-json\/wp\/v2\/product_tag?post=754375"}],"curies":[{"name":"wp","href":"https:\/\/api.w.org\/{rel}","templated":true}]}}

Atatürk&#8217;ün İzinde Adım Adım Cumhuriyet&#8217;e

<p>Bu kitap, bir tarih kitabı değildir, fakat içinde yer alan her bilgi gerçektir ve belgeye dayalıdır. Bu kitabın yazarı bir tarihçi değildir, fakat, tarih yazmanın tarih yapmak kadar mühim olduğunu, yazan yapana sadık kalmazsa değişmeyen hakikatin insanlığı şaşırtacak bir mahiyet alacağını, bizzat, tarih yapıcıların en başında gelen kişiden, Cumhuriyetimizin Kurucusu, Eşsiz Komutan, Emsalsiz Devlet Adamı, Anafartalar ve Kurtuluş Savaşı’nın Destansı Kahramanı, Büyük Önder Atatürk’ün veciz sözünden öğrenen ve manasını idrak etmek için gayret gösteren bir kişidir. Peki bu kitap nasıl bir kitaptır? Bu kitap, “Olaylar,Tanıklar ve Belgeler”e dayanan, sadece gerçekleri dile getiren bir kitaptır, her şeyden önce. Atatürk’ün Samsun’a çıkıp Kurtuluş Savaşı’nı başlattığı, 19 Mayıs 1919’dan itibaren Milli Mücadele’de mihenk taşı olmuş olayların, belgelere dayalı olarak kısaca izah edildiği, ardından dönemin gazeteleri, yazarları ve tanıklarının yazılarına olay ve dönem bazlı olarak yer verildiği, farklı ve her kelimesi ile dolu dolu bir kitaptır. Hem bir tarih kitabı, hem de edebiyat kitabı olan bu kitap, okurken sadece belgelere dayalı gerçek bilgilerin edinildiği, fakat aynı zamanda bu bilgilerde yer verilen olayların yaşandığı döneme ait hislerin dile getirildiği, milletin duygusal âleminin anlaşılmasına yardımcı olabilecek edebi metinlerin de yer aldığı bir kitaptır. Bu kitabı okurken, hem Cumhuriyetimiz’in kuruluş sürecine dair temel ve gerçek bilgileri edinmek mümkündür, hem de Milli Mücedele’ye önderlik eden Atatürk’ün millet nezdinde uyandırdığı umut, heyecan ve yeniden dirilme serencamına tanık olma keyfini yaşama imkânı mevcuttur. Kitapta hem tarihi gerçekler vardır, hem de Mehmet Akif, Yahya Kemal, Halide Edip, Mehmet Emin, Ziya Gökalp, Falih Rıfkı, Yakup Kadri, Samih Rıfat, Ebüzziyâzâde ve Sami Paşazade Sezai başta olmak üzere, devrin etkili kalemlerinin, yazılarına yansıyan tanıklıkları vardır. “Atatürk’ün İzinde Adım Adım Cumhuriyet”e adını verdiğimiz bu kitap, Kurtuluş Savaşımız’ın başladığı, 19 Mayıs 1919 tarihinden itibaren Cumhuriyetimiz’in ilan edildiği 29 Ekim 1923’e kadar, Atatürk’ün izinden giderek Milli Mücadele’yi adım adım, sıkıcı bir tarih kitabı gibi değil, bir belgesel tadında, olaylar, tanıklar ve belgeleriyle anlatan ve bu yönüyle benzerine rastlanması pek de mümkün olmayan bir kitaptır. Cumhuriyetimiz’in 100.Yılı’nı kutladığımız bu günlerde, Büyük Önderimiz Atatürk’e ve Milli Mücadele Kahramanlarına sevgi, saygı ve minnetle ithaf ediyoruz, bu emsalsiz kitabımızı.   </p>

<p>Bu kitap, bir tarih kitabı değildir, fakat içinde yer alan her bilgi gerçektir ve belgeye dayalıdır. Bu kitabın yazarı bir tarihçi değildir, fakat, tarih yazmanın tarih<span class="excerpt-hellip"> […]</span></p>
