{"id":754373,"date":"2025-08-28T06:08:52","date_gmt":"2025-08-28T03:08:52","guid":{"rendered":"https:\/\/roveyayinevi.com.tr\/index.php\/urun\/ezop-masallari-10-kitap\/"},"modified":"2026-04-16T03:07:48","modified_gmt":"2026-04-16T00:07:48","slug":"ezop-masallari-10-kitap","status":"publish","type":"product","link":"https:\/\/roveyayinevi.com.tr\/index.php\/urun\/ezop-masallari-10-kitap\/","title":{"rendered":"Ezop Masallar\u0131 (10 Kitap)"},"content":{"rendered":"<p>Okumaya yeni ba\u015flayan \u00e7ocuklar\u0131n zevkle ve heyecanla okuyaca\u011f\u0131 bu seri, .MEB okuma-yazma programa uygun d\u00fcnya \u00e7ocuk edebiyat\u0131n\u0131n en se\u00e7kin \u00f6rneklerinden derlenmi\u015ftir. Set \u0130\u00e7eri\u011fi: EV K\u00d6PE\u011e\u0130 \u0130LE KURT FARE \u0130LE SANSAR G\u00dcNE\u015e \u0130LE R\u00dcZG\u00c2R \u0130YAZ \u0130LE ASLAN KEND\u0130N\u0130 BE\u011eENEN GEY\u0130K KIRLANGICIN UYARISI TARLA KU\u015eU VE YAVRULARI T\u0130LK\u0130 \u0130LE ODUNCU TUZ Y\u00dcKL\u00dc E\u015eEK Y\u0130YECEK BE\u011eENMEYEN BALIK\u00c7IL KU\u015eU <\/p>\n","protected":false},"excerpt":{"rendered":"<p>Okumaya yeni ba\u015flayan \u00e7ocuklar\u0131n zevkle ve heyecanla okuyaca\u011f\u0131 bu seri, .MEB okuma-yazma programa uygun d\u00fcnya \u00e7ocuk edebiyat\u0131n\u0131n en se\u00e7kin \u00f6rneklerinden derlenmi\u015ftir. Set \u0130\u00e7eri\u011fi: EV K\u00d6PE\u011e\u0130 \u0130LE<span class=\"excerpt-hellip\"> [\u2026]<\/span><\/p>\n","protected":false},"featured_media":0,"template":"","meta":{"_monsterinsights_skip_tracking":false,"_monsterinsights_sitenote_active":false,"_monsterinsights_sitenote_note":"","_monsterinsights_sitenote_category":0},"product_brand":[],"product_cat":[12274,12284],"product_tag":[],"class_list":{"0":"post-754373","1":"product","2":"type-product","3":"status-publish","5":"product_cat-cocuk-ve-genclik-kitaplari","6":"product_cat-hikayeler","7":"pa_cilt-set","8":"pa_tur-kitap","9":"pa_yayinevi-ema-kitap","10":"pa_yazar-kolektif","12":"first","13":"instock","14":"sale","15":"shipping-taxable","16":"purchasable","17":"product-type-simple"},"_links":{"self":[{"href":"https:\/\/roveyayinevi.com.tr\/index.php\/wp-json\/wp\/v2\/product\/754373","targetHints":{"allow":["GET"]}}],"collection":[{"href":"https:\/\/roveyayinevi.com.tr\/index.php\/wp-json\/wp\/v2\/product"}],"about":[{"href":"https:\/\/roveyayinevi.com.tr\/index.php\/wp-json\/wp\/v2\/types\/product"}],"wp:attachment":[{"href":"https:\/\/roveyayinevi.com.tr\/index.php\/wp-json\/wp\/v2\/media?parent=754373"}],"wp:term":[{"taxonomy":"product_brand","embeddable":true,"href":"https:\/\/roveyayinevi.com.tr\/index.php\/wp-json\/wp\/v2\/product_brand?post=754373"},{"taxonomy":"product_cat","embeddable":true,"href":"https:\/\/roveyayinevi.com.tr\/index.php\/wp-json\/wp\/v2\/product_cat?post=754373"},{"taxonomy":"product_tag","embeddable":true,"href":"https:\/\/roveyayinevi.com.tr\/index.php\/wp-json\/wp\/v2\/product_tag?post=754373"}],"curies":[{"name":"wp","href":"https:\/\/api.w.org\/{rel}","templated":true}]}}