{"id":754366,"date":"2025-08-28T06:08:43","date_gmt":"2025-08-28T03:08:43","guid":{"rendered":"https:\/\/roveyayinevi.com.tr\/index.php\/urun\/kayseri-seker-fabrikasi-belgeseli-sogutlu-kahvenin-mudavimleri\/"},"modified":"2026-04-16T03:07:48","modified_gmt":"2026-04-16T00:07:48","slug":"kayseri-seker-fabrikasi-belgeseli-sogutlu-kahvenin-mudavimleri","status":"publish","type":"product","link":"https:\/\/roveyayinevi.com.tr\/index.php\/urun\/kayseri-seker-fabrikasi-belgeseli-sogutlu-kahvenin-mudavimleri\/","title":{"rendered":"Kayseri \u015eeker Fabrikas\u0131 Belgeseli S\u00f6\u011f\u00fctl\u00fc Kahvenin M\u00fcdavimleri"},"content":{"rendered":"<p>Anadolu&#8217;nun Ticari ba\u015fkenti say\u0131lan Kayseri, tarihi geli\u015fim s\u00fcrecinde say\u0131s\u0131z medeniyetlere ev sahipli\u011fi yapm\u0131\u015ft\u0131r. Cumhuriyet d\u00f6neminde, faaliyete ge\u00e7en sanayi kurulu\u015flar\u0131, \u00e7evre illerin oldu\u011fu gibi \u015fehrimizin de hayat damarlar\u0131n\u0131 beslemi\u015ftir. Bunlar\u0131n aras\u0131nda 1955 y\u0131l\u0131nda faaliyete ge\u00e7en, Kayseri \u015eeker Fabrikas\u0131, \u00f6nemli bir yer tutmaktad\u0131r. \u015eu anda Kocasinan \u0130l\u00e7esi s\u0131n\u0131rlar\u0131 i\u00e7erisinde olan Kayseri \u015eeker Fabrikas\u0131 \u00f6z sermayesi ve kendisine ba\u011fl\u0131 b\u00f6lgeleri ile \u00fclkemizin ekonomisine \u00f6nemli katk\u0131lar vermektedir, \u015eeker Fabrikas\u0131n\u0131n kuzeyinde bulunan Keykubat g\u00f6l\u00fc ile tarihi \u0130pek Yolu \u00fczerinde olmas\u0131 hasebiyle b\u00f6lgeden ge\u00e7en say\u0131s\u0131z kervanlara konakl\u0131k etmi\u015ftir. Ayr\u0131ca bu d\u00f6nemde Sel\u00e7uklu H\u00fck\u00fcmdar\u0131 Alaattin Keykubat&#8217;a ev sahipli\u011fi yaparak tarihi vasf\u0131n\u0131 zenginle\u015ftirmi\u015ftir&#8230; <\/p>\n","protected":false},"excerpt":{"rendered":"<p>Anadolu&#8217;nun Ticari ba\u015fkenti say\u0131lan Kayseri, tarihi geli\u015fim s\u00fcrecinde say\u0131s\u0131z medeniyetlere ev sahipli\u011fi yapm\u0131\u015ft\u0131r. Cumhuriyet d\u00f6neminde, faaliyete ge\u00e7en sanayi kurulu\u015flar\u0131, \u00e7evre illerin oldu\u011fu gibi \u015fehrimizin de hayat<span class=\"excerpt-hellip\"> [\u2026]<\/span><\/p>\n","protected":false},"featured_media":0,"template":"","meta":{"_monsterinsights_skip_tracking":false,"_monsterinsights_sitenote_active":false,"_monsterinsights_sitenote_note":"","_monsterinsights_sitenote_category":0},"product_brand":[],"product_cat":[12370,12304],"product_tag":[],"class_list":{"0":"post-754366","1":"product","2":"type-product","3":"status-publish","5":"product_cat-arastirma-inceleme","6":"product_cat-tarih","7":"pa_cilt-ciltsiz","8":"pa_tur-kitap","9":"pa_yayinevi-gulnar-yayinlari","10":"pa_yazar-ziya-sahin","12":"first","13":"instock","14":"sale","15":"shipping-taxable","16":"purchasable","17":"product-type-simple"},"_links":{"self":[{"href":"https:\/\/roveyayinevi.com.tr\/index.php\/wp-json\/wp\/v2\/product\/754366","targetHints":{"allow":["GET"]}}],"collection":[{"href":"https:\/\/roveyayinevi.com.tr\/index.php\/wp-json\/wp\/v2\/product"}],"about":[{"href":"https:\/\/roveyayinevi.com.tr\/index.php\/wp-json\/wp\/v2\/types\/product"}],"wp:attachment":[{"href":"https:\/\/roveyayinevi.com.tr\/index.php\/wp-json\/wp\/v2\/media?parent=754366"}],"wp:term":[{"taxonomy":"product_brand","embeddable":true,"href":"https:\/\/roveyayinevi.com.tr\/index.php\/wp-json\/wp\/v2\/product_brand?post=754366"},{"taxonomy":"product_cat","embeddable":true,"href":"https:\/\/roveyayinevi.com.tr\/index.php\/wp-json\/wp\/v2\/product_cat?post=754366"},{"taxonomy":"product_tag","embeddable":true,"href":"https:\/\/roveyayinevi.com.tr\/index.php\/wp-json\/wp\/v2\/product_tag?post=754366"}],"curies":[{"name":"wp","href":"https:\/\/api.w.org\/{rel}","templated":true}]}}