{"id":754358,"date":"2025-08-28T06:08:31","date_gmt":"2025-08-28T03:08:31","guid":{"rendered":"https:\/\/roveyayinevi.com.tr\/index.php\/urun\/suclular-nasil-dusunur\/"},"modified":"2026-04-16T03:07:47","modified_gmt":"2026-04-16T00:07:47","slug":"suclular-nasil-dusunur","status":"publish","type":"product","link":"https:\/\/roveyayinevi.com.tr\/index.php\/urun\/suclular-nasil-dusunur\/","title":{"rendered":"Su\u00e7lular Nas\u0131l D\u00fc\u015f\u00fcn\u00fcr?"},"content":{"rendered":"<p>Su\u00e7lular Nas\u0131l D\u00fc\u015f\u00fcn\u00fcr? 1984 y\u0131l\u0131nda ilk kez yay\u0131mland\u0131\u011f\u0131nda su\u00e7a ve su\u00e7luya bak\u0131\u015f\u0131m\u0131z\u0131 temelden de\u011fi\u015ftirecek bir devrim ba\u015flatt\u0131. Su\u00e7un kaynaklar\u0131n\u0131 ve \u00e7arelerini \u00e7evreleyen beylik mitleri  teker teker yerle bir etti. Aradan ge\u00e7en yakla\u015f\u0131k k\u0131rk y\u0131l i\u00e7inde su\u00e7 sosyolojisinde, psikolojisinde, sosyal hizmetler alan\u0131nda, hukukta yeni ve h\u00e2l\u00e2 devam eden hararetli tart\u0131\u015fmalar\u0131n fitilini ate\u015fledi. Bir\u00e7ok polisiye filme, romana ve pop\u00fcler diziye ilham kayna\u011f\u0131 oldu. Su\u00e7lunun zihninin kuytu k\u00f6\u015felerine kadar a\u00e7t\u0131\u011f\u0131 pencereyle daha \u00f6nce g\u00f6rmedi\u011fimiz ve bazen g\u00f6rmek istemedi\u011fimiz ger\u00e7eklerin canl\u0131 ve grotesk bir tablosunu sundu. \u2022 Su\u00e7luyu su\u00e7lu yapan toplum mudur, yoksa mizac\u0131 m\u0131d\u0131r? \u2022 Su\u00e7u su\u00e7lu yarat\u0131yor olabilir mi? \u2022 Su\u00e7luyu \u201cg\u00f6z\u00fcnden tan\u0131mak\u201d m\u00fcmk\u00fcn m\u00fc? \u2022 Su\u00e7lu zihniyeti diye bir \u015fey var m\u0131d\u0131r, varsa nedir? \u2022 H\u0131zla de\u011fi\u015fen toplumsal \u015fartlarda su\u00e7 ve su\u00e7lunun tan\u0131m\u0131 nas\u0131l    de\u011fi\u015fiyor, hangi bile\u015fenleri sabit kalmaya devam ediyor? \u2022 Su\u00e7lu gibi d\u00fc\u015f\u00fcnmek, su\u00e7lulardan ve su\u00e7tan korunmam\u0131z\u0131     sa\u011flayabilir mi? \u2022 Su\u00e7u ortadan kald\u0131rmak ve su\u00e7luyu \u201c\u0131slah etmek\u201d ger\u00e7ekten m\u00fcmk\u00fcn m\u00fc? Stanton Samenow\u2019un ev i\u00e7i \u015fiddet, dijital su\u00e7lar ve ter\u00f6rizm gibi g\u00fcncel konular\u0131 da d\u00e2hil ederek 2022 y\u0131l\u0131nda g\u00f6zden ge\u00e7irip geni\u015fletti\u011fi, art\u0131k klasik h\u00e2line gelmi\u015f bu eseri, su\u00e7lunun \u201czihniyetini\u201d ve motivasyonlar\u0131n\u0131 geni\u015f bir su\u00e7 katalo\u011fu ve su\u00e7lu profili \u00fczerinden de\u011ferlendiriyor. Soygunculardan katillere, zimmetine para ge\u00e7irenlerden uyu\u015fturucu ka\u00e7ak\u00e7\u0131lar\u0131na, tecav\u00fczc\u00fclerden ter\u00f6ristlere uzanan geni\u015f bir yelpazede onlarca su\u00e7lunun insan\u0131 hayretler i\u00e7inde b\u0131rakan hik\u00e2yesine yer veriyor ve \u015fu soruyu tekrar soruyor: Su\u00e7 ve su\u00e7lu konusunda ger\u00e7ekleri kabul etmeye haz\u0131r m\u0131y\u0131z?<\/p>\n","protected":false},"excerpt":{"rendered":"<p>Su\u00e7lular Nas\u0131l D\u00fc\u015f\u00fcn\u00fcr? 1984 y\u0131l\u0131nda ilk kez yay\u0131mland\u0131\u011f\u0131nda su\u00e7a ve su\u00e7luya bak\u0131\u015f\u0131m\u0131z\u0131 temelden de\u011fi\u015ftirecek bir devrim ba\u015flatt\u0131. Su\u00e7un kaynaklar\u0131n\u0131 ve \u00e7arelerini \u00e7evreleyen beylik mitleri teker teker<span class=\"excerpt-hellip\"> [\u2026]<\/span><\/p>\n","protected":false},"featured_media":0,"template":"","meta":{"_monsterinsights_skip_tracking":false,"_monsterinsights_sitenote_active":false,"_monsterinsights_sitenote_note":"","_monsterinsights_sitenote_category":0},"product_brand":[],"product_cat":[12357],"product_tag":[],"class_list":{"0":"post-754358","1":"product","2":"type-product","3":"status-publish","5":"product_cat-psikoloji","6":"pa_cilt-ciltsiz","7":"pa_tur-kitap","8":"pa_yayinevi-fol-kitap","9":"pa_yazar-stanton-samenow","11":"first","12":"instock","13":"sale","14":"shipping-taxable","15":"purchasable","16":"product-type-simple"},"_links":{"self":[{"href":"https:\/\/roveyayinevi.com.tr\/index.php\/wp-json\/wp\/v2\/product\/754358","targetHints":{"allow":["GET"]}}],"collection":[{"href":"https:\/\/roveyayinevi.com.tr\/index.php\/wp-json\/wp\/v2\/product"}],"about":[{"href":"https:\/\/roveyayinevi.com.tr\/index.php\/wp-json\/wp\/v2\/types\/product"}],"wp:attachment":[{"href":"https:\/\/roveyayinevi.com.tr\/index.php\/wp-json\/wp\/v2\/media?parent=754358"}],"wp:term":[{"taxonomy":"product_brand","embeddable":true,"href":"https:\/\/roveyayinevi.com.tr\/index.php\/wp-json\/wp\/v2\/product_brand?post=754358"},{"taxonomy":"product_cat","embeddable":true,"href":"https:\/\/roveyayinevi.com.tr\/index.php\/wp-json\/wp\/v2\/product_cat?post=754358"},{"taxonomy":"product_tag","embeddable":true,"href":"https:\/\/roveyayinevi.com.tr\/index.php\/wp-json\/wp\/v2\/product_tag?post=754358"}],"curies":[{"name":"wp","href":"https:\/\/api.w.org\/{rel}","templated":true}]}}