{"id":754348,"date":"2025-08-28T06:08:18","date_gmt":"2025-08-28T03:08:18","guid":{"rendered":"https:\/\/roveyayinevi.com.tr\/index.php\/urun\/gecede-bir-ciglik\/"},"modified":"2026-04-16T03:07:47","modified_gmt":"2026-04-16T00:07:47","slug":"gecede-bir-ciglik","status":"publish","type":"product","link":"https:\/\/roveyayinevi.com.tr\/index.php\/urun\/gecede-bir-ciglik\/","title":{"rendered":"Gecede Bir \u00c7\u0131\u011fl\u0131k"},"content":{"rendered":"<p>Nil\u00fcfer Kuya\u015f, sekiz y\u0131ll\u0131k aran\u0131n ard\u0131ndan gelen roman\u0131 Gecede Bir \u00c7\u0131\u011fl\u0131k\u2019la, erkek \u00f6fkesinin y\u00fczy\u0131llard\u0131r tebelle\u015f oldu\u011fu d\u00fcnyada \u00fc\u00e7 gen\u00e7 kad\u0131na, k\u00e2\u011f\u0131da ve hatta a\u011faca ses oluyor. Rengin, Berrin ve Dil\u00e2r\u00e2. Gen\u00e7li\u011finin ta en ba\u015f\u0131nda, on alt\u0131s\u0131nda, \u00fc\u00e7 gen\u00e7 kad\u0131n. A\u015fktan, umuttan \u00f6tesinde g\u00f6z\u00fc olmayan ve ger\u00e7e\u011fin kekre tad\u0131na erken varan \u00fc\u00e7 d\u00fcnya. 1969 Suadiye\u2019si. Cadde c\u0131v\u0131l c\u0131v\u0131l. Deniz alabildi\u011fine mavi. A\u011fustos g\u00fcne\u015fi tepeden vuruyor iskeleye. \u00dc\u00e7 kafadan t\u00fcrl\u00fc hayaller s\u0131z\u0131yor gelece\u011fe. Ve bu \u00fc\u00e7 kad\u0131n\u0131n hayat \u00e7izgisi o a\u011fustosta \u015fekilleniyor. Ne olacaksa o a\u011fustos ay\u0131nda oluyor. Ku\u015flar yine c\u0131v\u0131ld\u0131yor, \u015fen kad\u0131n kahkahalar\u0131 yine sar\u0131yor sokaklar\u0131. Ama kapal\u0131 kap\u0131lar ard\u0131ndaki eril h\u00fck\u00fcm ve kirli pazarl\u0131klar bitmiyor. Peki bir g\u00fcn bitecek mi? Anlat\u0131 2010 y\u0131l\u0131na ge\u00e7ti\u011finde neler de\u011fi\u015fmi\u015f olacak? K\u0131rk y\u0131l sonra adalet yerini bulacak m\u0131? Bir g\u00fcn gelecek, kad\u0131n \u00f6fkesi d\u00fcnyay\u0131 yakacak.Tek tek de\u011fil, ki\u015fisel de\u011fil.Topyek\u00fbn yakacak d\u00fcnyay\u0131 kad\u0131n \u00f6fkesi.Ben o g\u00fcn\u00fc bekliyorum umutla, sab\u0131rla bekliyorum.Yak\u0131nd\u0131r.<\/p>\n","protected":false},"excerpt":{"rendered":"<p>Nil\u00fcfer Kuya\u015f, sekiz y\u0131ll\u0131k aran\u0131n ard\u0131ndan gelen roman\u0131 Gecede Bir \u00c7\u0131\u011fl\u0131k\u2019la, erkek \u00f6fkesinin y\u00fczy\u0131llard\u0131r tebelle\u015f oldu\u011fu d\u00fcnyada \u00fc\u00e7 gen\u00e7 kad\u0131na, k\u00e2\u011f\u0131da ve hatta a\u011faca ses oluyor.<span class=\"excerpt-hellip\"> [\u2026]<\/span><\/p>\n","protected":false},"featured_media":0,"template":"","meta":{"_monsterinsights_skip_tracking":false,"_monsterinsights_sitenote_active":false,"_monsterinsights_sitenote_note":"","_monsterinsights_sitenote_category":0},"product_brand":[],"product_cat":[12291,12711],"product_tag":[],"class_list":{"0":"post-754348","1":"product","2":"type-product","3":"status-publish","5":"product_cat-edebiyat","6":"product_cat-roman-oyku","7":"pa_cilt-ciltsiz","8":"pa_tur-kitap","9":"pa_yayinevi-kafka-yayinevi","10":"pa_yazar-nilufer-kuyas","12":"first","13":"instock","14":"sale","15":"shipping-taxable","16":"purchasable","17":"product-type-simple"},"_links":{"self":[{"href":"https:\/\/roveyayinevi.com.tr\/index.php\/wp-json\/wp\/v2\/product\/754348","targetHints":{"allow":["GET"]}}],"collection":[{"href":"https:\/\/roveyayinevi.com.tr\/index.php\/wp-json\/wp\/v2\/product"}],"about":[{"href":"https:\/\/roveyayinevi.com.tr\/index.php\/wp-json\/wp\/v2\/types\/product"}],"wp:attachment":[{"href":"https:\/\/roveyayinevi.com.tr\/index.php\/wp-json\/wp\/v2\/media?parent=754348"}],"wp:term":[{"taxonomy":"product_brand","embeddable":true,"href":"https:\/\/roveyayinevi.com.tr\/index.php\/wp-json\/wp\/v2\/product_brand?post=754348"},{"taxonomy":"product_cat","embeddable":true,"href":"https:\/\/roveyayinevi.com.tr\/index.php\/wp-json\/wp\/v2\/product_cat?post=754348"},{"taxonomy":"product_tag","embeddable":true,"href":"https:\/\/roveyayinevi.com.tr\/index.php\/wp-json\/wp\/v2\/product_tag?post=754348"}],"curies":[{"name":"wp","href":"https:\/\/api.w.org\/{rel}","templated":true}]}}