{"id":754347,"date":"2025-08-28T06:08:17","date_gmt":"2025-08-28T03:08:17","guid":{"rendered":"https:\/\/roveyayinevi.com.tr\/index.php\/urun\/katledilen-alevilik\/"},"modified":"2026-04-16T03:07:47","modified_gmt":"2026-04-16T00:07:47","slug":"katledilen-alevilik","status":"publish","type":"product","link":"https:\/\/roveyayinevi.com.tr\/index.php\/urun\/katledilen-alevilik\/","title":{"rendered":"Katledilen Alevilik"},"content":{"rendered":"<p>1964 y\u0131l\u0131nda Sivas Divri\u011fi G\u00f6k\u00e7ebel k\u00f6y\u00fcnde do\u011fan Piri ER, Hacettepe \u00dcniversitesi, Edebiyat Fak\u00fcltesi, T\u00fcrk Dili ve Edebiyat\u0131 B\u00f6l\u00fcm\u00fc, Halkbilim Anabilim Dal\u0131ndan 1988 y\u0131l\u0131nda mezun olmu\u015ftur.1988 y\u0131l\u0131nda K\u00fclt\u00fcr Bakanl\u0131\u011f\u0131 Milli Folklor Ara\u015ft\u0131rma Dairesi Ba\u015fkanl\u0131\u011f\u0131\u2019nda Folklor Ara\u015ft\u0131rmac\u0131s\u0131 olarak \u00e7al\u0131\u015fmaya ba\u015flam\u0131\u015f, 2003 y\u0131l\u0131nda Halk K\u00fclt\u00fcrlerini Ara\u015ft\u0131rma ve Geli\u015ftirme Genel M\u00fcd\u00fcrl\u00fc\u011f\u00fc\u2019nde Gelenek G\u00f6renek \u0130nan\u00e7lar \u015eube M\u00fcd\u00fcr\u00fc olmu\u015ftur. 32 y\u0131ll\u0131k \u00e7al\u0131\u015fma ya\u015fam\u0131n\u0131 2021 y\u0131l\u0131nda emekli olarak tamamlam\u0131\u015ft\u0131r.Anadolu Alevili\u011finin geleneksel boyutu \u00fczerinde a\u011f\u0131rl\u0131kl\u0131 olarak \u00e7al\u0131\u015fmalar\u0131n\u0131 y\u00fcr\u00fcten yazar\u0131n bu konuda yay\u0131mlanm\u0131\u015f makale ve bildirileri yan\u0131nda \u00fc\u00e7 de kitab\u0131 bulunmaktad\u0131r.<\/p>\n","protected":false},"excerpt":{"rendered":"<p>1964 y\u0131l\u0131nda Sivas Divri\u011fi G\u00f6k\u00e7ebel k\u00f6y\u00fcnde do\u011fan Piri ER, Hacettepe \u00dcniversitesi, Edebiyat Fak\u00fcltesi, T\u00fcrk Dili ve Edebiyat\u0131 B\u00f6l\u00fcm\u00fc, Halkbilim Anabilim Dal\u0131ndan 1988 y\u0131l\u0131nda mezun olmu\u015ftur.1988 y\u0131l\u0131nda<span class=\"excerpt-hellip\"> [\u2026]<\/span><\/p>\n","protected":false},"featured_media":0,"template":"","meta":{"_monsterinsights_skip_tracking":false,"_monsterinsights_sitenote_active":false,"_monsterinsights_sitenote_note":"","_monsterinsights_sitenote_category":0},"product_brand":[],"product_cat":[13575,12718,12719],"product_tag":[],"class_list":{"0":"post-754347","1":"product","2":"type-product","3":"status-publish","5":"product_cat-alevilik-bektasilik","6":"product_cat-din","7":"product_cat-islam","8":"pa_cilt-ciltsiz","9":"pa_tur-kitap","10":"pa_yayinevi-baris-kitap","11":"pa_yazar-piri-er","13":"first","14":"instock","15":"sale","16":"shipping-taxable","17":"purchasable","18":"product-type-simple"},"_links":{"self":[{"href":"https:\/\/roveyayinevi.com.tr\/index.php\/wp-json\/wp\/v2\/product\/754347","targetHints":{"allow":["GET"]}}],"collection":[{"href":"https:\/\/roveyayinevi.com.tr\/index.php\/wp-json\/wp\/v2\/product"}],"about":[{"href":"https:\/\/roveyayinevi.com.tr\/index.php\/wp-json\/wp\/v2\/types\/product"}],"wp:attachment":[{"href":"https:\/\/roveyayinevi.com.tr\/index.php\/wp-json\/wp\/v2\/media?parent=754347"}],"wp:term":[{"taxonomy":"product_brand","embeddable":true,"href":"https:\/\/roveyayinevi.com.tr\/index.php\/wp-json\/wp\/v2\/product_brand?post=754347"},{"taxonomy":"product_cat","embeddable":true,"href":"https:\/\/roveyayinevi.com.tr\/index.php\/wp-json\/wp\/v2\/product_cat?post=754347"},{"taxonomy":"product_tag","embeddable":true,"href":"https:\/\/roveyayinevi.com.tr\/index.php\/wp-json\/wp\/v2\/product_tag?post=754347"}],"curies":[{"name":"wp","href":"https:\/\/api.w.org\/{rel}","templated":true}]}}