{"id":754344,"date":"2025-08-28T06:08:12","date_gmt":"2025-08-28T03:08:12","guid":{"rendered":"https:\/\/roveyayinevi.com.tr\/index.php\/urun\/kurani-kuranla-anlamak\/"},"modified":"2026-04-16T03:07:47","modified_gmt":"2026-04-16T00:07:47","slug":"kurani-kuranla-anlamak","status":"publish","type":"product","link":"https:\/\/roveyayinevi.com.tr\/index.php\/urun\/kurani-kuranla-anlamak\/","title":{"rendered":"Kur&#8217;an&#8217;\u0131 Kur&#8217;an&#8217;la Anlamak"},"content":{"rendered":"<p>Hz.\u00d6mer, toplumda ba\u015f g\u00f6steren ayr\u0131l\u0131klar,ayr\u0131\u015fmalar,husumetler \u00fczerine, &#8220;Bu \u00fcmmetin k\u0131blesi,kitab\u0131,dini bir oldu\u011fu halde niye ihtilaf ediyorlar?&#8221; diye bir serzeni\u015fte bulunmu\u015f ve ilmine g\u00fcvendi\u011fi \u0130bn-i Abbas&#8217;a g\u00f6r\u00fc\u015flerini sormu\u015ftu!..\u015e\u00f6yle cevap vermi\u015fti Abbas: &#8220;Bizler Kur&#8217;an ayetlerinin kimin hakk\u0131nda, nerede ve ne sebeple nazil oldu\u011funu biliyorduk ama \u015fimdikiler bilmiyorlar! Dolay\u0131s\u0131yla herkes onlardan kendine g\u00f6re bir mana \u00e7\u0131kar\u0131yor.E\u011fer bilselerdi ihtilaf etmezlerdi.&#8221;<\/p>\n","protected":false},"excerpt":{"rendered":"<p>Hz.\u00d6mer, toplumda ba\u015f g\u00f6steren ayr\u0131l\u0131klar,ayr\u0131\u015fmalar,husumetler \u00fczerine, &#8220;Bu \u00fcmmetin k\u0131blesi,kitab\u0131,dini bir oldu\u011fu halde niye ihtilaf ediyorlar?&#8221; diye bir serzeni\u015fte bulunmu\u015f ve ilmine g\u00fcvendi\u011fi \u0130bn-i Abbas&#8217;a g\u00f6r\u00fc\u015flerini sormu\u015ftu!..\u015e\u00f6yle<span class=\"excerpt-hellip\"> [\u2026]<\/span><\/p>\n","protected":false},"featured_media":0,"template":"","meta":{"_monsterinsights_skip_tracking":false,"_monsterinsights_sitenote_active":false,"_monsterinsights_sitenote_note":"","_monsterinsights_sitenote_category":0},"product_brand":[],"product_cat":[12718,12719,17284],"product_tag":[],"class_list":{"0":"post-754344","1":"product","2":"type-product","3":"status-publish","5":"product_cat-din","6":"product_cat-islam","7":"product_cat-kuran-ve-kuran-uzerine","8":"pa_cilt-ciltsiz","9":"pa_tur-kitap","10":"pa_yayinevi-baris-kitap","11":"pa_yazar-saban-simsek","13":"first","14":"instock","15":"sale","16":"shipping-taxable","17":"purchasable","18":"product-type-simple"},"_links":{"self":[{"href":"https:\/\/roveyayinevi.com.tr\/index.php\/wp-json\/wp\/v2\/product\/754344","targetHints":{"allow":["GET"]}}],"collection":[{"href":"https:\/\/roveyayinevi.com.tr\/index.php\/wp-json\/wp\/v2\/product"}],"about":[{"href":"https:\/\/roveyayinevi.com.tr\/index.php\/wp-json\/wp\/v2\/types\/product"}],"wp:attachment":[{"href":"https:\/\/roveyayinevi.com.tr\/index.php\/wp-json\/wp\/v2\/media?parent=754344"}],"wp:term":[{"taxonomy":"product_brand","embeddable":true,"href":"https:\/\/roveyayinevi.com.tr\/index.php\/wp-json\/wp\/v2\/product_brand?post=754344"},{"taxonomy":"product_cat","embeddable":true,"href":"https:\/\/roveyayinevi.com.tr\/index.php\/wp-json\/wp\/v2\/product_cat?post=754344"},{"taxonomy":"product_tag","embeddable":true,"href":"https:\/\/roveyayinevi.com.tr\/index.php\/wp-json\/wp\/v2\/product_tag?post=754344"}],"curies":[{"name":"wp","href":"https:\/\/api.w.org\/{rel}","templated":true}]}}