{"id":754337,"date":"2025-08-28T06:08:04","date_gmt":"2025-08-28T03:08:04","guid":{"rendered":"https:\/\/roveyayinevi.com.tr\/index.php\/urun\/beylikten-imparatorluga-osmanli-1326-1699\/"},"modified":"2026-04-16T03:07:47","modified_gmt":"2026-04-16T00:07:47","slug":"beylikten-imparatorluga-osmanli-1326-1699","status":"publish","type":"product","link":"https:\/\/roveyayinevi.com.tr\/index.php\/urun\/beylikten-imparatorluga-osmanli-1326-1699\/","title":{"rendered":"Beylikten \u0130mparatorlu\u011fa Osmanl\u0131 1326-1699"},"content":{"rendered":"<p>Bir yanda Bizans \u0130mparatorlu\u011fu di\u011fer yanda Mo\u011fol bask\u0131s\u0131 aras\u0131nda varl\u0131\u011f\u0131n\u0131 devam ettirmeye \u00e7al\u0131\u015fan beylikler ve bu beylikler aras\u0131ndaki rekabetten do\u011facak 600 y\u0131ll\u0131k bir imparatorluk\u2026 K\u00fc\u00e7\u00fck bir beyli\u011fi siyasi, asker\u00ee ve toplumsal stratejilerle b\u00fcy\u00fcten Osmanl\u0131 sultanlar\u0131 d\u00fcnya tarihine y\u00f6n veren ba\u015fat akt\u00f6rler aras\u0131nda yer ald\u0131. Osman Bey\u2019in r\u00fcyas\u0131 Viyana kap\u0131lar\u0131na kadar uzand\u0131. Kanuni Sultan S\u00fcleyman\u2019la geni\u015f bir co\u011frafyaya yay\u0131lan imparatorluk, 1699 Karlof\u00e7a Antla\u015fmas\u0131\u2019yla tarihin ba\u015fka bir sayfas\u0131na ge\u00e7ti. Stephen Turnbull, Osmanl\u0131 beyli\u011finin kurulu\u015fundan 1699 Karlof\u00e7a Antla\u015fmas\u0131\u2019na kadar ya\u015fanan sava\u015flar\u0131, Osmanl\u0131 asker\u00ee yap\u0131s\u0131n\u0131 ve fetihlerin sosyok\u00fclt\u00fcrel etkilerini \u00f6zl\u00fc bir \u015fekilde anlat\u0131yor. Osmanl\u0131 tarihini k\u0131saca \u00f6\u011frenmek isteyen herkes i\u00e7in temel niteli\u011finde olan bu kitap, beylikten imparatorlu\u011fa ge\u00e7i\u015fte ya\u015fanan t\u00fcm d\u00f6n\u00fcm noktalar\u0131n\u0131 ele al\u0131yor.<\/p>\n","protected":false},"excerpt":{"rendered":"<p>Bir yanda Bizans \u0130mparatorlu\u011fu di\u011fer yanda Mo\u011fol bask\u0131s\u0131 aras\u0131nda varl\u0131\u011f\u0131n\u0131 devam ettirmeye \u00e7al\u0131\u015fan beylikler ve bu beylikler aras\u0131ndaki rekabetten do\u011facak 600 y\u0131ll\u0131k bir imparatorluk\u2026 K\u00fc\u00e7\u00fck bir<span class=\"excerpt-hellip\"> [\u2026]<\/span><\/p>\n","protected":false},"featured_media":0,"template":"","meta":{"_monsterinsights_skip_tracking":false,"_monsterinsights_sitenote_active":false,"_monsterinsights_sitenote_note":"","_monsterinsights_sitenote_category":0},"product_brand":[],"product_cat":[12304],"product_tag":[],"class_list":{"0":"post-754337","1":"product","2":"type-product","3":"status-publish","5":"product_cat-tarih","6":"pa_cilt-ciltsiz","7":"pa_tur-kitap","8":"pa_yayinevi-fol-kitap","9":"pa_yazar-stephen-turnbull","11":"first","12":"instock","13":"sale","14":"shipping-taxable","15":"purchasable","16":"product-type-simple"},"_links":{"self":[{"href":"https:\/\/roveyayinevi.com.tr\/index.php\/wp-json\/wp\/v2\/product\/754337","targetHints":{"allow":["GET"]}}],"collection":[{"href":"https:\/\/roveyayinevi.com.tr\/index.php\/wp-json\/wp\/v2\/product"}],"about":[{"href":"https:\/\/roveyayinevi.com.tr\/index.php\/wp-json\/wp\/v2\/types\/product"}],"wp:attachment":[{"href":"https:\/\/roveyayinevi.com.tr\/index.php\/wp-json\/wp\/v2\/media?parent=754337"}],"wp:term":[{"taxonomy":"product_brand","embeddable":true,"href":"https:\/\/roveyayinevi.com.tr\/index.php\/wp-json\/wp\/v2\/product_brand?post=754337"},{"taxonomy":"product_cat","embeddable":true,"href":"https:\/\/roveyayinevi.com.tr\/index.php\/wp-json\/wp\/v2\/product_cat?post=754337"},{"taxonomy":"product_tag","embeddable":true,"href":"https:\/\/roveyayinevi.com.tr\/index.php\/wp-json\/wp\/v2\/product_tag?post=754337"}],"curies":[{"name":"wp","href":"https:\/\/api.w.org\/{rel}","templated":true}]}}