{"id":754327,"date":"2025-08-28T06:07:51","date_gmt":"2025-08-28T03:07:51","guid":{"rendered":"https:\/\/roveyayinevi.com.tr\/index.php\/urun\/tarot-oracle\/"},"modified":"2026-02-03T03:21:28","modified_gmt":"2026-02-03T00:21:28","slug":"tarot-oracle","status":"publish","type":"product","link":"https:\/\/roveyayinevi.com.tr\/index.php\/urun\/tarot-oracle\/","title":{"rendered":"Tarot Oracle"},"content":{"rendered":"<p>Herkes hayal etti\u011fi hayat\u0131 ya\u015fayabilir\u2026Evet \u00e7ok iddial\u0131. Evren bize baz\u0131 mesajlar yollar, peki biz bunlar\u0131 nas\u0131l g\u00f6r\u00fcr\u00fcz? Bazen bir \u015fey d\u00fc\u015f\u00fcn\u00fcrs\u00fcn\u00fcz ve onunla ilgili bir cevap \u00e7\u0131kar ya kar\u015f\u0131n\u0131za. \u0130\u015fte o tesad\u00fcf de\u011fildir.O fenerdir, rehberdir.Peki neden o fener her zaman elinizin alt\u0131nda olmas\u0131n?Her ihtiyac\u0131 oldu\u011funda dan\u0131\u015f\u0131lacak g\u00fcvenilir bir dostu kim istemez? Tarot, kadim d\u00f6nemlerden beri yorumcusunun hisleri ile birlikte, krallara, krali\u00e7elere, devlet b\u00fcy\u00fcklerine ve kimbilir daha kimlere \u0131\u015f\u0131k oldu, rehber oldu. 78 kart\u0131n her biri de\u011ferli Sezen \u00c7a\u011fl\u0131\u2019n\u0131n \u00e7ok \u00f6zel \u00e7al\u0131\u015fmas\u0131d\u0131r. Tarotun ana anlam\u0131na ba\u011fl\u0131 kalmaya \u00e7al\u0131\u015farak haz\u0131rlad\u0131\u011f\u0131m\u0131z desteyi, a\u00e7\u0131l\u0131mlar\u0131n\u0131zda enerjiyi tam hissedebilmeniz i\u00e7in ana anlamlar\u0131na g\u00f6re enerji kodlamalar\u0131yla haz\u0131rlad\u0131m.78 kart\u0131 ezberlemeden yorumlaman\u0131n keyfini \u00e7\u0131karacaks\u0131n\u0131z. Tarot\u2019un \u0131\u015f\u0131\u011f\u0131n\u0131n her zaman yolunuzu ayd\u0131nlatmas\u0131 dile\u011fiyle  <\/p>\n","protected":false},"excerpt":{"rendered":"<p>Herkes hayal etti\u011fi hayat\u0131 ya\u015fayabilir\u2026Evet \u00e7ok iddial\u0131. Evren bize baz\u0131 mesajlar yollar, peki biz bunlar\u0131 nas\u0131l g\u00f6r\u00fcr\u00fcz? Bazen bir \u015fey d\u00fc\u015f\u00fcn\u00fcrs\u00fcn\u00fcz ve onunla ilgili bir cevap<span class=\"excerpt-hellip\"> [\u2026]<\/span><\/p>\n","protected":false},"featured_media":0,"template":"","meta":{"_monsterinsights_skip_tracking":false,"_monsterinsights_sitenote_active":false,"_monsterinsights_sitenote_note":"","_monsterinsights_sitenote_category":0},"product_brand":[],"product_cat":[19840,12364],"product_tag":[],"class_list":{"0":"post-754327","1":"product","2":"type-product","3":"status-publish","5":"product_cat-astroloji","6":"product_cat-genel-konular","7":"pa_cilt-ciltsiz","8":"pa_tur-kitap","9":"pa_yayinevi-epsilon-yayinlari","10":"pa_yazar-rezzan-ogul-yildiz","12":"first","13":"instock","14":"sale","15":"shipping-taxable","16":"purchasable","17":"product-type-simple"},"_links":{"self":[{"href":"https:\/\/roveyayinevi.com.tr\/index.php\/wp-json\/wp\/v2\/product\/754327","targetHints":{"allow":["GET"]}}],"collection":[{"href":"https:\/\/roveyayinevi.com.tr\/index.php\/wp-json\/wp\/v2\/product"}],"about":[{"href":"https:\/\/roveyayinevi.com.tr\/index.php\/wp-json\/wp\/v2\/types\/product"}],"wp:attachment":[{"href":"https:\/\/roveyayinevi.com.tr\/index.php\/wp-json\/wp\/v2\/media?parent=754327"}],"wp:term":[{"taxonomy":"product_brand","embeddable":true,"href":"https:\/\/roveyayinevi.com.tr\/index.php\/wp-json\/wp\/v2\/product_brand?post=754327"},{"taxonomy":"product_cat","embeddable":true,"href":"https:\/\/roveyayinevi.com.tr\/index.php\/wp-json\/wp\/v2\/product_cat?post=754327"},{"taxonomy":"product_tag","embeddable":true,"href":"https:\/\/roveyayinevi.com.tr\/index.php\/wp-json\/wp\/v2\/product_tag?post=754327"}],"curies":[{"name":"wp","href":"https:\/\/api.w.org\/{rel}","templated":true}]}}