{"id":754323,"date":"2025-08-28T06:07:46","date_gmt":"2025-08-28T03:07:46","guid":{"rendered":"https:\/\/roveyayinevi.com.tr\/index.php\/urun\/10-usta-kalem-siirler\/"},"modified":"2026-04-16T03:07:47","modified_gmt":"2026-04-16T00:07:47","slug":"10-usta-kalem-siirler","status":"publish","type":"product","link":"https:\/\/roveyayinevi.com.tr\/index.php\/urun\/10-usta-kalem-siirler\/","title":{"rendered":"10 Usta Kalem \u015eiirler"},"content":{"rendered":"<p>Evet, cana sevgi katanlar derken o e\u015fsiz duygular\u0131 g\u00f6n\u00fcl kayna\u011f\u0131ndan dile getiren k\u00fclt\u00fcr\u00fcn yeg\u00e2ne temsilcileri olan \u015fairlerimizden bahsetti\u011fim t\u00fcm okuyuculara a\u015fik\u00e2r olmu\u015ftur. S\u00f6zleriyle umuda yolculuk yapan m\u0131sralar\u0131 bir tespih misali hassasiyetle d\u00f6rtl\u00fcklere ta\u015f\u0131yan o d\u00f6rtl\u00fcklere temas\u0131na uygun s\u0131ralay\u0131p \u015fiir eyleyen bu sanat\u0131n temsilcilerini alk\u0131\u015fl\u0131yorum. Ahmet Yesevi\u2019den bu yana nice \u00fcstatlar\u0131n gelip ge\u00e7ti\u011fi bu co\u011frafyada g\u00f6nl\u00fcm\u00fczde iz b\u0131rakan birbirinden k\u0131ymetli eserleri okuduk\u00e7a mutlu olmamak elde de\u011fildir. Gelecek ku\u015faklara aktar\u0131lan her g\u00fczel s\u00f6z bir \u015fairden kalan en b\u00fcy\u00fck hazinedir. Bazen K\u00f6ro\u011flu na\u011fmeleriyle co\u015far y\u00fcre\u011fimiz bazen mehter ile tutu\u015fup yanar kan\u0131m\u0131z bazen istiklal mar\u015f\u0131yla inletiriz ar\u015f\u0131 bazen bir bayrak \u015fiiriyle \u00e7ekiliriz g\u00f6klere i\u015fte budur ebedi aleme intikal eden ustalardan bize kalan en g\u00fczel miras. Anadolu insan\u0131n\u0131n hamurunda vard\u0131r edebiyata edebe biat etmek. \u00dcmmi analar\u0131m\u0131z\u0131n do\u011fa\u00e7lama s\u00f6yledi\u011fi a\u011f\u0131tlar g\u00fcn\u00fcm\u00fczde hala dinledik\u00e7e y\u00fcre\u011fimize h\u00fcz\u00fcn katmakta g\u00f6z\u00fcm\u00fczden ya\u015f olup akmakta daha saymakla bitmeyen ne g\u00fczellikler vard\u0131r bu cennet vatanda. Bu duygular i\u00e7inde bu k\u00fclt\u00fcr\u00fcn son temsilcileri her zaman ki\u015filiklerine y\u00fcreklerine kalemlerine sayg\u0131 duydu\u011fum Murat Erciyas ve \u015eenol \u015eener karde\u015flerimin \u00f6zveriyle haz\u0131rlad\u0131klar\u0131 10 Usta Kalem adl\u0131 antolojisinin hay\u0131rl\u0131 olmas\u0131n\u0131 temenni ediyorum. Ayr\u0131ca \u015fiirleriyle bu esere kat\u0131lan t\u00fcm \u00fcstatlara te\u015fekk\u00fcr ediyorum. Okuyucusu bol olsun dileklerimle, sayg\u0131lar sunuyorum.   Do\u011fan SUNGUR Do\u011fankent Belediye Ba\u015fkan\u0131 <\/p>\n","protected":false},"excerpt":{"rendered":"<p>Evet, cana sevgi katanlar derken o e\u015fsiz duygular\u0131 g\u00f6n\u00fcl kayna\u011f\u0131ndan dile getiren k\u00fclt\u00fcr\u00fcn yeg\u00e2ne temsilcileri olan \u015fairlerimizden bahsetti\u011fim t\u00fcm okuyuculara a\u015fik\u00e2r olmu\u015ftur. S\u00f6zleriyle umuda yolculuk yapan<span class=\"excerpt-hellip\"> [\u2026]<\/span><\/p>\n","protected":false},"featured_media":0,"template":"","meta":{"_monsterinsights_skip_tracking":false,"_monsterinsights_sitenote_active":false,"_monsterinsights_sitenote_note":"","_monsterinsights_sitenote_category":0},"product_brand":[],"product_cat":[14060,12291],"product_tag":[],"class_list":{"0":"post-754323","1":"product","2":"type-product","3":"status-publish","5":"product_cat-antoloji","6":"product_cat-edebiyat","7":"pa_cilt-ciltsiz","8":"pa_tur-kitap","9":"pa_yayinevi-gulnar-yayinlari","10":"pa_yazar-kolektif","12":"first","13":"instock","14":"sale","15":"shipping-taxable","16":"purchasable","17":"product-type-simple"},"_links":{"self":[{"href":"https:\/\/roveyayinevi.com.tr\/index.php\/wp-json\/wp\/v2\/product\/754323","targetHints":{"allow":["GET"]}}],"collection":[{"href":"https:\/\/roveyayinevi.com.tr\/index.php\/wp-json\/wp\/v2\/product"}],"about":[{"href":"https:\/\/roveyayinevi.com.tr\/index.php\/wp-json\/wp\/v2\/types\/product"}],"wp:attachment":[{"href":"https:\/\/roveyayinevi.com.tr\/index.php\/wp-json\/wp\/v2\/media?parent=754323"}],"wp:term":[{"taxonomy":"product_brand","embeddable":true,"href":"https:\/\/roveyayinevi.com.tr\/index.php\/wp-json\/wp\/v2\/product_brand?post=754323"},{"taxonomy":"product_cat","embeddable":true,"href":"https:\/\/roveyayinevi.com.tr\/index.php\/wp-json\/wp\/v2\/product_cat?post=754323"},{"taxonomy":"product_tag","embeddable":true,"href":"https:\/\/roveyayinevi.com.tr\/index.php\/wp-json\/wp\/v2\/product_tag?post=754323"}],"curies":[{"name":"wp","href":"https:\/\/api.w.org\/{rel}","templated":true}]}}