{"id":754319,"date":"2025-08-28T06:07:40","date_gmt":"2025-08-28T03:07:40","guid":{"rendered":"https:\/\/roveyayinevi.com.tr\/index.php\/urun\/seytanin-turedigi-ulke-2\/"},"modified":"2026-04-16T03:07:46","modified_gmt":"2026-04-16T00:07:46","slug":"seytanin-turedigi-ulke-2","status":"publish","type":"product","link":"https:\/\/roveyayinevi.com.tr\/index.php\/urun\/seytanin-turedigi-ulke-2\/","title":{"rendered":"\u015eeytan\u0131n T\u00fcredi\u011fi \u00dclke 2"},"content":{"rendered":"<p>Okurken sizi i\u00e7ine \u00e7ekecek, son y\u0131llarda yaz\u0131lm\u0131\u015f en iddial\u0131 kitaplardan bir tanesi&#8230;   Gelece\u011fe dair t\u00fcylerinizi diken diken edecek bilgilerle donat\u0131lm\u0131\u015f, e\u015fi benzeri olmayan bir eser. Deh\u015fete d\u00fc\u015f\u00fcrecek ara\u015ft\u0131rma sonu\u00e7lar\u0131.   Ne demek istedi\u011fimizi bu kitab\u0131 okudu\u011funuzda anlayacaks\u0131n\u0131z.   S\u0131n\u0131rlar\u0131n\u0131z\u0131 zorlayacak muhte\u015fem bir eser. <\/p>\n","protected":false},"excerpt":{"rendered":"<p>Okurken sizi i\u00e7ine \u00e7ekecek, son y\u0131llarda yaz\u0131lm\u0131\u015f en iddial\u0131 kitaplardan bir tanesi&#8230; Gelece\u011fe dair t\u00fcylerinizi diken diken edecek bilgilerle donat\u0131lm\u0131\u015f, e\u015fi benzeri olmayan bir eser. Deh\u015fete<span class=\"excerpt-hellip\"> [\u2026]<\/span><\/p>\n","protected":false},"featured_media":0,"template":"","meta":{"_monsterinsights_skip_tracking":false,"_monsterinsights_sitenote_active":false,"_monsterinsights_sitenote_note":"","_monsterinsights_sitenote_category":0},"product_brand":[],"product_cat":[12777,12291],"product_tag":[],"class_list":{"0":"post-754319","1":"product","2":"type-product","3":"status-publish","5":"product_cat-deneme","6":"product_cat-edebiyat","7":"pa_cilt-ciltsiz","8":"pa_tur-kitap","9":"pa_yayinevi-doksan-dokuz-yayinlari","10":"pa_yazar-remzi-ozkan","12":"first","13":"instock","14":"sale","15":"shipping-taxable","16":"purchasable","17":"product-type-simple"},"_links":{"self":[{"href":"https:\/\/roveyayinevi.com.tr\/index.php\/wp-json\/wp\/v2\/product\/754319","targetHints":{"allow":["GET"]}}],"collection":[{"href":"https:\/\/roveyayinevi.com.tr\/index.php\/wp-json\/wp\/v2\/product"}],"about":[{"href":"https:\/\/roveyayinevi.com.tr\/index.php\/wp-json\/wp\/v2\/types\/product"}],"wp:attachment":[{"href":"https:\/\/roveyayinevi.com.tr\/index.php\/wp-json\/wp\/v2\/media?parent=754319"}],"wp:term":[{"taxonomy":"product_brand","embeddable":true,"href":"https:\/\/roveyayinevi.com.tr\/index.php\/wp-json\/wp\/v2\/product_brand?post=754319"},{"taxonomy":"product_cat","embeddable":true,"href":"https:\/\/roveyayinevi.com.tr\/index.php\/wp-json\/wp\/v2\/product_cat?post=754319"},{"taxonomy":"product_tag","embeddable":true,"href":"https:\/\/roveyayinevi.com.tr\/index.php\/wp-json\/wp\/v2\/product_tag?post=754319"}],"curies":[{"name":"wp","href":"https:\/\/api.w.org\/{rel}","templated":true}]}}