{"id":754299,"date":"2025-08-28T06:07:10","date_gmt":"2025-08-28T03:07:10","guid":{"rendered":"https:\/\/roveyayinevi.com.tr\/index.php\/urun\/orenda\/"},"modified":"2026-04-16T03:07:46","modified_gmt":"2026-04-16T00:07:46","slug":"orenda","status":"publish","type":"product","link":"https:\/\/roveyayinevi.com.tr\/index.php\/urun\/orenda\/","title":{"rendered":"Orenda"},"content":{"rendered":"<p>\u201cBa\u015f\u0131n\u0131z\u0131 g\u00f6ky\u00fcz\u00fcne kald\u0131rd\u0131\u011f\u0131n\u0131zda ne g\u00f6r\u00fcyorsunuz? Derin bir sonsuzluk mu? Peki bu sonsuzlu\u011fun \u00f6tesinde nelerin olabilece\u011fini hi\u00e7 merak etmi\u015f miydiniz? G\u00f6\u011f\u00fcn en derinlerine ula\u015ft\u0131\u011f\u0131m\u0131z zaman vard\u0131\u011f\u0131m\u0131z yer nas\u0131l bir yer olabilir?\u201d   Ali k\u0131rkl\u0131 ya\u015flarda, NASA&#8217;da \u00e7al\u0131\u015fan ba\u015far\u0131l\u0131 bir astronottur. S\u0131cac\u0131k ailesi ve kuvvetli dostluk ba\u011flar\u0131yla ba\u015far\u0131dan ba\u015far\u0131ya ko\u015farken, son g\u00f6revi g\u00f6\u011f\u00fcn en b\u00fcy\u00fck gizemini ta\u015f\u0131yan bir kara deli\u011fin yak\u0131ndan foto\u011fraf\u0131n\u0131n \u00e7ekilmesidir ancak bu g\u00f6rev tehlikeler ve imk\u00e2ns\u0131zl\u0131klarla doludur. Peki imk\u00e2ns\u0131z olan \u015feyler ger\u00e7ekten imk\u00e2ns\u0131z m\u0131d\u0131r? Ali&#8217;nin hik\u00e2yesi evrenin en derin noktalar\u0131n\u0131 i\u00e7inde bar\u0131nd\u0131ran, ayn\u0131 zamanda en \u00e7ok gizemi ta\u015f\u0131yan kara deliklerin i\u00e7inde bamba\u015fka bir evrene kap\u0131 a\u00e7\u0131yor. Ate\u015f, su, hava ve topra\u011fa h\u00fckmedebilen insanlar, b\u00fcy\u00fcl\u00fc bitkiler ve g\u00fc\u00e7l\u00fc yarat\u0131klarla dolu yok olmak \u00fczere olan bir d\u00fcnyada hapsolan Ali, ailesine yeniden kavu\u015fabilecek mi?<\/p>\n","protected":false},"excerpt":{"rendered":"<p>\u201cBa\u015f\u0131n\u0131z\u0131 g\u00f6ky\u00fcz\u00fcne kald\u0131rd\u0131\u011f\u0131n\u0131zda ne g\u00f6r\u00fcyorsunuz? Derin bir sonsuzluk mu? Peki bu sonsuzlu\u011fun \u00f6tesinde nelerin olabilece\u011fini hi\u00e7 merak etmi\u015f miydiniz? G\u00f6\u011f\u00fcn en derinlerine ula\u015ft\u0131\u011f\u0131m\u0131z zaman vard\u0131\u011f\u0131m\u0131z yer<span class=\"excerpt-hellip\"> [\u2026]<\/span><\/p>\n","protected":false},"featured_media":0,"template":"","meta":{"_monsterinsights_skip_tracking":false,"_monsterinsights_sitenote_active":false,"_monsterinsights_sitenote_note":"","_monsterinsights_sitenote_category":0},"product_brand":[],"product_cat":[12540,12291],"product_tag":[],"class_list":{"0":"post-754299","1":"product","2":"type-product","3":"status-publish","5":"product_cat-bilim-kurgu","6":"product_cat-edebiyat","7":"pa_cilt-ciltsiz","8":"pa_tur-kitap","9":"pa_yayinevi-elpis-yayinlari","10":"pa_yazar-asude-pir","12":"first","13":"instock","14":"sale","15":"shipping-taxable","16":"purchasable","17":"product-type-simple"},"_links":{"self":[{"href":"https:\/\/roveyayinevi.com.tr\/index.php\/wp-json\/wp\/v2\/product\/754299","targetHints":{"allow":["GET"]}}],"collection":[{"href":"https:\/\/roveyayinevi.com.tr\/index.php\/wp-json\/wp\/v2\/product"}],"about":[{"href":"https:\/\/roveyayinevi.com.tr\/index.php\/wp-json\/wp\/v2\/types\/product"}],"wp:attachment":[{"href":"https:\/\/roveyayinevi.com.tr\/index.php\/wp-json\/wp\/v2\/media?parent=754299"}],"wp:term":[{"taxonomy":"product_brand","embeddable":true,"href":"https:\/\/roveyayinevi.com.tr\/index.php\/wp-json\/wp\/v2\/product_brand?post=754299"},{"taxonomy":"product_cat","embeddable":true,"href":"https:\/\/roveyayinevi.com.tr\/index.php\/wp-json\/wp\/v2\/product_cat?post=754299"},{"taxonomy":"product_tag","embeddable":true,"href":"https:\/\/roveyayinevi.com.tr\/index.php\/wp-json\/wp\/v2\/product_tag?post=754299"}],"curies":[{"name":"wp","href":"https:\/\/api.w.org\/{rel}","templated":true}]}}