{"id":754284,"date":"2025-08-28T06:06:44","date_gmt":"2025-08-28T03:06:44","guid":{"rendered":"https:\/\/roveyayinevi.com.tr\/index.php\/urun\/kisa-avusturya-tarihi\/"},"modified":"2026-04-16T03:07:46","modified_gmt":"2026-04-16T00:07:46","slug":"kisa-avusturya-tarihi","status":"publish","type":"product","link":"https:\/\/roveyayinevi.com.tr\/index.php\/urun\/kisa-avusturya-tarihi\/","title":{"rendered":"K\u0131sa Avusturya Tarihi"},"content":{"rendered":"<p>AVRUPA\u2019NIN KALB\u0130NE YOLCULUK   Kronik Kitap \u00dclkeler Tarihi Dizisi; Japonya, \u00c7in ve Fransa&#8217;n\u0131n ard\u0131ndan Avusturya ile devam ediyor.   \u201c\u2026 Steven Beller\u2019\u0131n Avusturya\u2019n\u0131n izini \u0130svi\u00e7re\u2019deki belli belirsiz k\u00f6klerinden ba\u015flay\u0131p g\u00fcn\u00fcm\u00fcze kadar s\u00fcrmesi ve bunu da bu kadar k\u0131sa bir sayfada dolu dolu anlatmas\u0131 takdire \u015fayan.\u201d \u2013 Jutta A. Helm, Bat\u0131 Illinois \u00dcniversitesi   **** Habsburglar\u0131n kalbi, klasik m\u00fczi\u011fin merkezi, Avusturya\u2026 Nefes kesici Alp manzaralar\u0131ndan Viyana\u2019n\u0131n imparatorluk ihti\u015fam\u0131na kadar Avusturya, Avrupa tarihinin gidi\u015fat\u0131n\u0131 \u015fekillendirmede \u00e7ok \u00f6nemli bir rol oynad\u0131. Tarih okyanusunda pek \u00e7ok merhaleden ge\u00e7erek sert dalgalarla \u015fekillendi ve bu esnada t\u00fcm d\u00fcnyay\u0131 da etkilemeyi ba\u015fard\u0131. Habsburg \u0130mparatorlu\u011fu&#8217;nun do\u011fu\u015funu, Barok d\u00f6neminin ihti\u015fam\u0131n\u0131, iki d\u00fcnya sava\u015f\u0131n\u0131n \u00e7alkant\u0131lar\u0131n\u0131 ve Avusturya&#8217;n\u0131n modern bir Avrupa \u00fclkesi olarak ortaya \u00e7\u0131k\u0131\u015f\u0131n\u0131 titizlikle inceleyen Beller, yapt\u0131\u011f\u0131 derinlemesine ara\u015ft\u0131rmalar\u0131 ve canl\u0131 hik\u00e2ye anlat\u0131m\u0131yla Avusturya ve d\u00fcnya \u00fczerinde silinmez bir iz b\u0131rakan karakterlere, olaylara ve k\u00fclt\u00fcrel d\u00f6n\u00fcm noktalar\u0131na hayat veriyor. Maria Theresa, Mozart ve Freud gibi \u00fcnl\u00fc Avusturyal\u0131 fig\u00fcrlerin d\u00fcnyas\u0131na girerken, Avusturya&#8217;n\u0131n kimli\u011fini tan\u0131mlayan siyasi \u00e7alkant\u0131lar\u0131, k\u00fclt\u00fcrel ba\u015far\u0131lar\u0131 ve karma\u015f\u0131k ili\u015fkileri de ke\u015ffedece\u011finiz bu eserde Beller, d\u00fcnya sahnesinde a\u011f\u0131rl\u0131\u011f\u0131n\u0131 hissettiren bir ulusun canl\u0131 bir portresini \u00e7iziyor. Steven Beller\u2019\u0131n bin y\u0131l\u0131 a\u015fan s\u00fcreyi kapsayan anlat\u0131s\u0131, Avusturya\u2019n\u0131n ge\u00e7mi\u015findeki karma\u015f\u0131k konular\u0131 ustal\u0131kla bir araya getiriyor. Habsburg hanedan\u0131n\u0131n y\u00fckseli\u015finden Avusturya-Macaristan \u0130mparatorlu\u011fu\u2019nun ihti\u015fam\u0131na ve modern \u00e7a\u011f\u0131n zorluklar\u0131na kadar uzanan bu k\u0131sa tarih, Avrupa tarihinin \u015fekillenmesinde \u00f6nemli bir rol oynam\u0131\u015f bu ulusa dair geni\u015f ve kapsaml\u0131 bir anlat\u0131 sunuyor. K\u0131sa Avusturya Tarihi, Avrupa ve Avusturya\u2019n\u0131n tarihi ve k\u00fclt\u00fcr\u00fcn\u00fcn karma\u015f\u0131k dokusunu anlamak isteyen herkesin mutlaka okumas\u0131 gereken bir ba\u015fvuru kitab\u0131. Steven Beller\u2019\u0131n uzmanl\u0131\u011f\u0131 ve becerisi, bu kitab\u0131 paha bi\u00e7ilmez bir kaynak ve Avusturya&#8217;n\u0131n zengin miras\u0131n\u0131 ke\u015ffetmek i\u00e7in bir define haritas\u0131 haline getiriyor. <\/p>\n","protected":false},"excerpt":{"rendered":"<p>AVRUPA\u2019NIN KALB\u0130NE YOLCULUK Kronik Kitap \u00dclkeler Tarihi Dizisi; Japonya, \u00c7in ve Fransa&#8217;n\u0131n ard\u0131ndan Avusturya ile devam ediyor. \u201c\u2026 Steven Beller\u2019\u0131n Avusturya\u2019n\u0131n izini \u0130svi\u00e7re\u2019deki belli belirsiz k\u00f6klerinden<span class=\"excerpt-hellip\"> [\u2026]<\/span><\/p>\n","protected":false},"featured_media":0,"template":"","meta":{"_monsterinsights_skip_tracking":false,"_monsterinsights_sitenote_active":false,"_monsterinsights_sitenote_note":"","_monsterinsights_sitenote_category":0},"product_brand":[],"product_cat":[12304],"product_tag":[],"class_list":{"0":"post-754284","1":"product","2":"type-product","3":"status-publish","5":"product_cat-tarih","6":"pa_cilt-ciltsiz","7":"pa_tur-kitap","8":"pa_yayinevi-kronik-kitap","9":"pa_yazar-steven-beller","11":"first","12":"instock","13":"sale","14":"shipping-taxable","15":"purchasable","16":"product-type-simple"},"_links":{"self":[{"href":"https:\/\/roveyayinevi.com.tr\/index.php\/wp-json\/wp\/v2\/product\/754284","targetHints":{"allow":["GET"]}}],"collection":[{"href":"https:\/\/roveyayinevi.com.tr\/index.php\/wp-json\/wp\/v2\/product"}],"about":[{"href":"https:\/\/roveyayinevi.com.tr\/index.php\/wp-json\/wp\/v2\/types\/product"}],"wp:attachment":[{"href":"https:\/\/roveyayinevi.com.tr\/index.php\/wp-json\/wp\/v2\/media?parent=754284"}],"wp:term":[{"taxonomy":"product_brand","embeddable":true,"href":"https:\/\/roveyayinevi.com.tr\/index.php\/wp-json\/wp\/v2\/product_brand?post=754284"},{"taxonomy":"product_cat","embeddable":true,"href":"https:\/\/roveyayinevi.com.tr\/index.php\/wp-json\/wp\/v2\/product_cat?post=754284"},{"taxonomy":"product_tag","embeddable":true,"href":"https:\/\/roveyayinevi.com.tr\/index.php\/wp-json\/wp\/v2\/product_tag?post=754284"}],"curies":[{"name":"wp","href":"https:\/\/api.w.org\/{rel}","templated":true}]}}