{"id":754276,"date":"2025-08-28T06:06:33","date_gmt":"2025-08-28T03:06:33","guid":{"rendered":"https:\/\/roveyayinevi.com.tr\/index.php\/urun\/nasil-prenses-oldum-2\/"},"modified":"2026-04-13T03:13:52","modified_gmt":"2026-04-13T00:13:52","slug":"nasil-prenses-oldum-2","status":"publish","type":"product","link":"https:\/\/roveyayinevi.com.tr\/index.php\/urun\/nasil-prenses-oldum-2\/","title":{"rendered":"Nas\u0131l Prenses Oldum 2"},"content":{"rendered":"<p>\u00d6L\u00dcMDEN D\u00d6ND\u00dcKTEN SONRA CLAUDE TUHAF B\u0130R\u0130NE D\u00d6N\u00dc\u015eT\u00dc!   \u2018\u2019DO\u011eUM G\u00dcN\u00dcN YAKLA\u015eIYOR, \u0130STED\u0130\u011e\u0130N B\u0130R \u015eEY VAR MI?\u2019\u2019   CLAUDE BANA DO\u011eUM G\u00dcN\u00dc HED\u0130YES\u0130 M\u0130 VERECEK?   BEN\u0130M \u0130\u00c7\u0130N \u00d6ZEL B\u0130R K\u00dcT\u00dcPHANE OLU\u015eTURDU, BANA G\u00dcL BAH\u00c7ES\u0130 ARMA\u011eAN ETT\u0130 VE HATTA Z\u00dcMR\u00dcT SARAYINI B\u0130LE VERMEKTEN KA\u00c7INMADI. M\u00dcCEVHERLER VE HAZ\u0130NE ODASININ ANAHTARLARI \u0130SE \u00c7OK FAZLA K\u00dcLFET OLDU!   CLAUDE\u2026   \u015e\u0130MD\u0130 DE&#8230; TAKD\u0130M BALOSUNDA BEN\u0130MLE DANS ETMEK \u0130STED\u0130\u011e\u0130N\u0130 M\u0130 S\u00d6YL\u00dcYOR?\u201d   \u201cBABAN SEN\u0130 D\u00dc\u015e\u00dcND\u00dc\u011e\u00dcNDEN DAHA \u00c7OK SEV\u0130YOR.\u201d <\/p>\n","protected":false},"excerpt":{"rendered":"<p>\u00d6L\u00dcMDEN D\u00d6ND\u00dcKTEN SONRA CLAUDE TUHAF B\u0130R\u0130NE D\u00d6N\u00dc\u015eT\u00dc! \u2018\u2019DO\u011eUM G\u00dcN\u00dcN YAKLA\u015eIYOR, \u0130STED\u0130\u011e\u0130N B\u0130R \u015eEY VAR MI?\u2019\u2019 CLAUDE BANA DO\u011eUM G\u00dcN\u00dc HED\u0130YES\u0130 M\u0130 VERECEK? BEN\u0130M \u0130\u00c7\u0130N \u00d6ZEL B\u0130R<span class=\"excerpt-hellip\"> [\u2026]<\/span><\/p>\n","protected":false},"featured_media":0,"template":"","meta":{"_monsterinsights_skip_tracking":false,"_monsterinsights_sitenote_active":false,"_monsterinsights_sitenote_note":"","_monsterinsights_sitenote_category":0},"product_brand":[],"product_cat":[12416,12291],"product_tag":[],"class_list":{"0":"post-754276","1":"product","2":"type-product","3":"status-publish","5":"product_cat-cizgi-roman","6":"product_cat-edebiyat","7":"pa_cilt-ciltsiz","8":"pa_tur-kitap","9":"pa_yayinevi-athica-yayinlari","10":"pa_yazar-plutus","12":"first","13":"instock","14":"sale","15":"shipping-taxable","16":"purchasable","17":"product-type-simple"},"_links":{"self":[{"href":"https:\/\/roveyayinevi.com.tr\/index.php\/wp-json\/wp\/v2\/product\/754276","targetHints":{"allow":["GET"]}}],"collection":[{"href":"https:\/\/roveyayinevi.com.tr\/index.php\/wp-json\/wp\/v2\/product"}],"about":[{"href":"https:\/\/roveyayinevi.com.tr\/index.php\/wp-json\/wp\/v2\/types\/product"}],"wp:attachment":[{"href":"https:\/\/roveyayinevi.com.tr\/index.php\/wp-json\/wp\/v2\/media?parent=754276"}],"wp:term":[{"taxonomy":"product_brand","embeddable":true,"href":"https:\/\/roveyayinevi.com.tr\/index.php\/wp-json\/wp\/v2\/product_brand?post=754276"},{"taxonomy":"product_cat","embeddable":true,"href":"https:\/\/roveyayinevi.com.tr\/index.php\/wp-json\/wp\/v2\/product_cat?post=754276"},{"taxonomy":"product_tag","embeddable":true,"href":"https:\/\/roveyayinevi.com.tr\/index.php\/wp-json\/wp\/v2\/product_tag?post=754276"}],"curies":[{"name":"wp","href":"https:\/\/api.w.org\/{rel}","templated":true}]}}