{"id":754273,"date":"2025-08-28T06:06:27","date_gmt":"2025-08-28T03:06:27","guid":{"rendered":"https:\/\/roveyayinevi.com.tr\/index.php\/urun\/lanet-olasi-ezik-nishiga-hachi-2\/"},"modified":"2026-04-16T03:07:45","modified_gmt":"2026-04-16T00:07:45","slug":"lanet-olasi-ezik-nishiga-hachi-2","status":"publish","type":"product","link":"https:\/\/roveyayinevi.com.tr\/index.php\/urun\/lanet-olasi-ezik-nishiga-hachi-2\/","title":{"rendered":"Lanet Olas\u0131 Ezik Nishiga Hachi 2"},"content":{"rendered":"<p>\u201cF\u0130NALLER B\u0130TT\u0130 VE N\u0130HAYET YAZ TAT\u0130L\u0130NE G\u0130RD\u0130K!    SENPA\u0130 \u0130LE HER T\u00dcRDEN E\u011eLENCEL\u0130 ANLAR YA\u015eARIZ D\u0130YE D\u00dc\u015e\u00dcNM\u00dc\u015eT\u00dcM.   ANCAK \u0130\u015eLER H\u0130\u00c7 DE D\u00dc\u015e\u00dcND\u00dc\u011e\u00dcM G\u0130B\u0130 G\u0130TMED\u0130. AZUMA\u2019NIN \u00c7EVRES\u0130N\u0130 KIZLAR SARDI.\u201d   HACH\u0130\u2019N\u0130N SENPA\u0130\u2019S\u0130YLE \u0130L\u0130\u015eK\u0130S\u0130 TEHL\u0130KE ALTINDA!&#8230; ACABA HACH\u0130 T\u00dcM ENGELLER\u0130 A\u015eIP, D\u0130K BA\u015eLI SENPA\u0130\u2019S\u0130 TORU \u0130LE OLAN \u0130L\u0130\u015eK\u0130S\u0130NE DEVAM EDEB\u0130LECEK M\u0130?   VE AN\u0130DEN BA\u015eKA B\u0130R KIZ \u00c7IKIP GELD\u0130&#8230; HEM DE B\u0130R S\u00dcR\u00dc SIRLA B\u0130RL\u0130KTE&#8230; BU KIZIN TORU\u2019YLA OLAN GE\u00c7M\u0130\u015e\u0130N\u0130 HACH\u0130 \u00c7\u00d6ZEB\u0130LECEK M\u0130?   DALGALARIN KABARDI\u011eI B\u0130R YAZ TAT\u0130L\u0130. HAD\u0130, DURMAYIN, DALIN \u0130\u00c7\u0130NE! <\/p>\n","protected":false},"excerpt":{"rendered":"<p>\u201cF\u0130NALLER B\u0130TT\u0130 VE N\u0130HAYET YAZ TAT\u0130L\u0130NE G\u0130RD\u0130K! SENPA\u0130 \u0130LE HER T\u00dcRDEN E\u011eLENCEL\u0130 ANLAR YA\u015eARIZ D\u0130YE D\u00dc\u015e\u00dcNM\u00dc\u015eT\u00dcM. ANCAK \u0130\u015eLER H\u0130\u00c7 DE D\u00dc\u015e\u00dcND\u00dc\u011e\u00dcM G\u0130B\u0130 G\u0130TMED\u0130. AZUMA\u2019NIN \u00c7EVRES\u0130N\u0130 KIZLAR<span class=\"excerpt-hellip\"> [\u2026]<\/span><\/p>\n","protected":false},"featured_media":0,"template":"","meta":{"_monsterinsights_skip_tracking":false,"_monsterinsights_sitenote_active":false,"_monsterinsights_sitenote_note":"","_monsterinsights_sitenote_category":0},"product_brand":[],"product_cat":[12416,12291],"product_tag":[],"class_list":{"0":"post-754273","1":"product","2":"type-product","3":"status-publish","5":"product_cat-cizgi-roman","6":"product_cat-edebiyat","7":"pa_cilt-ciltsiz","8":"pa_tur-kitap","9":"pa_yayinevi-athica-yayinlari","10":"pa_yazar-kamatama","12":"first","13":"instock","14":"sale","15":"shipping-taxable","16":"purchasable","17":"product-type-simple"},"_links":{"self":[{"href":"https:\/\/roveyayinevi.com.tr\/index.php\/wp-json\/wp\/v2\/product\/754273","targetHints":{"allow":["GET"]}}],"collection":[{"href":"https:\/\/roveyayinevi.com.tr\/index.php\/wp-json\/wp\/v2\/product"}],"about":[{"href":"https:\/\/roveyayinevi.com.tr\/index.php\/wp-json\/wp\/v2\/types\/product"}],"wp:attachment":[{"href":"https:\/\/roveyayinevi.com.tr\/index.php\/wp-json\/wp\/v2\/media?parent=754273"}],"wp:term":[{"taxonomy":"product_brand","embeddable":true,"href":"https:\/\/roveyayinevi.com.tr\/index.php\/wp-json\/wp\/v2\/product_brand?post=754273"},{"taxonomy":"product_cat","embeddable":true,"href":"https:\/\/roveyayinevi.com.tr\/index.php\/wp-json\/wp\/v2\/product_cat?post=754273"},{"taxonomy":"product_tag","embeddable":true,"href":"https:\/\/roveyayinevi.com.tr\/index.php\/wp-json\/wp\/v2\/product_tag?post=754273"}],"curies":[{"name":"wp","href":"https:\/\/api.w.org\/{rel}","templated":true}]}}