{"id":754272,"date":"2025-08-28T06:06:25","date_gmt":"2025-08-28T03:06:25","guid":{"rendered":"https:\/\/roveyayinevi.com.tr\/index.php\/urun\/kopekbaligi-disleri\/"},"modified":"2026-04-16T03:07:45","modified_gmt":"2026-04-16T00:07:45","slug":"kopekbaligi-disleri","status":"publish","type":"product","link":"https:\/\/roveyayinevi.com.tr\/index.php\/urun\/kopekbaligi-disleri\/","title":{"rendered":"K\u00f6pekbal\u0131\u011f\u0131 Di\u015fleri"},"content":{"rendered":"<p>On bir ya\u015f\u0131ndaki Atlanta\u2019n\u0131n m\u00fcthi\u015f bir plan\u0131 vard\u0131r: IJssel G\u00f6l\u00fc\u2019n\u00fcn \u00e7evresini yirmi d\u00f6rt saatte bisikletle katetmek. Hayat\u0131n\u0131n en \u00f6nemli yolculu\u011funa \u00e7\u0131karken yan\u0131na on iki peynirli sandvi\u00e7 ve d\u00f6rt muzun yan\u0131 s\u0131ra gece takt\u0131\u011f\u0131 di\u015f telleriyle Noel \u0131\u015f\u0131\u011f\u0131 \u015feridini alm\u0131\u015ft\u0131r. Atlanta pes etmemekte kararl\u0131d\u0131r, yoksa her \u015fey ters gidecektir. Finley\u2019nin bisikletine toslad\u0131\u011f\u0131nda hen\u00fcz yolun \u00e7ok ba\u015f\u0131ndad\u0131r. Onunla ayn\u0131 ya\u015ftaki Finley ne\u015feli, komik ve gizemli biridir. Evden ka\u00e7m\u0131\u015f ve yan\u0131na hi\u00e7bir \u015fey almam\u0131\u015ft\u0131r. Cebindeki k\u00f6pekbal\u0131\u011f\u0131 di\u015fleri hari\u00e7&#8230;   Atlanta Finley ile kar\u015f\u0131la\u015ft\u0131\u011f\u0131 i\u00e7in \u015fansl\u0131 m\u0131d\u0131r yoksa \u015fanss\u0131z m\u0131?   Hollanda\u2019n\u0131n bol \u00f6d\u00fcll\u00fc yazar\u0131 Anna Woltz\u2019un kaleme ald\u0131\u011f\u0131 \u201cK\u00f6pekbal\u0131\u011f\u0131 Di\u015fleri\u201d unutulmaz bir dostluk ve iyile\u015fme hik\u00e2yesi. <\/p>\n","protected":false},"excerpt":{"rendered":"<p>On bir ya\u015f\u0131ndaki Atlanta\u2019n\u0131n m\u00fcthi\u015f bir plan\u0131 vard\u0131r: IJssel G\u00f6l\u00fc\u2019n\u00fcn \u00e7evresini yirmi d\u00f6rt saatte bisikletle katetmek. Hayat\u0131n\u0131n en \u00f6nemli yolculu\u011funa \u00e7\u0131karken yan\u0131na on iki peynirli sandvi\u00e7<span class=\"excerpt-hellip\"> [\u2026]<\/span><\/p>\n","protected":false},"featured_media":0,"template":"","meta":{"_monsterinsights_skip_tracking":false,"_monsterinsights_sitenote_active":false,"_monsterinsights_sitenote_note":"","_monsterinsights_sitenote_category":0},"product_brand":[],"product_cat":[12291,12711],"product_tag":[],"class_list":{"0":"post-754272","1":"product","2":"type-product","3":"status-publish","5":"product_cat-edebiyat","6":"product_cat-roman-oyku","7":"pa_cilt-ciltsiz","8":"pa_tur-kitap","9":"pa_yayinevi-can-cocuk-yayinlari","10":"pa_yazar-anna-woltz","12":"first","13":"instock","14":"sale","15":"shipping-taxable","16":"purchasable","17":"product-type-simple"},"_links":{"self":[{"href":"https:\/\/roveyayinevi.com.tr\/index.php\/wp-json\/wp\/v2\/product\/754272","targetHints":{"allow":["GET"]}}],"collection":[{"href":"https:\/\/roveyayinevi.com.tr\/index.php\/wp-json\/wp\/v2\/product"}],"about":[{"href":"https:\/\/roveyayinevi.com.tr\/index.php\/wp-json\/wp\/v2\/types\/product"}],"wp:attachment":[{"href":"https:\/\/roveyayinevi.com.tr\/index.php\/wp-json\/wp\/v2\/media?parent=754272"}],"wp:term":[{"taxonomy":"product_brand","embeddable":true,"href":"https:\/\/roveyayinevi.com.tr\/index.php\/wp-json\/wp\/v2\/product_brand?post=754272"},{"taxonomy":"product_cat","embeddable":true,"href":"https:\/\/roveyayinevi.com.tr\/index.php\/wp-json\/wp\/v2\/product_cat?post=754272"},{"taxonomy":"product_tag","embeddable":true,"href":"https:\/\/roveyayinevi.com.tr\/index.php\/wp-json\/wp\/v2\/product_tag?post=754272"}],"curies":[{"name":"wp","href":"https:\/\/api.w.org\/{rel}","templated":true}]}}