{"id":754264,"date":"2025-08-28T06:06:14","date_gmt":"2025-08-28T03:06:14","guid":{"rendered":"https:\/\/roveyayinevi.com.tr\/index.php\/urun\/aylak-sinifin-iktisadi-teorisi-2\/"},"modified":"2026-04-16T03:07:45","modified_gmt":"2026-04-16T00:07:45","slug":"aylak-sinifin-iktisadi-teorisi-2","status":"publish","type":"product","link":"https:\/\/roveyayinevi.com.tr\/index.php\/urun\/aylak-sinifin-iktisadi-teorisi-2\/","title":{"rendered":"Aylak S\u0131n\u0131f\u0131n \u0130ktisadi Teorisi"},"content":{"rendered":"<p>Rusya Bol\u015fevik Partisi\u2019nin kuramc\u0131lar\u0131ndan olan Buharin\u2019in Aylak S\u0131n\u0131f\u0131n \u0130ktisadi Teorisi kitab\u0131, k\u0131sa ama yo\u011fun ve zengin bir yap\u0131tt\u0131r. Birinci D\u00fcnya Sava\u015f\u0131 boyunca Buharin\u2019in s\u00fcrg\u00fcn olarak ya\u015fad\u0131\u011f\u0131 kentlerde yaz\u0131lan bu kitap, ancak Ekim Devrimi\u2019nin ard\u0131ndan, 1919\u2019da bas\u0131labilmi\u015ftir. Buharin bu kitapta, Marksizmin o d\u00f6nemdeki ba\u015f d\u00fc\u015fman\u0131 olan Avusturya Okulu\u2019nun, \u00f6zellikle de bu okulun \u00f6nde gelen temsilcisi Eugen von B\u00f6hm-Bawerk\u2019in bir ele\u015ftirisini yapmak \u00fczere yola \u00e7\u0131k\u0131yor. G\u00fcn\u00fcm\u00fczde de neredeyse t\u00fcm iktisat fak\u00fcltelerinde, resm\u00ee iktisat e\u011fitiminin temelini, hayattan kopuk, dogmatik ve statik \u201cmarjinal fayda\u201d teorisi olu\u015fturmaktad\u0131r. Bu teori \u00f6\u011frencilere, iktisadi olgu ve ili\u015fkileri kavramak i\u00e7in anahtarlar sunmamakta, sadece ezberlenmesi gereken matematiksel fonksiyonlar, e\u011friler y\u0131\u011f\u0131n\u0131 olarak ders kitaplar\u0131nda yer almaktad\u0131r. Emek-de\u011fer teorisini savunanlar\u0131n bu teoriye y\u00f6neltti\u011fi ele\u015ftiriler ise \u00e7oktan unutturulmu\u015ftur. \u0130\u015fte Buharin\u2019in kitab\u0131 bize bunlar\u0131 t\u00fcm canl\u0131l\u0131\u011f\u0131yla an\u0131msat\u0131yor. Aylak S\u0131n\u0131f\u0131n \u0130ktisadi Teorisi, \u201cmarjinal fayda\u201d teorisine ve \u201c\u00f6znel de\u011fer\u201d yakla\u015f\u0131m\u0131na kar\u015f\u0131 iyi d\u00fc\u015f\u00fcn\u00fclm\u00fc\u015f, s\u0131k\u0131 \u00e7al\u0131\u015f\u0131lm\u0131\u015f, akademik disiplini y\u00fcksek, enerjik ve ger\u00e7ek ya\u015famdan \u00f6rneklerle \u00f6r\u00fcl\u00fc bir teorik h\u00fccumdur. Klasik iktisat\u00e7\u0131lardan Marx ve Engels\u2019e uzanan bilimsel hatt\u0131n, kaba (v\u00fclger) ekonomi politi\u011fe kar\u015f\u0131 nitelikli bir savunusudur. Bug\u00fcnk\u00fc h\u00e2kim neo-klasik iktisat, marjinal fayda teorisini kusurlar\u0131ndan ar\u0131nd\u0131rmak i\u00e7in \u00e7ok u\u011fra\u015fsa da, Buharin\u2019in bu kitapta form\u00fcle etti\u011fi t\u00fcm temel ele\u015ftiriler bug\u00fcn de ge\u00e7erlili\u011fini korumaktad\u0131r. Buharin bu \u00e7al\u0131\u015fmas\u0131yla, ekonomi politi\u011fin Marksist ele\u015ftirisini ilerletmekle kalm\u0131yor, bilimsel ekonomi politi\u011fin yeniden geli\u015ftirilmesi i\u00e7in de soluk borular\u0131 a\u00e7\u0131yor.<\/p>\n","protected":false},"excerpt":{"rendered":"<p>Rusya Bol\u015fevik Partisi\u2019nin kuramc\u0131lar\u0131ndan olan Buharin\u2019in Aylak S\u0131n\u0131f\u0131n \u0130ktisadi Teorisi kitab\u0131, k\u0131sa ama yo\u011fun ve zengin bir yap\u0131tt\u0131r. Birinci D\u00fcnya Sava\u015f\u0131 boyunca Buharin\u2019in s\u00fcrg\u00fcn olarak ya\u015fad\u0131\u011f\u0131<span class=\"excerpt-hellip\"> [\u2026]<\/span><\/p>\n","protected":false},"featured_media":0,"template":"","meta":{"_monsterinsights_skip_tracking":false,"_monsterinsights_sitenote_active":false,"_monsterinsights_sitenote_note":"","_monsterinsights_sitenote_category":0},"product_brand":[],"product_cat":[12337],"product_tag":[],"class_list":{"0":"post-754264","1":"product","2":"type-product","3":"status-publish","5":"product_cat-politika-siyaset","6":"pa_cilt-ciltsiz","7":"pa_tur-kitap","8":"pa_yayinevi-yordam-kitap","9":"pa_yazar-nikolay-buharin","11":"first","12":"instock","13":"sale","14":"shipping-taxable","15":"purchasable","16":"product-type-simple"},"_links":{"self":[{"href":"https:\/\/roveyayinevi.com.tr\/index.php\/wp-json\/wp\/v2\/product\/754264","targetHints":{"allow":["GET"]}}],"collection":[{"href":"https:\/\/roveyayinevi.com.tr\/index.php\/wp-json\/wp\/v2\/product"}],"about":[{"href":"https:\/\/roveyayinevi.com.tr\/index.php\/wp-json\/wp\/v2\/types\/product"}],"wp:attachment":[{"href":"https:\/\/roveyayinevi.com.tr\/index.php\/wp-json\/wp\/v2\/media?parent=754264"}],"wp:term":[{"taxonomy":"product_brand","embeddable":true,"href":"https:\/\/roveyayinevi.com.tr\/index.php\/wp-json\/wp\/v2\/product_brand?post=754264"},{"taxonomy":"product_cat","embeddable":true,"href":"https:\/\/roveyayinevi.com.tr\/index.php\/wp-json\/wp\/v2\/product_cat?post=754264"},{"taxonomy":"product_tag","embeddable":true,"href":"https:\/\/roveyayinevi.com.tr\/index.php\/wp-json\/wp\/v2\/product_tag?post=754264"}],"curies":[{"name":"wp","href":"https:\/\/api.w.org\/{rel}","templated":true}]}}