{"id":754257,"date":"2025-08-28T06:06:03","date_gmt":"2025-08-28T03:06:03","guid":{"rendered":"https:\/\/roveyayinevi.com.tr\/index.php\/urun\/degme-dedim-yuregime\/"},"modified":"2026-04-16T03:07:45","modified_gmt":"2026-04-16T00:07:45","slug":"degme-dedim-yuregime","status":"publish","type":"product","link":"https:\/\/roveyayinevi.com.tr\/index.php\/urun\/degme-dedim-yuregime\/","title":{"rendered":"De\u011fme Dedim Y\u00fcre\u011fime"},"content":{"rendered":"<p>\u00d6yk\u00fc yazar\u0131 ve \u015faire Hatice Hantal Ankara do\u011fumludur. \u00c7ankaya Y\u0131ld\u0131z K\u0131z Kur\u00b4an Kursu mezunu. \u0130\u015f\u00e7i \u00e7ocu\u011fu olarak Almanya&#8217;ya geldi. AWO Stade&#8217; de Almanca  Kurs \u00d6gretmeni olarak \u00e7al\u0131\u015ft\u0131. Hamburg, F\u00f6rdern und Wohnen  Kurumu&#8217;nda,g\u00f6\u00e7men bayanlara Almanca ders vermekte, hafta sonlar\u0131 (Rauenhaus Hamburg) \u00f6z\u00fcrl\u00fc \u00e7ocuklar kurumunda, \u00f6z\u00fcrl\u00fc \u00e7ocuklar\u0131 olan  ailelere yard\u0131m ve destek ama\u00e7l\u0131 \u00e7al\u0131\u015fmaktad\u0131r. Ayr\u0131ca Buxtehude bayan s\u0131\u011f\u0131nma yurdunda bayanlar\u0131n sorunlar\u0131yla ilgileniyor, baz\u0131 terc\u00fcme i\u015flerine bak\u0131yor. Hobi olarak \u015fiir, deneme ve \u00f6yk\u00fcler yazmaktad\u0131r. \u015eiirleri, \u00f6yk\u00fc ve denemeleri \u00e7e\u015fitli dergilerde yay\u0131mlanm\u0131\u015f ve antoloji kitaplar\u0131nda yer alm\u0131\u015ft\u0131r<\/p>\n","protected":false},"excerpt":{"rendered":"<p>\u00d6yk\u00fc yazar\u0131 ve \u015faire Hatice Hantal Ankara do\u011fumludur. \u00c7ankaya Y\u0131ld\u0131z K\u0131z Kur\u00b4an Kursu mezunu. \u0130\u015f\u00e7i \u00e7ocu\u011fu olarak Almanya&#8217;ya geldi. AWO Stade&#8217; de Almanca Kurs \u00d6gretmeni olarak<span class=\"excerpt-hellip\"> [\u2026]<\/span><\/p>\n","protected":false},"featured_media":0,"template":"","meta":{"_monsterinsights_skip_tracking":false,"_monsterinsights_sitenote_active":false,"_monsterinsights_sitenote_note":"","_monsterinsights_sitenote_category":0},"product_brand":[],"product_cat":[12291,12509],"product_tag":[],"class_list":{"0":"post-754257","1":"product","2":"type-product","3":"status-publish","5":"product_cat-edebiyat","6":"product_cat-siir","7":"pa_cilt-ciltsiz","8":"pa_tur-kitap","9":"pa_yayinevi-kultur-ajans-yayinlari","10":"pa_yazar-hatice-hantal","12":"first","13":"instock","14":"sale","15":"shipping-taxable","16":"purchasable","17":"product-type-simple"},"_links":{"self":[{"href":"https:\/\/roveyayinevi.com.tr\/index.php\/wp-json\/wp\/v2\/product\/754257","targetHints":{"allow":["GET"]}}],"collection":[{"href":"https:\/\/roveyayinevi.com.tr\/index.php\/wp-json\/wp\/v2\/product"}],"about":[{"href":"https:\/\/roveyayinevi.com.tr\/index.php\/wp-json\/wp\/v2\/types\/product"}],"wp:attachment":[{"href":"https:\/\/roveyayinevi.com.tr\/index.php\/wp-json\/wp\/v2\/media?parent=754257"}],"wp:term":[{"taxonomy":"product_brand","embeddable":true,"href":"https:\/\/roveyayinevi.com.tr\/index.php\/wp-json\/wp\/v2\/product_brand?post=754257"},{"taxonomy":"product_cat","embeddable":true,"href":"https:\/\/roveyayinevi.com.tr\/index.php\/wp-json\/wp\/v2\/product_cat?post=754257"},{"taxonomy":"product_tag","embeddable":true,"href":"https:\/\/roveyayinevi.com.tr\/index.php\/wp-json\/wp\/v2\/product_tag?post=754257"}],"curies":[{"name":"wp","href":"https:\/\/api.w.org\/{rel}","templated":true}]}}