{"id":754256,"date":"2025-08-28T06:06:02","date_gmt":"2025-08-28T03:06:02","guid":{"rendered":"https:\/\/roveyayinevi.com.tr\/index.php\/urun\/degisim-5\/"},"modified":"2026-04-16T03:07:45","modified_gmt":"2026-04-16T00:07:45","slug":"degisim-5","status":"publish","type":"product","link":"https:\/\/roveyayinevi.com.tr\/index.php\/urun\/degisim-5\/","title":{"rendered":"De\u011fi\u015fim"},"content":{"rendered":"<p>Ge\u00e7 de\u011fil, tam zaman\u0131!   Sahil kasabas\u0131 Mattauk\u2019ta ya\u015fayan \u00fc\u00e7 farkl\u0131 kad\u0131n, orta ya\u015f\u0131n kendilerine yeni yetenekler getirdi\u011fini ke\u015ffediyor&#8230;   40\u2019l\u0131 ya\u015flar\u0131nda eski bir hem\u015fire olan Nessa James, kocas\u0131 \u00f6ld\u00fckten ve ikiz k\u0131zlar\u0131 \u00fcniversiteye gitmek i\u00e7in evden ayr\u0131ld\u0131ktan sonra yapayaln\u0131z kal\u0131r. Ancak bu sakin g\u00fcnler, gaipten gelen seslerle bozulur.   50\u2019li ya\u015flar\u0131n\u0131n e\u015fi\u011findeki Harriett Osborne, kariyerinin ve evlili\u011finin \u00e7\u00f6k\u00fc\u015f\u00fcn\u00fc hazmetmek i\u00e7in eve kapan\u0131r. D\u0131\u015far\u0131dan bakan biri i\u00e7in kendisi gibi evi ve bah\u00e7esi de \u00e7\u00fcr\u00fcmeye y\u00fcz tutmu\u015ftur. Oysa as\u0131l de\u011fi\u015fim yeni ba\u015flamaktad\u0131r.   H\u0131rsl\u0131 Jo Levison, otuz y\u0131l\u0131n\u0131 bedeniyle sava\u015f halinde ge\u00e7irmi\u015ftir. Menopozun ba\u015flamas\u0131yla gelen \u00f6fke ve s\u0131cak basmalar\u0131 barda\u011f\u0131 ta\u015f\u0131ran son damla olur. Ta ki bunlara h\u00fckmedebilece\u011fini anlayana dek.   Nessa\u2019n\u0131n duydu\u011fu seslerle y\u00f6nlendirilen bu \u00fc\u00e7 kad\u0131n, \u0131ss\u0131z bir sahilde kimsesiz bir gen\u00e7 kad\u0131n cesedi bulurlar. Polis, kurban\u0131 uyu\u015fturucu ba\u011f\u0131ml\u0131s\u0131 bir seks i\u015f\u00e7isi olarak s\u0131n\u0131fland\u0131rsa da kad\u0131nlar resmi hik\u00e2yeye inanmay\u0131 reddeder. Ara\u015ft\u0131rmalar\u0131, onlar\u0131 zamanla daha \u00e7ok cesede ve kurallar\u0131n ge\u00e7erli olmad\u0131\u011f\u0131 muazzam bir zenginlik alemine ula\u015ft\u0131r\u0131r. Bunun \u00fczerine Nessa, Harriet ve Jo, yeni g\u00fc\u00e7lerinin de yard\u0131m\u0131yla, bu gizem perdesini aralamak i\u00e7in harekete ge\u00e7erler. \u201cDe\u011fi\u015fim, i\u00e7g\u00fcd\u00fcsel bir \u00f6fke \u00e7\u0131\u011fl\u0131\u011f\u0131 ve yumu\u015fak, h\u00fcz\u00fcnl\u00fc bir kucakla\u015fma kitab\u0131, bir kitab\u0131 bundan daha fazla sevemezdim.\u201d \u2013Emily Henry   \u201c\u00d6fke dolu bir k\u00fckreme, s\u00fcr\u00fckleyici bir kitap. B\u00fct\u00fcn k\u0131r\u0131k kalbimle sevdim. Okuyun. Bay\u0131lacaks\u0131n\u0131z.\u201d \u2013Marian Keyes <\/p>\n","protected":false},"excerpt":{"rendered":"<p>Ge\u00e7 de\u011fil, tam zaman\u0131! Sahil kasabas\u0131 Mattauk\u2019ta ya\u015fayan \u00fc\u00e7 farkl\u0131 kad\u0131n, orta ya\u015f\u0131n kendilerine yeni yetenekler getirdi\u011fini ke\u015ffediyor&#8230; 40\u2019l\u0131 ya\u015flar\u0131nda eski bir hem\u015fire olan Nessa James,<span class=\"excerpt-hellip\"> [\u2026]<\/span><\/p>\n","protected":false},"featured_media":0,"template":"","meta":{"_monsterinsights_skip_tracking":false,"_monsterinsights_sitenote_active":false,"_monsterinsights_sitenote_note":"","_monsterinsights_sitenote_category":0},"product_brand":[],"product_cat":[12291,14777],"product_tag":[],"class_list":{"0":"post-754256","1":"product","2":"type-product","3":"status-publish","5":"product_cat-edebiyat","6":"product_cat-fantastik","7":"pa_cilt-ciltsiz","8":"pa_tur-kitap","9":"pa_yayinevi-eksik-parca-yayinlari","10":"pa_yazar-kristen-miller","12":"first","13":"instock","14":"sale","15":"shipping-taxable","16":"purchasable","17":"product-type-simple"},"_links":{"self":[{"href":"https:\/\/roveyayinevi.com.tr\/index.php\/wp-json\/wp\/v2\/product\/754256","targetHints":{"allow":["GET"]}}],"collection":[{"href":"https:\/\/roveyayinevi.com.tr\/index.php\/wp-json\/wp\/v2\/product"}],"about":[{"href":"https:\/\/roveyayinevi.com.tr\/index.php\/wp-json\/wp\/v2\/types\/product"}],"wp:attachment":[{"href":"https:\/\/roveyayinevi.com.tr\/index.php\/wp-json\/wp\/v2\/media?parent=754256"}],"wp:term":[{"taxonomy":"product_brand","embeddable":true,"href":"https:\/\/roveyayinevi.com.tr\/index.php\/wp-json\/wp\/v2\/product_brand?post=754256"},{"taxonomy":"product_cat","embeddable":true,"href":"https:\/\/roveyayinevi.com.tr\/index.php\/wp-json\/wp\/v2\/product_cat?post=754256"},{"taxonomy":"product_tag","embeddable":true,"href":"https:\/\/roveyayinevi.com.tr\/index.php\/wp-json\/wp\/v2\/product_tag?post=754256"}],"curies":[{"name":"wp","href":"https:\/\/api.w.org\/{rel}","templated":true}]}}