{"id":754252,"date":"2025-08-28T06:05:57","date_gmt":"2025-08-28T03:05:57","guid":{"rendered":"https:\/\/roveyayinevi.com.tr\/index.php\/urun\/yeni-baslayanlar-icin-4-el-piyano-albumu-1\/"},"modified":"2026-04-16T03:07:45","modified_gmt":"2026-04-16T00:07:45","slug":"yeni-baslayanlar-icin-4-el-piyano-albumu-1","status":"publish","type":"product","link":"https:\/\/roveyayinevi.com.tr\/index.php\/urun\/yeni-baslayanlar-icin-4-el-piyano-albumu-1\/","title":{"rendered":"Yeni Ba\u015flayanlar \u0130\u00e7in 4 El Piyano Alb\u00fcm\u00fc &#8211; 1"},"content":{"rendered":"<p>\u00d6zellikle erken ya\u015f e\u011fitiminde, \u00e7ocuklara m\u00fczi\u011fin renkli d\u00fcnyas\u0131n\u0131 e\u011flenceli bir duyu\u015fla sunan bu metodun ritim yap\u0131lar\u0131 ve tempo konular\u0131nda da faydal\u0131 olaca\u011f\u0131n\u0131 d\u00fc\u015f\u00fcn\u00fcyorum. Ayn\u0131 zamanda birlikte \u00e7alman\u0131n olu\u015fturaca\u011f\u0131 \u201cberaber nefes alma\u201d gereklili\u011finin de \u00e7ocu\u011fun i\u00e7sel n\u00fcans\u0131n\u0131 geli\u015ftirebilece\u011fi kan\u0131s\u0131nday\u0131m. E\u011fitimin ilk a\u015famas\u0131nda \u00f6\u011fretmeniyle 4 el \u00e7alan bir \u00e7ocuk, m\u00fczi\u011fi \u00e7ok daha zevkli alg\u0131layacak ve hatta \u00f6\u011fretmeni ile daha yak\u0131nla\u015facakt\u0131r.   Prof. G\u00fclden G\u00f6k\u015fen MSGS\u00dc Devlet Konservatuvar\u0131<\/p>\n","protected":false},"excerpt":{"rendered":"<p>\u00d6zellikle erken ya\u015f e\u011fitiminde, \u00e7ocuklara m\u00fczi\u011fin renkli d\u00fcnyas\u0131n\u0131 e\u011flenceli bir duyu\u015fla sunan bu metodun ritim yap\u0131lar\u0131 ve tempo konular\u0131nda da faydal\u0131 olaca\u011f\u0131n\u0131 d\u00fc\u015f\u00fcn\u00fcyorum. Ayn\u0131 zamanda birlikte<span class=\"excerpt-hellip\"> [\u2026]<\/span><\/p>\n","protected":false},"featured_media":0,"template":"","meta":{"_monsterinsights_skip_tracking":false,"_monsterinsights_sitenote_active":false,"_monsterinsights_sitenote_note":"","_monsterinsights_sitenote_category":0},"product_brand":[],"product_cat":[14556],"product_tag":[],"class_list":{"0":"post-754252","1":"product","2":"type-product","3":"status-publish","5":"product_cat-muzik","6":"pa_cilt-ciltsiz","7":"pa_tur-kitap","8":"pa_yayinevi-muzik-egitimi-yayinlari","9":"pa_yazar-samhal-ismail","11":"first","12":"instock","13":"sale","14":"shipping-taxable","15":"purchasable","16":"product-type-simple"},"_links":{"self":[{"href":"https:\/\/roveyayinevi.com.tr\/index.php\/wp-json\/wp\/v2\/product\/754252","targetHints":{"allow":["GET"]}}],"collection":[{"href":"https:\/\/roveyayinevi.com.tr\/index.php\/wp-json\/wp\/v2\/product"}],"about":[{"href":"https:\/\/roveyayinevi.com.tr\/index.php\/wp-json\/wp\/v2\/types\/product"}],"wp:attachment":[{"href":"https:\/\/roveyayinevi.com.tr\/index.php\/wp-json\/wp\/v2\/media?parent=754252"}],"wp:term":[{"taxonomy":"product_brand","embeddable":true,"href":"https:\/\/roveyayinevi.com.tr\/index.php\/wp-json\/wp\/v2\/product_brand?post=754252"},{"taxonomy":"product_cat","embeddable":true,"href":"https:\/\/roveyayinevi.com.tr\/index.php\/wp-json\/wp\/v2\/product_cat?post=754252"},{"taxonomy":"product_tag","embeddable":true,"href":"https:\/\/roveyayinevi.com.tr\/index.php\/wp-json\/wp\/v2\/product_tag?post=754252"}],"curies":[{"name":"wp","href":"https:\/\/api.w.org\/{rel}","templated":true}]}}