{"id":754249,"date":"2025-08-28T06:05:53","date_gmt":"2025-08-28T03:05:53","guid":{"rendered":"https:\/\/roveyayinevi.com.tr\/index.php\/urun\/solo-keman-icin-anadolunun-yankilari\/"},"modified":"2026-04-16T03:07:45","modified_gmt":"2026-04-16T00:07:45","slug":"solo-keman-icin-anadolunun-yankilari","status":"publish","type":"product","link":"https:\/\/roveyayinevi.com.tr\/index.php\/urun\/solo-keman-icin-anadolunun-yankilari\/","title":{"rendered":"Solo Keman \u0130\u00e7in &#8220;Anadolu&#8217;nun Yank\u0131lar\u0131&#8221;"},"content":{"rendered":"<p>Burak Eker\u2019in solo keman i\u00e7in haz\u0131rlad\u0131\u011f\u0131, temeline de \u00f6nc\u00fc bestecimiz A. Adnan Saygun\u2019un \u00f6znel mi \u00f6znel, e\u015fsiz yap\u0131t\u0131 T\u00f6resel Mus\u0131ki\u2019yi ald\u0131\u011f\u0131\u2014dahas\u0131 bu esere bir methiye, sayg\u0131 duru\u015fu mahiyetinde\u2014son derece pratik, duru ve nitelikli bir \u00e7al\u0131\u015fma. Anadolu\u2019nun Yank\u0131lar\u0131 akl\u0131m\u0131za ilk gelebileceklerden \u00e7ok daha fazlas\u0131na sahip: Say\u0131s\u0131z entelekt\u00fcel katman\u0131yla bu \u00e7al\u0131\u015fman\u0131n de\u011feri, i\u00e7ine girildik\u00e7e artacak, dola\u015f\u0131ma sokulduk\u00e7a peki\u015fecektir, \u015f\u00fcphesiz. Malzemesine i\u00e7eriden bakabilen, temas etmekten, sese d\u00f6kmekten geri durmayan; m\u00fczik biliminin, kompozisyonun ve icran\u0131n birbirinden kopuk olmad\u0131\u011f\u0131, bil\u00e2kis destekleyip birbirini tamamlad\u0131\u011f\u0131 b\u00f6ylesi bir \u00fcretimin varl\u0131k alan\u0131m\u0131z m\u00fczi\u011fi \u00f6nemseyen herkese ilham olmas\u0131 dile\u011fiyle\u2026 *  *  * Echoes of Anatolia, a work by Burak Eker for solo violin based on the very special, unique work by the pioneering Turkish composer A. Adnan Saygun, T\u00f6resel Mus\u0131ki (a translation of the title can\u2019t meet the hidden undertones such as traditional, customary, even rural and ritualistic, a. o.), is a quite practical, clear, limpid and qualified study which is also a respectful homage and tribute to Saygun. Echoes of Anatolia recalls far more than what its title easily evokes in mind: With its manifold intellectual layers, the worth and value of this work will undoubtedly increase as one delves into it and solidify once it circulates. May this production with its introspective attitude towards its musical material and fearless stand that could touch and transform it into sound; where musicology, composition and performance were dealt not as separate paths but supporting and completing each other, be an inspiration for everyone who values music, our realm of existence\u2026   Prof. Dr. Hakk\u0131 Alper Maral <\/p>\n","protected":false},"excerpt":{"rendered":"<p>Burak Eker\u2019in solo keman i\u00e7in haz\u0131rlad\u0131\u011f\u0131, temeline de \u00f6nc\u00fc bestecimiz A. Adnan Saygun\u2019un \u00f6znel mi \u00f6znel, e\u015fsiz yap\u0131t\u0131 T\u00f6resel Mus\u0131ki\u2019yi ald\u0131\u011f\u0131\u2014dahas\u0131 bu esere bir methiye, sayg\u0131<span class=\"excerpt-hellip\"> [\u2026]<\/span><\/p>\n","protected":false},"featured_media":0,"template":"","meta":{"_monsterinsights_skip_tracking":false,"_monsterinsights_sitenote_active":false,"_monsterinsights_sitenote_note":"","_monsterinsights_sitenote_category":0},"product_brand":[],"product_cat":[14556],"product_tag":[],"class_list":{"0":"post-754249","1":"product","2":"type-product","3":"status-publish","5":"product_cat-muzik","6":"pa_cilt-ciltsiz","7":"pa_tur-kitap","8":"pa_yayinevi-muzik-egitimi-yayinlari","9":"pa_yazar-burak-eker","11":"first","12":"instock","13":"sale","14":"shipping-taxable","15":"purchasable","16":"product-type-simple"},"_links":{"self":[{"href":"https:\/\/roveyayinevi.com.tr\/index.php\/wp-json\/wp\/v2\/product\/754249","targetHints":{"allow":["GET"]}}],"collection":[{"href":"https:\/\/roveyayinevi.com.tr\/index.php\/wp-json\/wp\/v2\/product"}],"about":[{"href":"https:\/\/roveyayinevi.com.tr\/index.php\/wp-json\/wp\/v2\/types\/product"}],"wp:attachment":[{"href":"https:\/\/roveyayinevi.com.tr\/index.php\/wp-json\/wp\/v2\/media?parent=754249"}],"wp:term":[{"taxonomy":"product_brand","embeddable":true,"href":"https:\/\/roveyayinevi.com.tr\/index.php\/wp-json\/wp\/v2\/product_brand?post=754249"},{"taxonomy":"product_cat","embeddable":true,"href":"https:\/\/roveyayinevi.com.tr\/index.php\/wp-json\/wp\/v2\/product_cat?post=754249"},{"taxonomy":"product_tag","embeddable":true,"href":"https:\/\/roveyayinevi.com.tr\/index.php\/wp-json\/wp\/v2\/product_tag?post=754249"}],"curies":[{"name":"wp","href":"https:\/\/api.w.org\/{rel}","templated":true}]}}