{"id":754229,"date":"2025-08-28T06:05:14","date_gmt":"2025-08-28T03:05:14","guid":{"rendered":"https:\/\/roveyayinevi.com.tr\/index.php\/urun\/tesaduf-dedigin-tezahurdur\/"},"modified":"2026-04-16T03:07:44","modified_gmt":"2026-04-16T00:07:44","slug":"tesaduf-dedigin-tezahurdur","status":"publish","type":"product","link":"https:\/\/roveyayinevi.com.tr\/index.php\/urun\/tesaduf-dedigin-tezahurdur\/","title":{"rendered":"Tesad\u00fcf Dedi\u011fin Tezah\u00fcrd\u00fcr"},"content":{"rendered":"<p>D\u00fcnya bizimle tesad\u00fcf\u00fcn diliyle konu\u015fur&#8230; Hi\u00e7bir kar\u015f\u0131la\u015fma tesad\u00fcf de\u011fildir, g\u00f6r\u00fcnmeyen a\u011flarla ba\u011fl\u0131d\u0131r b\u00fct\u00fcn ruhlar birbirine. Ayla, Billur, Toprak, Ate\u015f, G\u00fcne\u015f ve Sare\u2026 Onlar o g\u00f6r\u00fcnmez ipliklerden y\u00fcr\u00fcyerek, \u2018tesad\u00fcf\u2019 gibi g\u00f6r\u00fcnen tezah\u00fcrlerle bir araya geldiler ve ondan sonra art\u0131k hi\u00e7bir \u015fey eskisi gibi olmad\u0131. Ayna etkisiyle d\u00f6n\u00fc\u015f\u00fcm ba\u015flad\u0131. Birbirlerini ke\u015ffederken kendilerine, ger\u00e7ek potansiyellerine do\u011fru \u00e7\u0131kt\u0131klar\u0131 bu yolculukta hayat da onlara en iyi versiyonunu g\u00f6stermeye haz\u0131rd\u0131. Anlad\u0131lar ki i\u00e7erde ne varsa d\u0131\u015far\u0131da da o vard\u0131. \u0130\u00e7erden ba\u015flayan d\u00f6n\u00fc\u015f\u00fcm dalga dalga yay\u0131ld\u0131, sevginin k\u00f6pr\u00fcs\u00fcnde, kendi yaratt\u0131klar\u0131 zincirlerinden \u00e7\u00f6z\u00fcle \u00e7\u00f6z\u00fcle \u00f6zg\u00fcrce y\u00fcr\u00fcmeyi ve sevmeyi \u00f6\u011frendiler. Tesad\u00fcf Dedi\u011fin Tezah\u00fcrd\u00fcr\u2019de Leyla Demirkan hayat\u0131n gizemli tesad\u00fcfleri dedi\u011fimiz \u015feyin asl\u0131nda olmas\u0131 gerekene at\u0131lan nak\u0131\u015f gibi ilmekler oldu\u011funu anlat\u0131yor bize. Roman\u0131n birbirinden farkl\u0131 karakterlerinin yollar\u0131 Dat\u00e7a\u2019da kesi\u015firken, biz okurlar da kendimizi \u015fu soruyu sorarken buluyoruz. \u201cHayat yolunda de\u011fi\u015fip d\u00f6n\u00fc\u015fmeden tam anlam\u0131yla ya\u015fayabilir mi insan?&#8221; <\/p>\n","protected":false},"excerpt":{"rendered":"<p>D\u00fcnya bizimle tesad\u00fcf\u00fcn diliyle konu\u015fur&#8230; Hi\u00e7bir kar\u015f\u0131la\u015fma tesad\u00fcf de\u011fildir, g\u00f6r\u00fcnmeyen a\u011flarla ba\u011fl\u0131d\u0131r b\u00fct\u00fcn ruhlar birbirine. Ayla, Billur, Toprak, Ate\u015f, G\u00fcne\u015f ve Sare\u2026 Onlar o g\u00f6r\u00fcnmez ipliklerden<span class=\"excerpt-hellip\"> [\u2026]<\/span><\/p>\n","protected":false},"featured_media":0,"template":"","meta":{"_monsterinsights_skip_tracking":false,"_monsterinsights_sitenote_active":false,"_monsterinsights_sitenote_note":"","_monsterinsights_sitenote_category":0},"product_brand":[],"product_cat":[12364,12376],"product_tag":[],"class_list":{"0":"post-754229","1":"product","2":"type-product","3":"status-publish","5":"product_cat-genel-konular","6":"product_cat-kisisel-gelisim","7":"pa_cilt-ciltsiz","8":"pa_tur-kitap","9":"pa_yayinevi-butik-yayinlari","10":"pa_yazar-leyla-demirkan","12":"first","13":"instock","14":"sale","15":"shipping-taxable","16":"purchasable","17":"product-type-simple"},"_links":{"self":[{"href":"https:\/\/roveyayinevi.com.tr\/index.php\/wp-json\/wp\/v2\/product\/754229","targetHints":{"allow":["GET"]}}],"collection":[{"href":"https:\/\/roveyayinevi.com.tr\/index.php\/wp-json\/wp\/v2\/product"}],"about":[{"href":"https:\/\/roveyayinevi.com.tr\/index.php\/wp-json\/wp\/v2\/types\/product"}],"wp:attachment":[{"href":"https:\/\/roveyayinevi.com.tr\/index.php\/wp-json\/wp\/v2\/media?parent=754229"}],"wp:term":[{"taxonomy":"product_brand","embeddable":true,"href":"https:\/\/roveyayinevi.com.tr\/index.php\/wp-json\/wp\/v2\/product_brand?post=754229"},{"taxonomy":"product_cat","embeddable":true,"href":"https:\/\/roveyayinevi.com.tr\/index.php\/wp-json\/wp\/v2\/product_cat?post=754229"},{"taxonomy":"product_tag","embeddable":true,"href":"https:\/\/roveyayinevi.com.tr\/index.php\/wp-json\/wp\/v2\/product_tag?post=754229"}],"curies":[{"name":"wp","href":"https:\/\/api.w.org\/{rel}","templated":true}]}}