{"id":754227,"date":"2025-08-28T06:05:11","date_gmt":"2025-08-28T03:05:11","guid":{"rendered":"https:\/\/roveyayinevi.com.tr\/index.php\/urun\/babam-ruzgar-ve-yildizlar\/"},"modified":"2026-04-03T03:09:33","modified_gmt":"2026-04-03T00:09:33","slug":"babam-ruzgar-ve-yildizlar","status":"publish","type":"product","link":"https:\/\/roveyayinevi.com.tr\/index.php\/urun\/babam-ruzgar-ve-yildizlar\/","title":{"rendered":"Babam, R\u00fczgar ve Y\u0131ld\u0131zlar"},"content":{"rendered":"<p>Ard\u0131\u00e7 ku\u015fu, tohumu a\u011fz\u0131na ald\u0131\u011f\u0131nda ba\u015flad\u0131 her \u015fey&#8230; Bazen batman hesab\u0131 patates, bazen de birka\u00e7 teneke ya\u011fl\u0131 peynir kar\u015f\u0131l\u0131\u011f\u0131nda ula\u015fm\u0131\u015ft\u0131 s\u00fcrg\u00fcn sonras\u0131 tutunmak ad\u0131na bozk\u0131ra. Ne co\u015fkulu d\u00fc\u011f\u00fcnlere \u015fahit oldu? \u00dcstelik \u00e7ok kur\u015fun yiyenleri de vard\u0131 m\u0131z\u0131ka e\u015fli\u011finde b\u00f6\u011fr\u00fcne. Ondand\u0131r, h\u0131zarc\u0131lar yana\u015fmazlar \u00c7erkes ard\u0131c\u0131n\u0131 ikiye yarmaya, keza b\u00f6\u011fr\u00fcndeki kur\u015funlar par\u00e7alar testereyi. \u015eimdilerde y\u0131k\u0131lan kargir damlar\u0131m\u0131z\u0131 y\u00fczy\u0131llarca ta\u015f\u0131yan kolonlar, hezanlar, ya ekmek f\u0131r\u0131nlar\u0131nda ate\u015f olup yok olacaklard\u0131 sonsuza dek ya da yeniden do\u011fup ard\u0131\u00e7 kokacakt\u0131 memleket.<\/p>\n","protected":false},"excerpt":{"rendered":"<p>Ard\u0131\u00e7 ku\u015fu, tohumu a\u011fz\u0131na ald\u0131\u011f\u0131nda ba\u015flad\u0131 her \u015fey&#8230; Bazen batman hesab\u0131 patates, bazen de birka\u00e7 teneke ya\u011fl\u0131 peynir kar\u015f\u0131l\u0131\u011f\u0131nda ula\u015fm\u0131\u015ft\u0131 s\u00fcrg\u00fcn sonras\u0131 tutunmak ad\u0131na bozk\u0131ra. Ne<span class=\"excerpt-hellip\"> [\u2026]<\/span><\/p>\n","protected":false},"featured_media":0,"template":"","meta":{"_monsterinsights_skip_tracking":false,"_monsterinsights_sitenote_active":false,"_monsterinsights_sitenote_note":"","_monsterinsights_sitenote_category":0},"product_brand":[],"product_cat":[12777,12291],"product_tag":[],"class_list":{"0":"post-754227","1":"product","2":"type-product","3":"status-publish","5":"product_cat-deneme","6":"product_cat-edebiyat","7":"pa_cilt-ciltsiz","8":"pa_tur-kitap","9":"pa_yayinevi-koyusiyah-kitap","10":"pa_yazar-muharrem-baykan","12":"first","13":"instock","14":"sale","15":"shipping-taxable","16":"purchasable","17":"product-type-simple"},"_links":{"self":[{"href":"https:\/\/roveyayinevi.com.tr\/index.php\/wp-json\/wp\/v2\/product\/754227","targetHints":{"allow":["GET"]}}],"collection":[{"href":"https:\/\/roveyayinevi.com.tr\/index.php\/wp-json\/wp\/v2\/product"}],"about":[{"href":"https:\/\/roveyayinevi.com.tr\/index.php\/wp-json\/wp\/v2\/types\/product"}],"wp:attachment":[{"href":"https:\/\/roveyayinevi.com.tr\/index.php\/wp-json\/wp\/v2\/media?parent=754227"}],"wp:term":[{"taxonomy":"product_brand","embeddable":true,"href":"https:\/\/roveyayinevi.com.tr\/index.php\/wp-json\/wp\/v2\/product_brand?post=754227"},{"taxonomy":"product_cat","embeddable":true,"href":"https:\/\/roveyayinevi.com.tr\/index.php\/wp-json\/wp\/v2\/product_cat?post=754227"},{"taxonomy":"product_tag","embeddable":true,"href":"https:\/\/roveyayinevi.com.tr\/index.php\/wp-json\/wp\/v2\/product_tag?post=754227"}],"curies":[{"name":"wp","href":"https:\/\/api.w.org\/{rel}","templated":true}]}}