{"id":754213,"date":"2025-08-28T06:04:49","date_gmt":"2025-08-28T03:04:49","guid":{"rendered":"https:\/\/roveyayinevi.com.tr\/index.php\/urun\/ekonomik-psikoloji\/"},"modified":"2026-04-16T03:07:44","modified_gmt":"2026-04-16T00:07:44","slug":"ekonomik-psikoloji","status":"publish","type":"product","link":"https:\/\/roveyayinevi.com.tr\/index.php\/urun\/ekonomik-psikoloji\/","title":{"rendered":"Ekonomik Psikoloji"},"content":{"rendered":"<p>Gabriel Tarde sosyoloji, psikoloji, ekonomi, kriminoloji ve hukuk alanlar\u0131nda eserler vermi\u015f ve ya\u015fad\u0131\u011f\u0131 d\u00f6nemdeki h\u00e2kim anlay\u0131\u015flardan farkl\u0131 bir yakla\u015f\u0131mla \u00f6nemli katk\u0131lar yapm\u0131\u015f bir d\u00fc\u015f\u00fcn\u00fcr. Ekonomik Psikoloji toplumu ve toplumsal evrimi (tarihi) zihinler-aras\u0131 etkile\u015fimlerin bir b\u00fcy\u00fck ser\u00fcveni olarak okuyan Tarde\u2019\u0131n eserleri aras\u0131nda \u00f6nemli bir yer tutuyor. Olgunluk d\u00f6nemi eseri olmas\u0131 ve Tarde\u2019\u0131n temel fikirlerini i\u00e7ermesi itibar\u0131yla, bu kitap bireysel ve toplumsal psikolojilerin, alg\u0131lar\u0131n, deneyimlerin, fikirlerin, arzular\u0131n, duygular\u0131n, benzerliklerin veya benzemezliklerin, kar\u015f\u0131tl\u0131klar\u0131n, sapmalar\u0131n, at\u0131l\u0131mlar\u0131n ya da at\u0131ll\u0131klar\u0131n, kabullerin yahut itirazlar\u0131n ekonomik, toplumsal ve tarihsel d\u00f6n\u00fc\u015f\u00fcmlerde oynad\u0131\u011f\u0131 rollere odaklanan ve b\u00f6ylelikle farkl\u0131 bir okuma bi\u00e7imi \u00f6neren zengin ve k\u0131\u015fk\u0131rt\u0131c\u0131 bir zihin d\u00fcnyas\u0131 sunuyor.   \u201cEkonomistler homo economicus\u2019u tasarlamakla \u00e7ifte bir soyutlama yapt\u0131lar. Bir insan\u0131 kalbinde insanc\u0131l hi\u00e7bir \u015fey olmadan tasarlamak b\u00fcy\u00fck bir yan\u0131lg\u0131d\u0131r\u2026 Ekonomik psikolojiye d\u00fc\u015fen g\u00f6rev, zenginliklerin \u00fcretiminin, da\u011f\u0131t\u0131m\u0131n\u0131n ve t\u00fcketiminin duygusal denilen y\u00f6nlerini yeniden ilk ve ger\u00e7ek yerine koymakt\u0131r.\u201d   Ekonomik Psikoloji\u2019de Tarde temel yakla\u015f\u0131m\u0131n\u0131 taklit, tekrar, adaptasyon ve kar\u015f\u0131tl\u0131k gibi kavramlar \u00fczerine kuruyor ve bunlar\u0131 varolu\u015flar\u0131n temel i\u015fleyi\u015f tarzlar\u0131 olarak de\u011ferlendiriyor. \u201cTekrar, yani \u0131\u015f\u0131k, \u0131s\u0131 ve ses dalgalar\u0131 serisi, y\u0131ld\u0131zlar\u0131n \u00e7ekim kuvveti, molek\u00fcllerin i\u00e7 d\u00f6n\u00fc\u015f hareketleri; ya\u015famsal d\u00f6ng\u00fc, beslenme, solunum, dola\u015f\u0131m ve hepsini kapsayan bir nesille ba\u015flayacak olan t\u00fcm organik fonksiyonlar; dil, din, bilgi, e\u011fitim, i\u015f, t\u00fcm sosyal aktiviteler, tek kelimeyle: taklit.\u201d <\/p>\n","protected":false},"excerpt":{"rendered":"<p>Gabriel Tarde sosyoloji, psikoloji, ekonomi, kriminoloji ve hukuk alanlar\u0131nda eserler vermi\u015f ve ya\u015fad\u0131\u011f\u0131 d\u00f6nemdeki h\u00e2kim anlay\u0131\u015flardan farkl\u0131 bir yakla\u015f\u0131mla \u00f6nemli katk\u0131lar yapm\u0131\u015f bir d\u00fc\u015f\u00fcn\u00fcr. Ekonomik Psikoloji<span class=\"excerpt-hellip\"> [\u2026]<\/span><\/p>\n","protected":false},"featured_media":0,"template":"","meta":{"_monsterinsights_skip_tracking":false,"_monsterinsights_sitenote_active":false,"_monsterinsights_sitenote_note":"","_monsterinsights_sitenote_category":0},"product_brand":[],"product_cat":[12324],"product_tag":[],"class_list":{"0":"post-754213","1":"product","2":"type-product","3":"status-publish","5":"product_cat-sosyoloji","6":"pa_cilt-ciltsiz","7":"pa_tur-kitap","8":"pa_yayinevi-dogu-bati-yayinlari","9":"pa_yazar-gabriel-de-tarde","11":"first","12":"instock","13":"sale","14":"shipping-taxable","15":"purchasable","16":"product-type-simple"},"_links":{"self":[{"href":"https:\/\/roveyayinevi.com.tr\/index.php\/wp-json\/wp\/v2\/product\/754213","targetHints":{"allow":["GET"]}}],"collection":[{"href":"https:\/\/roveyayinevi.com.tr\/index.php\/wp-json\/wp\/v2\/product"}],"about":[{"href":"https:\/\/roveyayinevi.com.tr\/index.php\/wp-json\/wp\/v2\/types\/product"}],"wp:attachment":[{"href":"https:\/\/roveyayinevi.com.tr\/index.php\/wp-json\/wp\/v2\/media?parent=754213"}],"wp:term":[{"taxonomy":"product_brand","embeddable":true,"href":"https:\/\/roveyayinevi.com.tr\/index.php\/wp-json\/wp\/v2\/product_brand?post=754213"},{"taxonomy":"product_cat","embeddable":true,"href":"https:\/\/roveyayinevi.com.tr\/index.php\/wp-json\/wp\/v2\/product_cat?post=754213"},{"taxonomy":"product_tag","embeddable":true,"href":"https:\/\/roveyayinevi.com.tr\/index.php\/wp-json\/wp\/v2\/product_tag?post=754213"}],"curies":[{"name":"wp","href":"https:\/\/api.w.org\/{rel}","templated":true}]}}