{"id":754195,"date":"2025-08-28T06:04:19","date_gmt":"2025-08-28T03:04:19","guid":{"rendered":"https:\/\/roveyayinevi.com.tr\/index.php\/urun\/ayrilisin-hatirasi\/"},"modified":"2026-04-16T03:07:43","modified_gmt":"2026-04-16T00:07:43","slug":"ayrilisin-hatirasi","status":"publish","type":"product","link":"https:\/\/roveyayinevi.com.tr\/index.php\/urun\/ayrilisin-hatirasi\/","title":{"rendered":"Ayr\u0131l\u0131s\u0327\u0131n Hat\u0131ras\u0131"},"content":{"rendered":"<p>2021\u2019de Nobel Edebiyat O\u0308du\u0308lu\u0308\u2019nu\u0308 kazanan Abdulrazak Gurnah, ilk roman\u0131 Ayr\u0131l\u0131s\u0327\u0131n Hat\u0131ras\u0131\u2019nda bile do\u0308rt do\u0308rtlu\u0308k bir romanc\u0131 oldug\u0306unu go\u0308steriyor. Abisinin o\u0308lu\u0308mu\u0308nden sorumlu tutulan Hasan, bir yandan da alkolik ve tacizci babas\u0131n\u0131n zorbal\u0131klar\u0131na katlanmaya c\u0327al\u0131s\u0327\u0131r ve bas\u0327\u0131na gelenleri bir nevi kadercilikle kabul eden annesinden yard\u0131m umar. Tu\u0308m zorluklara bir de u\u0308lkesinin c\u0327alkant\u0131l\u0131 politik atmosferinin getirdi\u011fi belirsizlikler eklenince is\u0327ler iyice ic\u0327inden c\u0327\u0131k\u0131lmaz bir hal al\u0131r. Girdig\u0306i u\u0308niversite s\u0131nav\u0131n\u0131n sonuc\u0327lar\u0131 bir tu\u0308rlu\u0308 ac\u0327\u0131klanmay\u0131nca, yurtd\u0131s\u0327\u0131na gitmeyi ve orada okumay\u0131 kafas\u0131na koyar. Bunun ic\u0327in gereken paray\u0131, Nairobi\u2019de yas\u0327ayan zengin day\u0131s\u0131ndan istemeye karar verip du\u0308s\u0327er yollara. Afrika\u2019n\u0131n asla dillendirilmeyen, dillendirilmedikc\u0327e insanlar\u0131n hayat\u0131n\u0131 her yo\u0308nden kus\u0327atan dertlerini go\u0308zler o\u0308nu\u0308ne seren olag\u0306anu\u0308stu\u0308 bir roman Ayr\u0131l\u0131s\u0327\u0131n Hat\u0131ras\u0131. \u201cAyr\u0131l\u0131s\u0327\u0131n Hat\u0131ras\u0131, Gurnah\u2019\u0131n gelis\u0327tirmeye devam ettig\u0306i bir o\u0308ru\u0308ntu\u0308 olus\u0327turdu: Eve dair bir klostrofobi ile su\u0308rgu\u0308nde olman\u0131n getirdig\u0306i yaln\u0131zl\u0131k aras\u0131nda durmaks\u0131z\u0131n mekik dokumak.\u201d Jul\u0131an Lucas <\/p>\n","protected":false},"excerpt":{"rendered":"<p>2021\u2019de Nobel Edebiyat O\u0308du\u0308lu\u0308\u2019nu\u0308 kazanan Abdulrazak Gurnah, ilk roman\u0131 Ayr\u0131l\u0131s\u0327\u0131n Hat\u0131ras\u0131\u2019nda bile do\u0308rt do\u0308rtlu\u0308k bir romanc\u0131 oldug\u0306unu go\u0308steriyor. Abisinin o\u0308lu\u0308mu\u0308nden sorumlu tutulan Hasan, bir yandan da<span class=\"excerpt-hellip\"> [\u2026]<\/span><\/p>\n","protected":false},"featured_media":0,"template":"","meta":{"_monsterinsights_skip_tracking":false,"_monsterinsights_sitenote_active":false,"_monsterinsights_sitenote_note":"","_monsterinsights_sitenote_category":0},"product_brand":[],"product_cat":[12291,12711],"product_tag":[],"class_list":{"0":"post-754195","1":"product","2":"type-product","3":"status-publish","5":"product_cat-edebiyat","6":"product_cat-roman-oyku","7":"pa_cilt-ciltsiz","8":"pa_tur-kitap","9":"pa_yayinevi-iletisim-yayinlari","10":"pa_yazar-abdulrazak-gurnah","12":"first","13":"instock","14":"sale","15":"shipping-taxable","16":"purchasable","17":"product-type-simple"},"_links":{"self":[{"href":"https:\/\/roveyayinevi.com.tr\/index.php\/wp-json\/wp\/v2\/product\/754195","targetHints":{"allow":["GET"]}}],"collection":[{"href":"https:\/\/roveyayinevi.com.tr\/index.php\/wp-json\/wp\/v2\/product"}],"about":[{"href":"https:\/\/roveyayinevi.com.tr\/index.php\/wp-json\/wp\/v2\/types\/product"}],"wp:attachment":[{"href":"https:\/\/roveyayinevi.com.tr\/index.php\/wp-json\/wp\/v2\/media?parent=754195"}],"wp:term":[{"taxonomy":"product_brand","embeddable":true,"href":"https:\/\/roveyayinevi.com.tr\/index.php\/wp-json\/wp\/v2\/product_brand?post=754195"},{"taxonomy":"product_cat","embeddable":true,"href":"https:\/\/roveyayinevi.com.tr\/index.php\/wp-json\/wp\/v2\/product_cat?post=754195"},{"taxonomy":"product_tag","embeddable":true,"href":"https:\/\/roveyayinevi.com.tr\/index.php\/wp-json\/wp\/v2\/product_tag?post=754195"}],"curies":[{"name":"wp","href":"https:\/\/api.w.org\/{rel}","templated":true}]}}