{"id":754186,"date":"2025-08-28T06:04:06","date_gmt":"2025-08-28T03:04:06","guid":{"rendered":"https:\/\/roveyayinevi.com.tr\/index.php\/urun\/evdeki-zurafa\/"},"modified":"2026-04-16T03:07:43","modified_gmt":"2026-04-16T00:07:43","slug":"evdeki-zurafa","status":"publish","type":"product","link":"https:\/\/roveyayinevi.com.tr\/index.php\/urun\/evdeki-zurafa\/","title":{"rendered":"Evdeki Z\u00fcrafa"},"content":{"rendered":"<p>Berkun Oya\u2019n\u0131n yaz\u0131p y\u00f6netti\u011fi Bir Ba\u015fkad\u0131r dizisi, gerek izleyiciden g\u00f6rd\u00fc\u011f\u00fc destek ve ald\u0131\u011f\u0131 kamusal alk\u0131\u015f\u0131n geni\u015fli\u011fi, gerekse kimi okuryazar \u00e7evrelerde neden oldu\u011fu b\u00fcy\u00fck yank\u0131n\u0131n ve uyand\u0131rd\u0131\u011f\u0131 yorumlama i\u015ftah\u0131n\u0131n \u00e7ap\u0131 dikkate al\u0131nd\u0131\u011f\u0131nda, bug\u00fcne dek \u00e7ok az yap\u0131ma nasip olmu\u015f benzersiz bir ilgiye mazhar oldu. Benzerlik-farkl\u0131l\u0131k ikilemi, memleket alg\u0131s\u0131ndaki de\u011fi\u015fimler ve laik-muhafazak\u00e2r ya\u015fam tarz\u0131 \u00e7at\u0131\u015fmas\u0131 \u00fczerine ba\u015flatt\u0131\u011f\u0131 \u00e7ok y\u00f6nl\u00fc tart\u0131\u015fma ve sanat alan\u0131nda T\u00fcrkiye toplumunun zihinsel haritas\u0131n\u0131 \u00e7\u0131karma giri\u015fimine yeltenmesi ba\u011flam\u0131nda \u00f6nemli bir yer edindi.   Evdeki Z\u00fcrafa, s\u00f6z konusu dizinin i\u00e7erdi\u011fi k\u00fclt\u00fcrel ve siyasal kodlar\u0131 oldu\u011fu kadar, dizinin T\u00fcrkiye toplumunun ideolojik ve sosyolojik meselelerine ili\u015fkin kurmaya \u00e7al\u0131\u015ft\u0131\u011f\u0131 analiz \u00e7er\u00e7evesine odaklanan \u00f6nemli bir kolektif giri\u015fim. Kitap, \u00f6zetle, Bir Ba\u015fkad\u0131r dizisinin s\u00f6yledikleri, s\u00f6ylemekten imtina ettikleri, belki yaln\u0131zca kap\u0131 aralamakla yetindikleri veya gizlemeye gayret ettikleri \u00fczerinden hareket eden, birbiriyle ilintili d\u00f6rt b\u00f6l\u00fcmden olu\u015fuyor. Birbirinden farkl\u0131 konumlanmalara ve bak\u0131\u015f a\u00e7\u0131lar\u0131na sahip metinleri bir araya getiren bu d\u00f6rt b\u00f6l\u00fcm, okuru dizinin \u00f6ne \u00e7\u0131kard\u0131\u011f\u0131 \u00f6nemli toplumsal meseleleri yeniden hat\u0131rlamaya ve \u00fczerinde d\u00fc\u015f\u00fcnmeye davet ediyor.   <\/p>\n","protected":false},"excerpt":{"rendered":"<p>Berkun Oya\u2019n\u0131n yaz\u0131p y\u00f6netti\u011fi Bir Ba\u015fkad\u0131r dizisi, gerek izleyiciden g\u00f6rd\u00fc\u011f\u00fc destek ve ald\u0131\u011f\u0131 kamusal alk\u0131\u015f\u0131n geni\u015fli\u011fi, gerekse kimi okuryazar \u00e7evrelerde neden oldu\u011fu b\u00fcy\u00fck yank\u0131n\u0131n ve uyand\u0131rd\u0131\u011f\u0131<span class=\"excerpt-hellip\"> [\u2026]<\/span><\/p>\n","protected":false},"featured_media":0,"template":"","meta":{"_monsterinsights_skip_tracking":false,"_monsterinsights_sitenote_active":false,"_monsterinsights_sitenote_note":"","_monsterinsights_sitenote_category":0},"product_brand":[],"product_cat":[12324],"product_tag":[],"class_list":{"0":"post-754186","1":"product","2":"type-product","3":"status-publish","5":"product_cat-sosyoloji","6":"pa_cilt-ciltsiz","7":"pa_tur-kitap","8":"pa_yayinevi-ithaki-yayinlari","9":"pa_yazar-huseyin-kose-ozgur-ipek","11":"first","12":"instock","13":"sale","14":"shipping-taxable","15":"purchasable","16":"product-type-simple"},"_links":{"self":[{"href":"https:\/\/roveyayinevi.com.tr\/index.php\/wp-json\/wp\/v2\/product\/754186","targetHints":{"allow":["GET"]}}],"collection":[{"href":"https:\/\/roveyayinevi.com.tr\/index.php\/wp-json\/wp\/v2\/product"}],"about":[{"href":"https:\/\/roveyayinevi.com.tr\/index.php\/wp-json\/wp\/v2\/types\/product"}],"wp:attachment":[{"href":"https:\/\/roveyayinevi.com.tr\/index.php\/wp-json\/wp\/v2\/media?parent=754186"}],"wp:term":[{"taxonomy":"product_brand","embeddable":true,"href":"https:\/\/roveyayinevi.com.tr\/index.php\/wp-json\/wp\/v2\/product_brand?post=754186"},{"taxonomy":"product_cat","embeddable":true,"href":"https:\/\/roveyayinevi.com.tr\/index.php\/wp-json\/wp\/v2\/product_cat?post=754186"},{"taxonomy":"product_tag","embeddable":true,"href":"https:\/\/roveyayinevi.com.tr\/index.php\/wp-json\/wp\/v2\/product_tag?post=754186"}],"curies":[{"name":"wp","href":"https:\/\/api.w.org\/{rel}","templated":true}]}}