{"id":754157,"date":"2025-08-28T06:03:11","date_gmt":"2025-08-28T03:03:11","guid":{"rendered":"https:\/\/roveyayinevi.com.tr\/index.php\/urun\/sen-ben-misin\/"},"modified":"2026-04-16T03:07:27","modified_gmt":"2026-04-16T00:07:27","slug":"sen-ben-misin","status":"publish","type":"product","link":"https:\/\/roveyayinevi.com.tr\/index.php\/urun\/sen-ben-misin\/","title":{"rendered":"Sen Ben misin?"},"content":{"rendered":"<p>Her birimizin y\u00fcr\u00fcd\u00fc\u011f\u00fc yol, varmak istedi\u011fi hedef mutlaka farkl\u0131d\u0131r. Ge\u00e7mi\u015fe bakt\u0131\u011f\u0131mda, ileri bir ya\u015fa kadar olan kendimi sorgulama s\u00fcreci boyunca, \u201cben\u201d kavram\u0131 her zaman konunun odak noktas\u0131nda olmu\u015ftur. S\u00f6ylediklerim ve yapt\u0131klar\u0131mla birlikte, d\u00fc\u015f\u00fcnce ve duygular\u0131mla biricik olan ben! Oysa y\u0131llar ge\u00e7tik\u00e7e, okuma alanlar\u0131m ve deneyimlerim \u00e7o\u011fald\u0131k\u00e7a, yery\u00fcz\u00fcnde yaln\u0131z olmad\u0131\u011f\u0131m\u0131, ba\u015fkalar\u0131n\u0131n da bu s\u00fcre\u00e7te bana \u00f6nemli katk\u0131lar sa\u011flad\u0131klar\u0131n\u0131 g\u00f6r\u00fcyorum. Ya\u015fant\u0131m\u0131 payla\u015fan, yoluma \u0131\u015f\u0131k tutan bu insanlar kadar, okudu\u011fum kitaplar olmasayd\u0131, ben bir ba\u015f\u0131ma kim oluyordum ki?..   Beni bu d\u00fcnyaya getiren ailemden ba\u015flayarak, bug\u00fcne gelmemi sa\u011flayan, hayat\u0131ma dokunmu\u015f olan herkesin, \u00f6nemli ya da \u00f6nemsiz bir etkisi mutlaka olmu\u015ftur. Bu etki, fark\u0131na varamasam da duygu, d\u00fc\u015f\u00fcnce ve davran\u0131\u015flar\u0131ma y\u00f6n vermi\u015f, bug\u00fcnk\u00fc \u201cben\u201di olu\u015fturmu\u015ftur. Bir\u00e7ok sanat\u00e7\u0131n\u0131n katk\u0131s\u0131yla yontulmu\u015f bir heykel gibi\u2026 Bu sanat\u00e7\u0131lar\u0131n ustal\u0131k d\u00fczeyine g\u00f6re, yarat\u0131lan her eser ayr\u0131 bir de\u011fer ta\u015f\u0131yabiliyor. Bunu g\u00f6z \u00f6n\u00fcne ald\u0131\u011f\u0131mda, benim i\u00e7imde biraz senin, biraz onun, biraz da ba\u015fkalar\u0131n\u0131n oldu\u011funu d\u00fc\u015f\u00fcn\u00fcyorum. Mevl\u00e2n\u00e2\u2019n\u0131n bir dizesini an\u0131msatarak:   \u201cSen ben misin, bilmiyorum, ben mi senim?\u201d  <\/p>\n","protected":false},"excerpt":{"rendered":"<p>Her birimizin y\u00fcr\u00fcd\u00fc\u011f\u00fc yol, varmak istedi\u011fi hedef mutlaka farkl\u0131d\u0131r. Ge\u00e7mi\u015fe bakt\u0131\u011f\u0131mda, ileri bir ya\u015fa kadar olan kendimi sorgulama s\u00fcreci boyunca, \u201cben\u201d kavram\u0131 her zaman konunun odak<span class=\"excerpt-hellip\"> [\u2026]<\/span><\/p>\n","protected":false},"featured_media":0,"template":"","meta":{"_monsterinsights_skip_tracking":false,"_monsterinsights_sitenote_active":false,"_monsterinsights_sitenote_note":"","_monsterinsights_sitenote_category":0},"product_brand":[],"product_cat":[12777,12291],"product_tag":[],"class_list":{"0":"post-754157","1":"product","2":"type-product","3":"status-publish","5":"product_cat-deneme","6":"product_cat-edebiyat","7":"pa_cilt-ciltsiz","8":"pa_tur-kitap","9":"pa_yayinevi-favori-yayinlari","10":"pa_yazar-avram-ventura","12":"first","13":"instock","14":"sale","15":"shipping-taxable","16":"purchasable","17":"product-type-simple"},"_links":{"self":[{"href":"https:\/\/roveyayinevi.com.tr\/index.php\/wp-json\/wp\/v2\/product\/754157","targetHints":{"allow":["GET"]}}],"collection":[{"href":"https:\/\/roveyayinevi.com.tr\/index.php\/wp-json\/wp\/v2\/product"}],"about":[{"href":"https:\/\/roveyayinevi.com.tr\/index.php\/wp-json\/wp\/v2\/types\/product"}],"wp:attachment":[{"href":"https:\/\/roveyayinevi.com.tr\/index.php\/wp-json\/wp\/v2\/media?parent=754157"}],"wp:term":[{"taxonomy":"product_brand","embeddable":true,"href":"https:\/\/roveyayinevi.com.tr\/index.php\/wp-json\/wp\/v2\/product_brand?post=754157"},{"taxonomy":"product_cat","embeddable":true,"href":"https:\/\/roveyayinevi.com.tr\/index.php\/wp-json\/wp\/v2\/product_cat?post=754157"},{"taxonomy":"product_tag","embeddable":true,"href":"https:\/\/roveyayinevi.com.tr\/index.php\/wp-json\/wp\/v2\/product_tag?post=754157"}],"curies":[{"name":"wp","href":"https:\/\/api.w.org\/{rel}","templated":true}]}}