{"id":754146,"date":"2025-08-28T06:02:52","date_gmt":"2025-08-28T03:02:52","guid":{"rendered":"https:\/\/roveyayinevi.com.tr\/index.php\/urun\/dunyayi-koruyabiliriz\/"},"modified":"2026-04-16T03:07:27","modified_gmt":"2026-04-16T00:07:27","slug":"dunyayi-koruyabiliriz","status":"publish","type":"product","link":"https:\/\/roveyayinevi.com.tr\/index.php\/urun\/dunyayi-koruyabiliriz\/","title":{"rendered":"D\u00fcnyay\u0131 Koruyabiliriz"},"content":{"rendered":"<p>\u00c7evreye ve do\u011faya sayg\u0131y\u0131 sevimli karakterlerle anlatan D\u00fcnyay\u0131 Koruyabiliriz, miniklere \u00f6m\u00fcr boyu s\u00fcrecek g\u00fczel al\u0131\u015fkanl\u0131klar kazand\u0131racak. \u00c7ocuklar bu e\u011flenceli \u00f6yk\u00fcyle \u00e7evreyi korumay\u0131 ve sorumlu bir birey olmay\u0131 kolayca \u00f6\u011frenecek.<\/p>\n","protected":false},"excerpt":{"rendered":"<p>\u00c7evreye ve do\u011faya sayg\u0131y\u0131 sevimli karakterlerle anlatan D\u00fcnyay\u0131 Koruyabiliriz, miniklere \u00f6m\u00fcr boyu s\u00fcrecek g\u00fczel al\u0131\u015fkanl\u0131klar kazand\u0131racak. \u00c7ocuklar bu e\u011flenceli \u00f6yk\u00fcyle \u00e7evreyi korumay\u0131 ve sorumlu bir birey<span class=\"excerpt-hellip\"> [\u2026]<\/span><\/p>\n","protected":false},"featured_media":0,"template":"","meta":{"_monsterinsights_skip_tracking":false,"_monsterinsights_sitenote_active":false,"_monsterinsights_sitenote_note":"","_monsterinsights_sitenote_category":0},"product_brand":[],"product_cat":[12274,12284],"product_tag":[],"class_list":{"0":"post-754146","1":"product","2":"type-product","3":"status-publish","5":"product_cat-cocuk-ve-genclik-kitaplari","6":"product_cat-hikayeler","7":"pa_cilt-ciltsiz","8":"pa_tur-kitap","9":"pa_yayinevi-koc-universitesi-yayinlari","10":"pa_yazar-marnie-willow","12":"first","13":"instock","14":"sale","15":"shipping-taxable","16":"purchasable","17":"product-type-simple"},"_links":{"self":[{"href":"https:\/\/roveyayinevi.com.tr\/index.php\/wp-json\/wp\/v2\/product\/754146","targetHints":{"allow":["GET"]}}],"collection":[{"href":"https:\/\/roveyayinevi.com.tr\/index.php\/wp-json\/wp\/v2\/product"}],"about":[{"href":"https:\/\/roveyayinevi.com.tr\/index.php\/wp-json\/wp\/v2\/types\/product"}],"wp:attachment":[{"href":"https:\/\/roveyayinevi.com.tr\/index.php\/wp-json\/wp\/v2\/media?parent=754146"}],"wp:term":[{"taxonomy":"product_brand","embeddable":true,"href":"https:\/\/roveyayinevi.com.tr\/index.php\/wp-json\/wp\/v2\/product_brand?post=754146"},{"taxonomy":"product_cat","embeddable":true,"href":"https:\/\/roveyayinevi.com.tr\/index.php\/wp-json\/wp\/v2\/product_cat?post=754146"},{"taxonomy":"product_tag","embeddable":true,"href":"https:\/\/roveyayinevi.com.tr\/index.php\/wp-json\/wp\/v2\/product_tag?post=754146"}],"curies":[{"name":"wp","href":"https:\/\/api.w.org\/{rel}","templated":true}]}}