{"id":754137,"date":"2025-08-28T06:02:36","date_gmt":"2025-08-28T03:02:36","guid":{"rendered":"https:\/\/roveyayinevi.com.tr\/index.php\/urun\/yanmissam-yanlissin\/"},"modified":"2026-04-16T03:07:27","modified_gmt":"2026-04-16T00:07:27","slug":"yanmissam-yanlissin","status":"publish","type":"product","link":"https:\/\/roveyayinevi.com.tr\/index.php\/urun\/yanmissam-yanlissin\/","title":{"rendered":"Yanm\u0131\u015fsam Yanl\u0131\u015fs\u0131n"},"content":{"rendered":"<p>Nas\u0131l da yorgunuz \u015fimdi biz \u00f6yle!\u00c7al\u0131nt\u0131 hayallerle firar etmi\u015f zaman!Hem sevday\u0131, hem de bizi ziyan etmi\u015f ama;E\u015fkalini tarif etmi\u015f b\u0131rakt\u0131\u011f\u0131 yara&#8230; \u201cS\u0131rt\u0131mdan vuruldu\u011fumdan beri edebiyatlailgileniyorum; bunu size daha evvel s\u00f6ylemi\u015ftim&#8230;Uzun zamand\u0131r ya\u015fay\u0131p yazd\u0131\u011f\u0131m bir\u00e7ok \u015fey var; kimizaman \u015fiirler yaz\u0131p biriktirdim, kimi zaman o\u015fiirlerden sizinle ayn\u0131 ac\u0131larda bulu\u015ftu\u011fum \u015fark\u0131laryapt\u0131m, kimi zaman da adeta bir g\u00fcnl\u00fck okuyormu\u015fhissi veren yaz\u0131lar\u0131m oldu. Hen\u00fcz neredeysehi\u00e7birinizin okumad\u0131\u011f\u0131, benim bile uzun zamand\u0131ra\u00e7\u0131p bakmad\u0131\u011f\u0131m yaz\u0131lar. Yine uzun zamand\u0131r hayaletti\u011fim bir \u015feyi yapmak art\u0131k nasibim oldu ve size buyaz\u0131lardan bir araya getirdi\u011fim bir kitap b\u0131rakt\u0131m.\u201d Tekir, a\u015fk\u0131n hayat\u0131n\u0131 nas\u0131l de\u011fi\u015ftirdi\u011fini ve geriyekalanlar\u0131n duygular\u0131 nas\u0131l konu\u015fturdu\u011funu t\u00fcmsamimiyetiyle anlat\u0131rken, okurlar\u0131na kalbinin kap\u0131lar\u0131n\u0131sonuna kadar a\u00e7\u0131yor&#8230;<\/p>\n","protected":false},"excerpt":{"rendered":"<p>Nas\u0131l da yorgunuz \u015fimdi biz \u00f6yle!\u00c7al\u0131nt\u0131 hayallerle firar etmi\u015f zaman!Hem sevday\u0131, hem de bizi ziyan etmi\u015f ama;E\u015fkalini tarif etmi\u015f b\u0131rakt\u0131\u011f\u0131 yara&#8230; \u201cS\u0131rt\u0131mdan vuruldu\u011fumdan beri edebiyatlailgileniyorum; bunu<span class=\"excerpt-hellip\"> [\u2026]<\/span><\/p>\n","protected":false},"featured_media":0,"template":"","meta":{"_monsterinsights_skip_tracking":false,"_monsterinsights_sitenote_active":false,"_monsterinsights_sitenote_note":"","_monsterinsights_sitenote_category":0},"product_brand":[],"product_cat":[12777,12291],"product_tag":[],"class_list":{"0":"post-754137","1":"product","2":"type-product","3":"status-publish","5":"product_cat-deneme","6":"product_cat-edebiyat","7":"pa_cilt-ciltsiz","8":"pa_tur-kitap","9":"pa_yayinevi-nemesis-kitap","10":"pa_yazar-tekir","12":"first","13":"instock","14":"sale","15":"shipping-taxable","16":"purchasable","17":"product-type-simple"},"_links":{"self":[{"href":"https:\/\/roveyayinevi.com.tr\/index.php\/wp-json\/wp\/v2\/product\/754137","targetHints":{"allow":["GET"]}}],"collection":[{"href":"https:\/\/roveyayinevi.com.tr\/index.php\/wp-json\/wp\/v2\/product"}],"about":[{"href":"https:\/\/roveyayinevi.com.tr\/index.php\/wp-json\/wp\/v2\/types\/product"}],"wp:attachment":[{"href":"https:\/\/roveyayinevi.com.tr\/index.php\/wp-json\/wp\/v2\/media?parent=754137"}],"wp:term":[{"taxonomy":"product_brand","embeddable":true,"href":"https:\/\/roveyayinevi.com.tr\/index.php\/wp-json\/wp\/v2\/product_brand?post=754137"},{"taxonomy":"product_cat","embeddable":true,"href":"https:\/\/roveyayinevi.com.tr\/index.php\/wp-json\/wp\/v2\/product_cat?post=754137"},{"taxonomy":"product_tag","embeddable":true,"href":"https:\/\/roveyayinevi.com.tr\/index.php\/wp-json\/wp\/v2\/product_tag?post=754137"}],"curies":[{"name":"wp","href":"https:\/\/api.w.org\/{rel}","templated":true}]}}