{"id":754093,"date":"2025-08-28T06:01:23","date_gmt":"2025-08-28T03:01:23","guid":{"rendered":"https:\/\/roveyayinevi.com.tr\/index.php\/urun\/renksiz-cilt-2\/"},"modified":"2026-04-16T03:07:26","modified_gmt":"2026-04-16T00:07:26","slug":"renksiz-cilt-2","status":"publish","type":"product","link":"https:\/\/roveyayinevi.com.tr\/index.php\/urun\/renksiz-cilt-2\/","title":{"rendered":"Renksiz Cilt 2"},"content":{"rendered":"<p>D\u00dcNYA B\u00dcY\u00dcK B\u0130R G\u00dcNE\u015e PATLAMASIYLA B\u00dcT\u00dcN RENKLER\u0130N\u0130 KAYBETT\u0130.   Ba\u015fkala\u015f\u0131m ge\u00e7iren insanl\u0131ksa bu\u0308yu\u0308k bir \u00e7\u00f6ku\u0308\u015fu\u0308n e\u015fi\u011findeydi. Avidia ve di\u011ferleri, renklerin gu\u0308cu\u0308nu\u0308 kullanarak du\u0308nyay\u0131 y\u00f6netmeye \u00e7al\u0131\u015fan Tarikat\u2019la aralar\u0131ndaki bu\u0308yu\u0308k gu\u0308\u00e7 dengesizli\u011finin fark\u0131na var\u0131nca silahlar\u0131n\u0131 gu\u0308\u00e7lendirmek ve yeni renk pigmentleri \u00e7\u0131karmak i\u00e7in Kamunabi Da\u011f\u0131\u2019na gidiyor. Ancak d\u00f6nu\u0308\u015f yolunda Tarikat\u2019\u0131n teknolojisiyle vu\u0308cutlar\u0131 gu\u0308\u00e7lendirilen Jikaimu ve Ninmu onlara sald\u0131racak. <\/p>\n","protected":false},"excerpt":{"rendered":"<p>D\u00dcNYA B\u00dcY\u00dcK B\u0130R G\u00dcNE\u015e PATLAMASIYLA B\u00dcT\u00dcN RENKLER\u0130N\u0130 KAYBETT\u0130. Ba\u015fkala\u015f\u0131m ge\u00e7iren insanl\u0131ksa bu\u0308yu\u0308k bir \u00e7\u00f6ku\u0308\u015fu\u0308n e\u015fi\u011findeydi. Avidia ve di\u011ferleri, renklerin gu\u0308cu\u0308nu\u0308 kullanarak du\u0308nyay\u0131 y\u00f6netmeye \u00e7al\u0131\u015fan Tarikat\u2019la aralar\u0131ndaki<span class=\"excerpt-hellip\"> [\u2026]<\/span><\/p>\n","protected":false},"featured_media":0,"template":"","meta":{"_monsterinsights_skip_tracking":false,"_monsterinsights_sitenote_active":false,"_monsterinsights_sitenote_note":"","_monsterinsights_sitenote_category":0},"product_brand":[],"product_cat":[12416,12291],"product_tag":[],"class_list":{"0":"post-754093","1":"product","2":"type-product","3":"status-publish","5":"product_cat-cizgi-roman","6":"product_cat-edebiyat","7":"pa_cilt-ciltsiz","8":"pa_tur-kitap","9":"pa_yayinevi-kayip-kita-yayinlari","10":"pa_yazar-kent","12":"first","13":"instock","14":"sale","15":"shipping-taxable","16":"purchasable","17":"product-type-simple"},"_links":{"self":[{"href":"https:\/\/roveyayinevi.com.tr\/index.php\/wp-json\/wp\/v2\/product\/754093","targetHints":{"allow":["GET"]}}],"collection":[{"href":"https:\/\/roveyayinevi.com.tr\/index.php\/wp-json\/wp\/v2\/product"}],"about":[{"href":"https:\/\/roveyayinevi.com.tr\/index.php\/wp-json\/wp\/v2\/types\/product"}],"wp:attachment":[{"href":"https:\/\/roveyayinevi.com.tr\/index.php\/wp-json\/wp\/v2\/media?parent=754093"}],"wp:term":[{"taxonomy":"product_brand","embeddable":true,"href":"https:\/\/roveyayinevi.com.tr\/index.php\/wp-json\/wp\/v2\/product_brand?post=754093"},{"taxonomy":"product_cat","embeddable":true,"href":"https:\/\/roveyayinevi.com.tr\/index.php\/wp-json\/wp\/v2\/product_cat?post=754093"},{"taxonomy":"product_tag","embeddable":true,"href":"https:\/\/roveyayinevi.com.tr\/index.php\/wp-json\/wp\/v2\/product_tag?post=754093"}],"curies":[{"name":"wp","href":"https:\/\/api.w.org\/{rel}","templated":true}]}}