{"id":754086,"date":"2025-08-28T06:01:15","date_gmt":"2025-08-28T03:01:15","guid":{"rendered":"https:\/\/roveyayinevi.com.tr\/index.php\/urun\/ejderha-bakicisi-ucuyor\/"},"modified":"2026-04-16T03:07:26","modified_gmt":"2026-04-16T00:07:26","slug":"ejderha-bakicisi-ucuyor","status":"publish","type":"product","link":"https:\/\/roveyayinevi.com.tr\/index.php\/urun\/ejderha-bakicisi-ucuyor\/","title":{"rendered":"Ejderha Bak\u0131c\u0131s\u0131 U\u00e7uyor"},"content":{"rendered":"<p>Sevgili Morton Day\u0131, Rahats\u0131z edilmek istemedi\u011fini biliyorum ama sana k\u00f6t\u00fc bir haberim var. Ziggy kayboldu. Onu aramal\u0131 m\u0131y\u0131z, Morton day\u0131? Aramam\u0131z gerekiyorsa da nereye bakmal\u0131y\u0131z? Eddie Eddie, EJDERHA BAKICILI\u011eININ bu sefer kolay olaca\u011f\u0131n\u0131 san\u0131yordu. Yapmas\u0131 gereken tek \u015fey, Morton day\u0131s\u0131n\u0131n talimatlar\u0131n\u0131 uygulamakt\u0131: Bir s\u00fcr\u00fc \u00c7\u0130KOLATA al, DONDURMAYI sakla ve hava karard\u0131ktan sonra Ziggy\u2019nin d\u0131\u015far\u0131 \u00e7\u0131kmas\u0131na izin verme. Fakat Ziggy birden ortadan kaybolur ve Eddie, day\u0131s\u0131n\u0131n ejderhas\u0131n\u0131n B\u00dcY\u00dcK bir s\u0131r saklad\u0131\u011f\u0131n\u0131 \u00f6\u011frenir.<\/p>\n","protected":false},"excerpt":{"rendered":"<p>Sevgili Morton Day\u0131, Rahats\u0131z edilmek istemedi\u011fini biliyorum ama sana k\u00f6t\u00fc bir haberim var. Ziggy kayboldu. Onu aramal\u0131 m\u0131y\u0131z, Morton day\u0131? Aramam\u0131z gerekiyorsa da nereye bakmal\u0131y\u0131z? Eddie<span class=\"excerpt-hellip\"> [\u2026]<\/span><\/p>\n","protected":false},"featured_media":0,"template":"","meta":{"_monsterinsights_skip_tracking":false,"_monsterinsights_sitenote_active":false,"_monsterinsights_sitenote_note":"","_monsterinsights_sitenote_category":0},"product_brand":[],"product_cat":[12274,12284],"product_tag":[],"class_list":{"0":"post-754086","1":"product","2":"type-product","3":"status-publish","5":"product_cat-cocuk-ve-genclik-kitaplari","6":"product_cat-hikayeler","7":"pa_cilt-ciltsiz","8":"pa_tur-kitap","9":"pa_yayinevi-peta-kitap","10":"pa_yazar-josh-lacey","12":"first","13":"instock","14":"sale","15":"shipping-taxable","16":"purchasable","17":"product-type-simple"},"_links":{"self":[{"href":"https:\/\/roveyayinevi.com.tr\/index.php\/wp-json\/wp\/v2\/product\/754086","targetHints":{"allow":["GET"]}}],"collection":[{"href":"https:\/\/roveyayinevi.com.tr\/index.php\/wp-json\/wp\/v2\/product"}],"about":[{"href":"https:\/\/roveyayinevi.com.tr\/index.php\/wp-json\/wp\/v2\/types\/product"}],"wp:attachment":[{"href":"https:\/\/roveyayinevi.com.tr\/index.php\/wp-json\/wp\/v2\/media?parent=754086"}],"wp:term":[{"taxonomy":"product_brand","embeddable":true,"href":"https:\/\/roveyayinevi.com.tr\/index.php\/wp-json\/wp\/v2\/product_brand?post=754086"},{"taxonomy":"product_cat","embeddable":true,"href":"https:\/\/roveyayinevi.com.tr\/index.php\/wp-json\/wp\/v2\/product_cat?post=754086"},{"taxonomy":"product_tag","embeddable":true,"href":"https:\/\/roveyayinevi.com.tr\/index.php\/wp-json\/wp\/v2\/product_tag?post=754086"}],"curies":[{"name":"wp","href":"https:\/\/api.w.org\/{rel}","templated":true}]}}