{"id":754072,"date":"2025-08-28T06:00:50","date_gmt":"2025-08-28T03:00:50","guid":{"rendered":"https:\/\/roveyayinevi.com.tr\/index.php\/urun\/arkadasi-suclamak\/"},"modified":"2026-04-16T03:07:25","modified_gmt":"2026-04-16T00:07:25","slug":"arkadasi-suclamak","status":"publish","type":"product","link":"https:\/\/roveyayinevi.com.tr\/index.php\/urun\/arkadasi-suclamak\/","title":{"rendered":"Arkada\u015f\u0131 Su\u00e7lamak"},"content":{"rendered":"<p>BA\u015e \u015e\u00dcPHEL\u0130 ON YED\u0130 YA\u015eINDA B\u0130R KIZ   En yak\u0131n arkada\u015f\u0131m S\u00f5\u0131n\u2019\u0131n cesedi okulun arkas\u0131ndaki bo\u015f arazide bulundu. Arkada\u015f\u0131m\u0131 kim \u00f6ld\u00fcrm\u00fc\u015f olabilir?   Ezici bir s\u00fcr\u00fckleyici gu\u0308\u00e7, \u00e7alkant\u0131l\u0131 geli\u015fmeler&#8230; Ve sonu tahmin edilemez, \u015fa\u015f\u0131rt\u0131c\u0131 bir hik\u00e2ye.   \u201cRoman, hakikat ve inan\u00e7 u\u0308zerine bir hik\u00e2yeden olu\u015fuyor. S\u0131k s\u0131k hakikat u\u0308zerine kafa yorar\u0131m. Hakikat, ger\u00e7ekte oldu\u011fu gibi midir, yoksa insanlar\u0131n olmas\u0131n\u0131 istedi\u011fi gibi mi \u015fekillenir? Hik\u00e2ye, i\u015fte bu noktadan yola \u00e7\u0131kt\u0131.\u201d \u2013 Lee Kkoch-Nim <\/p>\n","protected":false},"excerpt":{"rendered":"<p>BA\u015e \u015e\u00dcPHEL\u0130 ON YED\u0130 YA\u015eINDA B\u0130R KIZ En yak\u0131n arkada\u015f\u0131m S\u00f5\u0131n\u2019\u0131n cesedi okulun arkas\u0131ndaki bo\u015f arazide bulundu. Arkada\u015f\u0131m\u0131 kim \u00f6ld\u00fcrm\u00fc\u015f olabilir? Ezici bir s\u00fcr\u00fckleyici gu\u0308\u00e7, \u00e7alkant\u0131l\u0131<span class=\"excerpt-hellip\"> [\u2026]<\/span><\/p>\n","protected":false},"featured_media":0,"template":"","meta":{"_monsterinsights_skip_tracking":false,"_monsterinsights_sitenote_active":false,"_monsterinsights_sitenote_note":"","_monsterinsights_sitenote_category":0},"product_brand":[],"product_cat":[12416,12291],"product_tag":[],"class_list":{"0":"post-754072","1":"product","2":"type-product","3":"status-publish","5":"product_cat-cizgi-roman","6":"product_cat-edebiyat","7":"pa_cilt-ciltsiz","8":"pa_tur-kitap","9":"pa_yayinevi-athica-yayinlari","10":"pa_yazar-lee-kkochnim","12":"first","13":"instock","14":"sale","15":"shipping-taxable","16":"purchasable","17":"product-type-simple"},"_links":{"self":[{"href":"https:\/\/roveyayinevi.com.tr\/index.php\/wp-json\/wp\/v2\/product\/754072","targetHints":{"allow":["GET"]}}],"collection":[{"href":"https:\/\/roveyayinevi.com.tr\/index.php\/wp-json\/wp\/v2\/product"}],"about":[{"href":"https:\/\/roveyayinevi.com.tr\/index.php\/wp-json\/wp\/v2\/types\/product"}],"wp:attachment":[{"href":"https:\/\/roveyayinevi.com.tr\/index.php\/wp-json\/wp\/v2\/media?parent=754072"}],"wp:term":[{"taxonomy":"product_brand","embeddable":true,"href":"https:\/\/roveyayinevi.com.tr\/index.php\/wp-json\/wp\/v2\/product_brand?post=754072"},{"taxonomy":"product_cat","embeddable":true,"href":"https:\/\/roveyayinevi.com.tr\/index.php\/wp-json\/wp\/v2\/product_cat?post=754072"},{"taxonomy":"product_tag","embeddable":true,"href":"https:\/\/roveyayinevi.com.tr\/index.php\/wp-json\/wp\/v2\/product_tag?post=754072"}],"curies":[{"name":"wp","href":"https:\/\/api.w.org\/{rel}","templated":true}]}}