{"id":754066,"date":"2025-08-28T06:00:41","date_gmt":"2025-08-28T03:00:41","guid":{"rendered":"https:\/\/roveyayinevi.com.tr\/index.php\/urun\/moda-baskentleri-tokyo-modayi-seviyoruz\/"},"modified":"2026-04-16T03:07:25","modified_gmt":"2026-04-16T00:07:25","slug":"moda-baskentleri-tokyo-modayi-seviyoruz","status":"publish","type":"product","link":"https:\/\/roveyayinevi.com.tr\/index.php\/urun\/moda-baskentleri-tokyo-modayi-seviyoruz\/","title":{"rendered":"Moda Ba\u015fkentleri Tokyo &#8211; Moday\u0131 Seviyoruz"},"content":{"rendered":"<p>C\u0327ARPICI MODANIN S\u0327EHRI\u0307 TOKYO\u2019YA HOS\u0327 GELDI\u0307NI\u0307Z!   Egzotik Dog\u0306u\u2019nun bu s\u0327as\u0327\u0131rt\u0131c\u0131, tuhaf ama c\u0327ok s\u0327\u0131k moda du\u0308nyas\u0131na bir go\u0308z at\u0131n! Podyumda yu\u0308ru\u0308yen mankenleri renklendirin ve onlar\u0131 lu\u0308ks c\u0327\u0131kartmalarla su\u0308sleyin. <\/p>\n","protected":false},"excerpt":{"rendered":"<p>C\u0327ARPICI MODANIN S\u0327EHRI\u0307 TOKYO\u2019YA HOS\u0327 GELDI\u0307NI\u0307Z! Egzotik Dog\u0306u\u2019nun bu s\u0327as\u0327\u0131rt\u0131c\u0131, tuhaf ama c\u0327ok s\u0327\u0131k moda du\u0308nyas\u0131na bir go\u0308z at\u0131n! Podyumda yu\u0308ru\u0308yen mankenleri renklendirin ve onlar\u0131 lu\u0308ks<span class=\"excerpt-hellip\"> [\u2026]<\/span><\/p>\n","protected":false},"featured_media":0,"template":"","meta":{"_monsterinsights_skip_tracking":false,"_monsterinsights_sitenote_active":false,"_monsterinsights_sitenote_note":"","_monsterinsights_sitenote_category":0},"product_brand":[],"product_cat":[12644,12274],"product_tag":[],"class_list":{"0":"post-754066","1":"product","2":"type-product","3":"status-publish","5":"product_cat-boyama-kitaplari","6":"product_cat-cocuk-ve-genclik-kitaplari","7":"pa_cilt-ciltsiz","8":"pa_tur-kitap","9":"pa_yayinevi-eksik-parca-yayinlari","10":"pa_yazar-roberta-masidlauskyte","12":"first","13":"instock","14":"sale","15":"shipping-taxable","16":"purchasable","17":"product-type-simple"},"_links":{"self":[{"href":"https:\/\/roveyayinevi.com.tr\/index.php\/wp-json\/wp\/v2\/product\/754066","targetHints":{"allow":["GET"]}}],"collection":[{"href":"https:\/\/roveyayinevi.com.tr\/index.php\/wp-json\/wp\/v2\/product"}],"about":[{"href":"https:\/\/roveyayinevi.com.tr\/index.php\/wp-json\/wp\/v2\/types\/product"}],"wp:attachment":[{"href":"https:\/\/roveyayinevi.com.tr\/index.php\/wp-json\/wp\/v2\/media?parent=754066"}],"wp:term":[{"taxonomy":"product_brand","embeddable":true,"href":"https:\/\/roveyayinevi.com.tr\/index.php\/wp-json\/wp\/v2\/product_brand?post=754066"},{"taxonomy":"product_cat","embeddable":true,"href":"https:\/\/roveyayinevi.com.tr\/index.php\/wp-json\/wp\/v2\/product_cat?post=754066"},{"taxonomy":"product_tag","embeddable":true,"href":"https:\/\/roveyayinevi.com.tr\/index.php\/wp-json\/wp\/v2\/product_tag?post=754066"}],"curies":[{"name":"wp","href":"https:\/\/api.w.org\/{rel}","templated":true}]}}