{"id":754065,"date":"2025-08-28T06:00:39","date_gmt":"2025-08-28T03:00:39","guid":{"rendered":"https:\/\/roveyayinevi.com.tr\/index.php\/urun\/pop-starlar-sarkicilar-modayi-seviyoruz\/"},"modified":"2026-04-16T03:07:25","modified_gmt":"2026-04-16T00:07:25","slug":"pop-starlar-sarkicilar-modayi-seviyoruz","status":"publish","type":"product","link":"https:\/\/roveyayinevi.com.tr\/index.php\/urun\/pop-starlar-sarkicilar-modayi-seviyoruz\/","title":{"rendered":"Pop Starlar \u015eark\u0131c\u0131lar &#8211; Moday\u0131 Seviyoruz"},"content":{"rendered":"<p>Mikrofonu kap ve tarz sahibi grubumuzla birlikte sahnede bir y\u0131ld\u0131z ol!   \u015eark\u0131c\u0131lar\u0131n d\u00fcnyas\u0131 \u0131\u015f\u0131lt\u0131l\u0131 ve tahmin edebilece\u011fin gibi her zaman de\u011fi\u015fim halinde. Farkl\u0131 k\u0131yafetler, parlak bir makyaj, g\u00f6z al\u0131c\u0131 aksesuarlar\u2026 Sahne \u00fcst\u00fcnde her \u015feyin en iyisini bulacaks\u0131n. Tarz sahibi \u015fark\u0131c\u0131lar\u0131 boya, onlar\u0131 \u00e7\u0131kartmalarla s\u00fcsle ve m\u00fczik d\u00fcnyas\u0131nda parlayan bir y\u0131ld\u0131z ol! <\/p>\n","protected":false},"excerpt":{"rendered":"<p>Mikrofonu kap ve tarz sahibi grubumuzla birlikte sahnede bir y\u0131ld\u0131z ol! \u015eark\u0131c\u0131lar\u0131n d\u00fcnyas\u0131 \u0131\u015f\u0131lt\u0131l\u0131 ve tahmin edebilece\u011fin gibi her zaman de\u011fi\u015fim halinde. Farkl\u0131 k\u0131yafetler, parlak bir<span class=\"excerpt-hellip\"> [\u2026]<\/span><\/p>\n","protected":false},"featured_media":0,"template":"","meta":{"_monsterinsights_skip_tracking":false,"_monsterinsights_sitenote_active":false,"_monsterinsights_sitenote_note":"","_monsterinsights_sitenote_category":0},"product_brand":[],"product_cat":[12644,12274],"product_tag":[],"class_list":{"0":"post-754065","1":"product","2":"type-product","3":"status-publish","5":"product_cat-boyama-kitaplari","6":"product_cat-cocuk-ve-genclik-kitaplari","7":"pa_cilt-ciltsiz","8":"pa_tur-kitap","9":"pa_yayinevi-eksik-parca-yayinlari","10":"pa_yazar-zivile-agurkyte","12":"first","13":"instock","14":"sale","15":"shipping-taxable","16":"purchasable","17":"product-type-simple"},"_links":{"self":[{"href":"https:\/\/roveyayinevi.com.tr\/index.php\/wp-json\/wp\/v2\/product\/754065","targetHints":{"allow":["GET"]}}],"collection":[{"href":"https:\/\/roveyayinevi.com.tr\/index.php\/wp-json\/wp\/v2\/product"}],"about":[{"href":"https:\/\/roveyayinevi.com.tr\/index.php\/wp-json\/wp\/v2\/types\/product"}],"wp:attachment":[{"href":"https:\/\/roveyayinevi.com.tr\/index.php\/wp-json\/wp\/v2\/media?parent=754065"}],"wp:term":[{"taxonomy":"product_brand","embeddable":true,"href":"https:\/\/roveyayinevi.com.tr\/index.php\/wp-json\/wp\/v2\/product_brand?post=754065"},{"taxonomy":"product_cat","embeddable":true,"href":"https:\/\/roveyayinevi.com.tr\/index.php\/wp-json\/wp\/v2\/product_cat?post=754065"},{"taxonomy":"product_tag","embeddable":true,"href":"https:\/\/roveyayinevi.com.tr\/index.php\/wp-json\/wp\/v2\/product_tag?post=754065"}],"curies":[{"name":"wp","href":"https:\/\/api.w.org\/{rel}","templated":true}]}}