{"id":754061,"date":"2025-08-28T06:00:33","date_gmt":"2025-08-28T03:00:33","guid":{"rendered":"https:\/\/roveyayinevi.com.tr\/index.php\/urun\/merhabalar-gunu\/"},"modified":"2026-04-16T03:07:25","modified_gmt":"2026-04-16T00:07:25","slug":"merhabalar-gunu","status":"publish","type":"product","link":"https:\/\/roveyayinevi.com.tr\/index.php\/urun\/merhabalar-gunu\/","title":{"rendered":"Merhabalar G\u00fcn\u00fc"},"content":{"rendered":"<p>Ka\u00e7\u0131yordum K\u00f6t\u00fcl\u00fcklerden ka\u00e7\u0131yordum Kalabal\u0131klardan ka\u00e7\u0131yordum Kendimden ve g\u00fcnahlar\u0131mdan ka\u00e7\u0131yordum \u00d6l\u00fcm vard\u0131 Ondan ka\u00e7\u0131yordum G\u00fczelli\u011fi bulacakt\u0131m Ona ka\u00e7\u0131yordum G\u00fczelli\u011fin bah\u00e7esine vard\u0131m Solukland\u0131m Reyhan, nane kokusunu ald\u0131m Uzand\u0131m akasyaya de\u011fdi ellerim Ve Zuhal\u2019i bah\u00e7ede g\u00f6rd\u00fcm <\/p>\n","protected":false},"excerpt":{"rendered":"<p>Ka\u00e7\u0131yordum K\u00f6t\u00fcl\u00fcklerden ka\u00e7\u0131yordum Kalabal\u0131klardan ka\u00e7\u0131yordum Kendimden ve g\u00fcnahlar\u0131mdan ka\u00e7\u0131yordum \u00d6l\u00fcm vard\u0131 Ondan ka\u00e7\u0131yordum G\u00fczelli\u011fi bulacakt\u0131m Ona ka\u00e7\u0131yordum G\u00fczelli\u011fin bah\u00e7esine vard\u0131m Solukland\u0131m Reyhan, nane kokusunu ald\u0131m Uzand\u0131m<span class=\"excerpt-hellip\"> [\u2026]<\/span><\/p>\n","protected":false},"featured_media":0,"template":"","meta":{"_monsterinsights_skip_tracking":false,"_monsterinsights_sitenote_active":false,"_monsterinsights_sitenote_note":"","_monsterinsights_sitenote_category":0},"product_brand":[],"product_cat":[12291,12509],"product_tag":[],"class_list":{"0":"post-754061","1":"product","2":"type-product","3":"status-publish","5":"product_cat-edebiyat","6":"product_cat-siir","7":"pa_cilt-ciltsiz","8":"pa_tur-kitap","9":"pa_yayinevi-kitap-muptelasi-yayinlari","10":"pa_yazar-bedri-ilcan","12":"first","13":"instock","14":"sale","15":"shipping-taxable","16":"purchasable","17":"product-type-simple"},"_links":{"self":[{"href":"https:\/\/roveyayinevi.com.tr\/index.php\/wp-json\/wp\/v2\/product\/754061","targetHints":{"allow":["GET"]}}],"collection":[{"href":"https:\/\/roveyayinevi.com.tr\/index.php\/wp-json\/wp\/v2\/product"}],"about":[{"href":"https:\/\/roveyayinevi.com.tr\/index.php\/wp-json\/wp\/v2\/types\/product"}],"wp:attachment":[{"href":"https:\/\/roveyayinevi.com.tr\/index.php\/wp-json\/wp\/v2\/media?parent=754061"}],"wp:term":[{"taxonomy":"product_brand","embeddable":true,"href":"https:\/\/roveyayinevi.com.tr\/index.php\/wp-json\/wp\/v2\/product_brand?post=754061"},{"taxonomy":"product_cat","embeddable":true,"href":"https:\/\/roveyayinevi.com.tr\/index.php\/wp-json\/wp\/v2\/product_cat?post=754061"},{"taxonomy":"product_tag","embeddable":true,"href":"https:\/\/roveyayinevi.com.tr\/index.php\/wp-json\/wp\/v2\/product_tag?post=754061"}],"curies":[{"name":"wp","href":"https:\/\/api.w.org\/{rel}","templated":true}]}}