{"id":754050,"date":"2025-08-28T06:00:16","date_gmt":"2025-08-28T03:00:16","guid":{"rendered":"https:\/\/roveyayinevi.com.tr\/index.php\/urun\/temmuz-1914-savasa-dogru-geri-sayim\/"},"modified":"2026-04-16T03:07:25","modified_gmt":"2026-04-16T00:07:25","slug":"temmuz-1914-savasa-dogru-geri-sayim","status":"publish","type":"product","link":"https:\/\/roveyayinevi.com.tr\/index.php\/urun\/temmuz-1914-savasa-dogru-geri-sayim\/","title":{"rendered":"Temmuz 1914 \/ Sava\u015fa Do\u011fru Geri Say\u0131m"},"content":{"rendered":"<p>I. D\u00fcnya Sava\u015f\u0131\u2019n\u0131n patlak veri\u015fi \u201chi\u00e7 a\u015f\u0131lmayan bir dramd\u0131\u201d.    Y\u00fczy\u0131l\u0131 a\u015fk\u0131n bir s\u00fcredir, karakterlerin hi\u00e7biri ak\u0131llardan silinmedi: Habsburg Hanedan\u0131\u2019n\u0131n kayg\u0131 i\u00e7indeki varisi Ar\u015fid\u00fck Franz Ferdinand; ona suikast\u0131 planlayan fanatik Bosnal\u0131 S\u0131rp komplocular; suikast sonras\u0131 ya\u015fanan karma\u015fay\u0131 f\u0131rsat bilen Avusturyal\u0131 devlet adamlar\u0131 Conrad ve Berchtold; onlara arka \u00e7\u0131kan Kayzer Wilhelm ve \u015fans\u00f6lye Bethmann; imaj\u0131n\u0131 de\u011fi\u015ftirme pe\u015findeki Rus D\u0131\u015fi\u015fleri Bakan\u0131 Sazonov; Ruslar\u0131 k\u0131\u015fk\u0131rtan Frans\u0131z devlet adamlar\u0131 Poincar\u00e9 ve Pal\u00e9ologue; son olarak da Londra\u2019daki Kabine \u00fcyeleri aras\u0131nda durumun ciddiyetinin fark\u0131na var\u0131p acilen eyleme ge\u00e7ilmesi gerekti\u011fi d\u00fc\u015f\u00fcncesindeki Winston Churchill.   Temmuz 1914, 28 Haziran\u2019daki kanl\u0131 eylemle ba\u015flayan ve 4 A\u011fustos\u2019ta Britanya\u2019n\u0131n da dahil olu\u015fuyla Avrupa\u2019daki \u00e7at\u0131\u015fmay\u0131 d\u00fcnya sava\u015f\u0131 haline getiren s\u00fcreci bu fig\u00fcrlerin g\u00f6z\u00fcnden aktar\u0131yor. Sava\u015f\u0131n kaderin bir oyununun yahut kaza sonucu de\u011fil, d\u00fcped\u00fcz \u00e7\u0131kar pe\u015findeki politikac\u0131lar\u0131n \u00e7at\u0131\u015fmay\u0131 k\u00f6r\u00fcklemeleri, b\u00fcy\u00fck tehlikeye kar\u015f\u0131n tutumlar\u0131nda diretmeleri nedeniyle patlak verdi\u011fini a\u00e7\u0131kl\u0131kla g\u00f6zler \u00f6n\u00fcne seriyor. Bununla birlikte sorumluluklar\u0131n\u0131 y\u00fcklenemeyen yahut tansiyonu d\u00fc\u015f\u00fcrmek i\u00e7in b\u00fcy\u00fck \u00e7aba sarf eden haysiyetli fig\u00fcrlerin dram\u0131na da yer veriyor.   Tarih\u00e7i Sean McMeekin\u2019\u0131n sars\u0131c\u0131, ka\u00e7\u0131n\u0131lmaz olarak gerilimli ve ince ince detayland\u0131rd\u0131\u011f\u0131 ola\u011fand\u0131\u015f\u0131 kitab\u0131 Temmuz 1914: Sava\u015fa Do\u011fru Geri Say\u0131m, felaketin ard\u0131ndaki fig\u00fcrlerin portresini ustal\u0131kla \u00e7izerek o mahvedici bir ay\u0131n hikayesini neredeyse dakika dakika yeniden kurguluyor. Tarihin en b\u00fcy\u00fck felaketlerinden biri olan I. D\u00fcnya Sava\u015f\u0131\u2019n\u0131n \u00e7\u0131k\u0131\u015f\u0131n\u0131 yeni bir bak\u0131\u015f a\u00e7\u0131s\u0131yla ele al\u0131yor.   \u201cSean McMeekin modern Avrupa\u2019n\u0131n \u00f6nde gelen gen\u00e7 tarih\u00e7ilerinden biri, hatta hakiki tarih\u00e7isi oldu\u011funu ortaya koyuyor.Temmuz 1914\u2019te sava\u015f\u0131n patlak veri\u015fi konusunda t\u00fcm yeteneklerini kullanm\u0131\u015f ve yeni bir \u015faheser yazm\u0131\u015f.\u201d Norman Stone, II. D\u00fcnya Sava\u015f\u0131 kitab\u0131n\u0131n yazar\u0131 <\/p>\n","protected":false},"excerpt":{"rendered":"<p>I. D\u00fcnya Sava\u015f\u0131\u2019n\u0131n patlak veri\u015fi \u201chi\u00e7 a\u015f\u0131lmayan bir dramd\u0131\u201d. Y\u00fczy\u0131l\u0131 a\u015fk\u0131n bir s\u00fcredir, karakterlerin hi\u00e7biri ak\u0131llardan silinmedi: Habsburg Hanedan\u0131\u2019n\u0131n kayg\u0131 i\u00e7indeki varisi Ar\u015fid\u00fck Franz Ferdinand; ona<span class=\"excerpt-hellip\"> [\u2026]<\/span><\/p>\n","protected":false},"featured_media":0,"template":"","meta":{"_monsterinsights_skip_tracking":false,"_monsterinsights_sitenote_active":false,"_monsterinsights_sitenote_note":"","_monsterinsights_sitenote_category":0},"product_brand":[],"product_cat":[12305,12304],"product_tag":[],"class_list":{"0":"post-754050","1":"product","2":"type-product","3":"status-publish","5":"product_cat-dunya-tarihi","6":"product_cat-tarih","7":"pa_cilt-ciltsiz","8":"pa_tur-kitap","9":"pa_yayinevi-yapi-kredi-yayinlari","10":"pa_yazar-sean-mcmeekin","12":"first","13":"instock","14":"sale","15":"shipping-taxable","16":"purchasable","17":"product-type-simple"},"_links":{"self":[{"href":"https:\/\/roveyayinevi.com.tr\/index.php\/wp-json\/wp\/v2\/product\/754050","targetHints":{"allow":["GET"]}}],"collection":[{"href":"https:\/\/roveyayinevi.com.tr\/index.php\/wp-json\/wp\/v2\/product"}],"about":[{"href":"https:\/\/roveyayinevi.com.tr\/index.php\/wp-json\/wp\/v2\/types\/product"}],"wp:attachment":[{"href":"https:\/\/roveyayinevi.com.tr\/index.php\/wp-json\/wp\/v2\/media?parent=754050"}],"wp:term":[{"taxonomy":"product_brand","embeddable":true,"href":"https:\/\/roveyayinevi.com.tr\/index.php\/wp-json\/wp\/v2\/product_brand?post=754050"},{"taxonomy":"product_cat","embeddable":true,"href":"https:\/\/roveyayinevi.com.tr\/index.php\/wp-json\/wp\/v2\/product_cat?post=754050"},{"taxonomy":"product_tag","embeddable":true,"href":"https:\/\/roveyayinevi.com.tr\/index.php\/wp-json\/wp\/v2\/product_tag?post=754050"}],"curies":[{"name":"wp","href":"https:\/\/api.w.org\/{rel}","templated":true}]}}