{"id":754041,"date":"2025-08-28T06:00:01","date_gmt":"2025-08-28T03:00:01","guid":{"rendered":"https:\/\/roveyayinevi.com.tr\/index.php\/urun\/kil-niyazi\/"},"modified":"2026-04-16T03:07:25","modified_gmt":"2026-04-16T00:07:25","slug":"kil-niyazi","status":"publish","type":"product","link":"https:\/\/roveyayinevi.com.tr\/index.php\/urun\/kil-niyazi\/","title":{"rendered":"K\u0131l Niyazi"},"content":{"rendered":"<p>Namaz k\u0131lman\u0131n \u00f6nemini e\u011flenceli bir \u015fekilde ke\u015ffetmek ister misiniz? O zaman \u201cK\u0131l Niyazi\u201d tam da arad\u0131\u011f\u0131n\u0131z \u00e7izgi roman! Bu e\u015fsiz eser, herkesin i\u00e7inde devam eden nefs ve vicdan sava\u015f\u0131n\u0131 e\u011flenceli bir dille okuruna sunuyor. Kahraman\u0131m\u0131z Niyazi, kendisine s\u00fcrekli \u201cNamaz k\u0131l\u201d diyen herkese k\u0131l oldu\u011fu bir \u00e7ocukluktan sa\u011flam bir \u201ckul\u201d oldu\u011fu gen\u00e7li\u011fe y\u00fcr\u00fcrken yan\u0131ndan ayr\u0131lmayan iki ki\u015fi var: Nefsi ve Vicdan\u0131! Bakal\u0131m Niyazi kimin s\u00f6z\u00fcn\u00fc dinleyecek ve k\u0131yamete kadar devam edecek bu sava\u015f\u0131n galibi kim olacak? <\/p>\n","protected":false},"excerpt":{"rendered":"<p>Namaz k\u0131lman\u0131n \u00f6nemini e\u011flenceli bir \u015fekilde ke\u015ffetmek ister misiniz? O zaman \u201cK\u0131l Niyazi\u201d tam da arad\u0131\u011f\u0131n\u0131z \u00e7izgi roman! Bu e\u015fsiz eser, herkesin i\u00e7inde devam eden nefs<span class=\"excerpt-hellip\"> [\u2026]<\/span><\/p>\n","protected":false},"featured_media":0,"template":"","meta":{"_monsterinsights_skip_tracking":false,"_monsterinsights_sitenote_active":false,"_monsterinsights_sitenote_note":"","_monsterinsights_sitenote_category":0},"product_brand":[],"product_cat":[12416,12291],"product_tag":[],"class_list":{"0":"post-754041","1":"product","2":"type-product","3":"status-publish","5":"product_cat-cizgi-roman","6":"product_cat-edebiyat","7":"pa_cilt-ciltsiz","8":"pa_tur-kitap","9":"pa_yayinevi-aile-yayinlari","10":"pa_yazar-hatice-kubra-tongar","12":"first","13":"instock","14":"sale","15":"shipping-taxable","16":"purchasable","17":"product-type-simple"},"_links":{"self":[{"href":"https:\/\/roveyayinevi.com.tr\/index.php\/wp-json\/wp\/v2\/product\/754041","targetHints":{"allow":["GET"]}}],"collection":[{"href":"https:\/\/roveyayinevi.com.tr\/index.php\/wp-json\/wp\/v2\/product"}],"about":[{"href":"https:\/\/roveyayinevi.com.tr\/index.php\/wp-json\/wp\/v2\/types\/product"}],"wp:attachment":[{"href":"https:\/\/roveyayinevi.com.tr\/index.php\/wp-json\/wp\/v2\/media?parent=754041"}],"wp:term":[{"taxonomy":"product_brand","embeddable":true,"href":"https:\/\/roveyayinevi.com.tr\/index.php\/wp-json\/wp\/v2\/product_brand?post=754041"},{"taxonomy":"product_cat","embeddable":true,"href":"https:\/\/roveyayinevi.com.tr\/index.php\/wp-json\/wp\/v2\/product_cat?post=754041"},{"taxonomy":"product_tag","embeddable":true,"href":"https:\/\/roveyayinevi.com.tr\/index.php\/wp-json\/wp\/v2\/product_tag?post=754041"}],"curies":[{"name":"wp","href":"https:\/\/api.w.org\/{rel}","templated":true}]}}