{"id":754030,"date":"2025-08-28T05:59:43","date_gmt":"2025-08-28T02:59:43","guid":{"rendered":"https:\/\/roveyayinevi.com.tr\/index.php\/urun\/mai-ve-siyah-17\/"},"modified":"2026-04-16T03:07:24","modified_gmt":"2026-04-16T00:07:24","slug":"mai-ve-siyah-17","status":"publish","type":"product","link":"https:\/\/roveyayinevi.com.tr\/index.php\/urun\/mai-ve-siyah-17\/","title":{"rendered":"Mai ve Siyah"},"content":{"rendered":"<p>Halid Ziya U\u015fakl\u0131gil, Mai ve Siyah ile ustal\u0131k d\u00f6nemine giri\u015f yaparken Tu\u0308rk edebiyat\u0131na zirve bir eser kazand\u0131rm\u0131\u015ft\u0131r. Yazar, roman\u0131nda zaman\u0131n de\u011fi\u015fimini; bireyin, bu de\u011fi\u015fim i\u00e7inde kendi mevcudiyetini ya\u015fay\u0131\u015f bi\u00e7imini, hayal k\u0131r\u0131kl\u0131\u011f\u0131n\u0131 ve umudu okurlar i\u00e7in anla\u015f\u0131labilir ve idrak edilebilir k\u0131l\u0131yor.   Mai ve Siyah\u2019ta, babas\u0131n\u0131n \u00f6lu\u0308mu\u0308 ile birlikte Ahmet Cemil\u2019in ki\u015fili\u011finde ya\u015fad\u0131\u011f\u0131 de\u011fi\u015fimler, asl\u0131nda bize bir neslin i\u00e7inde bulundu\u011fu s\u0131k\u0131nt\u0131 ve kederi, edebi \u015f\u00f6hret arzusunu g\u00f6sterirken, onun kendini ger\u00e7ekle\u015ftirme su\u0308recini de ele al\u0131yor. Halid Ziya\u2019n\u0131n toplumda ya\u015fanan bu hakikati sanatk\u00e2rane bir u\u0308slupla ele almas\u0131 sayesinde bizler de d\u00f6nemin edebiyat, sanat ve entelektu\u0308el ortam\u0131n\u0131 tan\u0131ma f\u0131rsat\u0131 buluyoruz.   Cevdet Kudret\u2019in Tu\u0308rk edebiyat\u0131nda ve Halid Ziya\u2019n\u0131n kendi sanat\u0131nda bir d\u00f6nu\u0308m noktas\u0131 olarak i\u015faretledi\u011fi Mai ve Siyah, Tahsin Y\u0131ld\u0131r\u0131m\u2019\u0131n titiz edisyonuyla yeniden okurlar\u0131yla bulu\u015fuyor.<\/p>\n","protected":false},"excerpt":{"rendered":"<p>Halid Ziya U\u015fakl\u0131gil, Mai ve Siyah ile ustal\u0131k d\u00f6nemine giri\u015f yaparken Tu\u0308rk edebiyat\u0131na zirve bir eser kazand\u0131rm\u0131\u015ft\u0131r. Yazar, roman\u0131nda zaman\u0131n de\u011fi\u015fimini; bireyin, bu de\u011fi\u015fim i\u00e7inde kendi<span class=\"excerpt-hellip\"> [\u2026]<\/span><\/p>\n","protected":false},"featured_media":0,"template":"","meta":{"_monsterinsights_skip_tracking":false,"_monsterinsights_sitenote_active":false,"_monsterinsights_sitenote_note":"","_monsterinsights_sitenote_category":0},"product_brand":[],"product_cat":[12291,12711],"product_tag":[],"class_list":{"0":"post-754030","1":"product","2":"type-product","3":"status-publish","5":"product_cat-edebiyat","6":"product_cat-roman-oyku","7":"pa_cilt-ciltsiz","8":"pa_tur-kitap","9":"pa_yayinevi-ketebe-yayinlari","10":"pa_yazar-halid-ziya-usakligil","12":"first","13":"instock","14":"sale","15":"shipping-taxable","16":"purchasable","17":"product-type-simple"},"_links":{"self":[{"href":"https:\/\/roveyayinevi.com.tr\/index.php\/wp-json\/wp\/v2\/product\/754030","targetHints":{"allow":["GET"]}}],"collection":[{"href":"https:\/\/roveyayinevi.com.tr\/index.php\/wp-json\/wp\/v2\/product"}],"about":[{"href":"https:\/\/roveyayinevi.com.tr\/index.php\/wp-json\/wp\/v2\/types\/product"}],"wp:attachment":[{"href":"https:\/\/roveyayinevi.com.tr\/index.php\/wp-json\/wp\/v2\/media?parent=754030"}],"wp:term":[{"taxonomy":"product_brand","embeddable":true,"href":"https:\/\/roveyayinevi.com.tr\/index.php\/wp-json\/wp\/v2\/product_brand?post=754030"},{"taxonomy":"product_cat","embeddable":true,"href":"https:\/\/roveyayinevi.com.tr\/index.php\/wp-json\/wp\/v2\/product_cat?post=754030"},{"taxonomy":"product_tag","embeddable":true,"href":"https:\/\/roveyayinevi.com.tr\/index.php\/wp-json\/wp\/v2\/product_tag?post=754030"}],"curies":[{"name":"wp","href":"https:\/\/api.w.org\/{rel}","templated":true}]}}