{"id":754027,"date":"2025-08-28T05:59:05","date_gmt":"2025-08-28T02:59:05","guid":{"rendered":"https:\/\/roveyayinevi.com.tr\/index.php\/urun\/elestirinin-elestirisi\/"},"modified":"2026-04-16T03:07:24","modified_gmt":"2026-04-16T00:07:24","slug":"elestirinin-elestirisi","status":"publish","type":"product","link":"https:\/\/roveyayinevi.com.tr\/index.php\/urun\/elestirinin-elestirisi\/","title":{"rendered":"Ele\u015ftirinin Ele\u015ftirisi"},"content":{"rendered":"<p>Romanda s\u00fcrekli farkl\u0131 teknikler deneyen Ahmet Mithat\u2019\u0131 \u201ceski hik\u00e2yemizi modernize eden yazar\u201d \u015feklindeki yarg\u0131ya kilitlemenin; d\u00fc\u015f\u00fcnsel ser\u00fcveni, kaynaklar\u0131, ilkeleriyle tan\u0131mlanabilir bir ideolojisi olmad\u0131\u011f\u0131 halde Tevfik Fikret\u2019i h\u00fcmanist olarak edebiyat tarihine kaydetmenin dayana\u011f\u0131 nedir? Naz\u0131m Hikmet\u2019in \u201cPutlar\u0131 Y\u0131k\u0131yoruz\u201d yaz\u0131lar\u0131, siyasal reflekslerin \u00f6tesinde \u015fiirin kendi tarihi i\u00e7indeki ele\u015ftirileri olarak okunabildi mi? Yakup Kadri, Yaban\u2019\u0131n ikinci bask\u0131s\u0131na koydu\u011fu kar\u015f\u0131 ele\u015ftiride, hakk\u0131nda yap\u0131lan ele\u015ftirileri bo\u015fa m\u0131 \u00e7\u0131kard\u0131; tersinden itiraf m\u0131 etti? Tanp\u0131nar, ger\u00e7ekten \u201cBir T\u00fcrk roman\u0131 yok\u201d dedi mi? Folklor neydi ki Cemal S\u00fcreya \u201cFolklor \u015eiire D\u00fc\u015fman\u201d dedi.   Bu kitaptaki yaz\u0131lar, Tanzimat y\u0131llar\u0131ndan itibaren yayg\u0131n edebiyat ortamlar\u0131nda ve akademik edebiyat e\u011fitiminde s\u0131k s\u0131k at\u0131f yap\u0131lan baz\u0131 ele\u015ftiri metinlerini yeniden okumak, dolay\u0131s\u0131yla yeniden anlamak amac\u0131yla yaz\u0131ld\u0131lar. Bu amac\u0131n arka plan\u0131nda, se\u00e7ilen ele\u015ftiri metinlerinin, at\u0131f yap\u0131lan \u00e7evrelerde okunmad\u0131\u011f\u0131na veya k\u00f6r okumaya tabi tutuldu\u011funa dair endi\u015feler bulundu\u011fu son derece a\u00e7\u0131kt\u0131r. At\u0131f yap\u0131lan bir\u00e7ok metnin asl\u0131nda hi\u00e7 g\u00f6r\u00fclmedi\u011fine, bug\u00fcnk\u00fc ele\u015ftiri kavramlar\u0131 kullan\u0131lmad\u0131\u011f\u0131 i\u00e7in o metinlerde roman, \u015fiir, tiyatro ele\u015ftirisi ba\u011flam\u0131nda bir\u00e7ok \u015feyin s\u00f6ylenilmemi\u015f oldu\u011fu kabul\u00fcn\u00fcn yayg\u0131n oldu\u011funa tan\u0131k olmak \u00e7ok da zor de\u011fildir.   Edeb\u00ee ele\u015ftiri metinlerini, k\u00fclt\u00fcr\u00fcn ve siyasetin de\u011fi\u015fme tarihi e\u015fli\u011finde, yenilenme paradigmas\u0131n\u0131n kapatt\u0131\u011f\u0131 anlam aral\u0131klar\u0131n\u0131 a\u00e7maya \u00e7al\u0131\u015farak, metinlerle ilgili nakledilip durulan baz\u0131 h\u00fck\u00fcmleri bir s\u00fcreli\u011fine devre d\u0131\u015f\u0131 tutarak, yeniden okumak, s\u00f6z\u00fcn\u00fc etti\u011fimiz baz\u0131 yanl\u0131\u015f ve eksik h\u00fck\u00fcmlerin d\u00fczeltilmesine, bu metinlerden yeni ilkeler ve nitelikler bulmam\u0131za katk\u0131 sa\u011flamaz m\u0131? Ne dersiniz?<\/p>\n","protected":false},"excerpt":{"rendered":"<p>Romanda s\u00fcrekli farkl\u0131 teknikler deneyen Ahmet Mithat\u2019\u0131 \u201ceski hik\u00e2yemizi modernize eden yazar\u201d \u015feklindeki yarg\u0131ya kilitlemenin; d\u00fc\u015f\u00fcnsel ser\u00fcveni, kaynaklar\u0131, ilkeleriyle tan\u0131mlanabilir bir ideolojisi olmad\u0131\u011f\u0131 halde Tevfik Fikret\u2019i<span class=\"excerpt-hellip\"> [\u2026]<\/span><\/p>\n","protected":false},"featured_media":0,"template":"","meta":{"_monsterinsights_skip_tracking":false,"_monsterinsights_sitenote_active":false,"_monsterinsights_sitenote_note":"","_monsterinsights_sitenote_category":0},"product_brand":[],"product_cat":[13072,12291],"product_tag":[],"class_list":{"0":"post-754027","1":"product","2":"type-product","3":"status-publish","5":"product_cat-arastirma-inceleme-referans","6":"product_cat-edebiyat","7":"pa_cilt-ciltsiz","8":"pa_tur-kitap","9":"pa_yayinevi-muhit-kitap","10":"pa_yazar-mehmet-narli","12":"first","13":"instock","14":"sale","15":"shipping-taxable","16":"purchasable","17":"product-type-simple"},"_links":{"self":[{"href":"https:\/\/roveyayinevi.com.tr\/index.php\/wp-json\/wp\/v2\/product\/754027","targetHints":{"allow":["GET"]}}],"collection":[{"href":"https:\/\/roveyayinevi.com.tr\/index.php\/wp-json\/wp\/v2\/product"}],"about":[{"href":"https:\/\/roveyayinevi.com.tr\/index.php\/wp-json\/wp\/v2\/types\/product"}],"wp:attachment":[{"href":"https:\/\/roveyayinevi.com.tr\/index.php\/wp-json\/wp\/v2\/media?parent=754027"}],"wp:term":[{"taxonomy":"product_brand","embeddable":true,"href":"https:\/\/roveyayinevi.com.tr\/index.php\/wp-json\/wp\/v2\/product_brand?post=754027"},{"taxonomy":"product_cat","embeddable":true,"href":"https:\/\/roveyayinevi.com.tr\/index.php\/wp-json\/wp\/v2\/product_cat?post=754027"},{"taxonomy":"product_tag","embeddable":true,"href":"https:\/\/roveyayinevi.com.tr\/index.php\/wp-json\/wp\/v2\/product_tag?post=754027"}],"curies":[{"name":"wp","href":"https:\/\/api.w.org\/{rel}","templated":true}]}}