{"id":754023,"date":"2025-08-28T05:58:58","date_gmt":"2025-08-28T02:58:58","guid":{"rendered":"https:\/\/roveyayinevi.com.tr\/index.php\/urun\/anlatici-magazasi\/"},"modified":"2026-04-16T03:07:24","modified_gmt":"2026-04-16T00:07:24","slug":"anlatici-magazasi","status":"publish","type":"product","link":"https:\/\/roveyayinevi.com.tr\/index.php\/urun\/anlatici-magazasi\/","title":{"rendered":"Anlat\u0131c\u0131 Ma\u011fazas\u0131"},"content":{"rendered":"<p>Cihan Oran, yazmak istedi\u011fi roman\u0131 bir t\u00fcrl\u00fc tamamlayamayan, yaln\u0131zl\u0131k ve ayr\u0131l\u0131k ac\u0131s\u0131 \u00e7eken biridir. \u0130nternette g\u00f6rd\u00fc\u011f\u00fc reklam sonras\u0131nda, edebiyat tarihinde iz b\u0131rakm\u0131\u015f yazarlar\u0131n \u00fcretildi\u011fi ve kiraland\u0131\u011f\u0131 bir ma\u011fazaya gider. Cihan\u2019\u0131n roman\u0131, Son Karar Soka\u011f\u0131 ad\u0131 verilen bir yerde ge\u00e7er. Son Karar Soka\u011f\u0131\u2019n\u0131n y\u00f6netim kurulundaki Hikmet, insanlara \u00f6l\u00fcm\u00fc hat\u0131rlatt\u0131klar\u0131n\u0131 d\u00fc\u015f\u00fcnerek rahats\u0131z olsa da di\u011fer kurul \u00fcyeleri i\u00e7in bu b\u00fcy\u00fck bir sorun de\u011fildir. Hikmet\u2019in i\u00e7sel \u00e7at\u0131\u015fmas\u0131, Son Karar Soka\u011f\u0131\u2019n\u0131n hik\u00e2yesi i\u00e7in belirleyici olacak m\u0131d\u0131r? Anlat\u0131c\u0131 Ma\u011fazas\u0131 ger\u00e7ekle ger\u00e7ek\u00fcst\u00fcn\u00fcn i\u00e7 i\u00e7e ge\u00e7ti\u011fi bir hik\u00e2ye anlat\u0131yor. Furkan Kemer\u2019in kaleminden etkileyici bir roman okuyucuyla bulu\u015fuyor. <\/p>\n","protected":false},"excerpt":{"rendered":"<p>Cihan Oran, yazmak istedi\u011fi roman\u0131 bir t\u00fcrl\u00fc tamamlayamayan, yaln\u0131zl\u0131k ve ayr\u0131l\u0131k ac\u0131s\u0131 \u00e7eken biridir. \u0130nternette g\u00f6rd\u00fc\u011f\u00fc reklam sonras\u0131nda, edebiyat tarihinde iz b\u0131rakm\u0131\u015f yazarlar\u0131n \u00fcretildi\u011fi ve kiraland\u0131\u011f\u0131<span class=\"excerpt-hellip\"> [\u2026]<\/span><\/p>\n","protected":false},"featured_media":0,"template":"","meta":{"_monsterinsights_skip_tracking":false,"_monsterinsights_sitenote_active":false,"_monsterinsights_sitenote_note":"","_monsterinsights_sitenote_category":0},"product_brand":[],"product_cat":[12540,12291],"product_tag":[],"class_list":{"0":"post-754023","1":"product","2":"type-product","3":"status-publish","5":"product_cat-bilim-kurgu","6":"product_cat-edebiyat","7":"pa_cilt-ciltsiz","8":"pa_tur-kitap","9":"pa_yayinevi-eksik-parca-yayinlari","10":"pa_yazar-furkan-kemer","12":"first","13":"instock","14":"sale","15":"shipping-taxable","16":"purchasable","17":"product-type-simple"},"_links":{"self":[{"href":"https:\/\/roveyayinevi.com.tr\/index.php\/wp-json\/wp\/v2\/product\/754023","targetHints":{"allow":["GET"]}}],"collection":[{"href":"https:\/\/roveyayinevi.com.tr\/index.php\/wp-json\/wp\/v2\/product"}],"about":[{"href":"https:\/\/roveyayinevi.com.tr\/index.php\/wp-json\/wp\/v2\/types\/product"}],"wp:attachment":[{"href":"https:\/\/roveyayinevi.com.tr\/index.php\/wp-json\/wp\/v2\/media?parent=754023"}],"wp:term":[{"taxonomy":"product_brand","embeddable":true,"href":"https:\/\/roveyayinevi.com.tr\/index.php\/wp-json\/wp\/v2\/product_brand?post=754023"},{"taxonomy":"product_cat","embeddable":true,"href":"https:\/\/roveyayinevi.com.tr\/index.php\/wp-json\/wp\/v2\/product_cat?post=754023"},{"taxonomy":"product_tag","embeddable":true,"href":"https:\/\/roveyayinevi.com.tr\/index.php\/wp-json\/wp\/v2\/product_tag?post=754023"}],"curies":[{"name":"wp","href":"https:\/\/api.w.org\/{rel}","templated":true}]}}