{"id":754018,"date":"2025-08-28T05:58:48","date_gmt":"2025-08-28T02:58:48","guid":{"rendered":"https:\/\/roveyayinevi.com.tr\/index.php\/urun\/lightlark-ciltli\/"},"modified":"2026-04-16T03:07:24","modified_gmt":"2026-04-16T00:07:24","slug":"lightlark-ciltli","status":"publish","type":"product","link":"https:\/\/roveyayinevi.com.tr\/index.php\/urun\/lightlark-ciltli\/","title":{"rendered":"Lightlark (Ciltli)"},"content":{"rendered":"<p>Centennial\u2019a Ho\u015f Geldiniz!Lanetlendi\u011fi g\u00fcnden bu yana her y\u00fcz y\u0131lda bir sadece y\u00fcz g\u00fcnl\u00fc\u011f\u00fcne alt\u0131 diyar\u0131n h\u00fck\u00fcmdarlar\u0131n\u0131n oynamaya davet edildi\u011fi \u00f6l\u00fcmc\u00fcl bir oyun olan Centennial&#8217;a ev sahipli\u011fi yapmak i\u00e7in ortaya \u00e7\u0131kan Lightlark adas\u0131\u2026Davet; zafer ve y\u0131k\u0131m\u0131, m\u00fccevher ve kan\u0131, a\u015fk\u0131 ve entrikay\u0131 bir araya getiren bir \u00e7a\u011fr\u0131d\u0131r. Centennial, alt\u0131 h\u00fck\u00fcmdara diyarlar\u0131n\u0131 y\u00fczy\u0131llard\u0131r saran lanetleri bozmalar\u0131 i\u00e7in son bir \u015fans sunar. Her h\u00fck\u00fcmdar\u0131n saklayacak bir \u015feyi, her \u00e2lemin benzersiz ac\u0131mas\u0131zl\u0131kta bir laneti vard\u0131r. Lanetleri yok etmek i\u00e7in bir h\u00fck\u00fcmdar \u00f6lmelidir.T\u00fcm g\u00fc\u00e7 adan\u0131n kemiklerinde ve kan\u0131ndad\u0131r. Lightlark hayat uzat\u0131r, bizimkinden \u00e7ok daha b\u00fcy\u00fck bir g\u00fcce eri\u015fmemizi sa\u011flar. Ve bundan daha fazlas\u0131, bir\u00e7oklar\u0131 i\u00e7in\u2026 Lightlark evdir.Isla Crown, \u00e2\u015f\u0131k olduklar\u0131 herkesi \u00f6ld\u00fcrmek i\u00e7in lanetlenen ba\u015ftan \u00e7\u0131kar\u0131c\u0131lar\u0131n diyar\u0131 Wildling&#8217;in gen\u00e7 h\u00fck\u00fcmdar\u0131d\u0131r. Onlardan korkuluyor ve hor g\u00f6r\u00fcl\u00fcyorlar. Di\u011fer diyarlar; kad\u0131n sava\u015f\u00e7\u0131lar\u0131 vah\u015fi ba\u015ftan \u00e7\u0131kar\u0131c\u0131lar, \u00e2\u015f\u0131klar\u0131 cezbeden, sonra da onlar\u0131n kalplerinden ziyafet \u00e7eken avc\u0131lar olarak g\u00f6r\u00fcyordu. Halk\u0131, Isla&#8217;n\u0131n Centennial&#8217;da ba\u015far\u0131l\u0131 olup \u00e7ektikleri \u00e7ilelere bir son verece\u011fine inan\u0131yorlar.Hayatta kalmak i\u00e7in Isla yalan s\u00f6ylemeli, aldatmal\u0131 ve ihanet etmelidir. A\u015fk \u00fc\u00e7geni her \u015feyi karma\u015f\u0131kla\u015ft\u0131rsa bile.<\/p>\n","protected":false},"excerpt":{"rendered":"<p>Centennial\u2019a Ho\u015f Geldiniz!Lanetlendi\u011fi g\u00fcnden bu yana her y\u00fcz y\u0131lda bir sadece y\u00fcz g\u00fcnl\u00fc\u011f\u00fcne alt\u0131 diyar\u0131n h\u00fck\u00fcmdarlar\u0131n\u0131n oynamaya davet edildi\u011fi \u00f6l\u00fcmc\u00fcl bir oyun olan Centennial&#8217;a ev sahipli\u011fi<span class=\"excerpt-hellip\"> [\u2026]<\/span><\/p>\n","protected":false},"featured_media":0,"template":"","meta":{"_monsterinsights_skip_tracking":false,"_monsterinsights_sitenote_active":false,"_monsterinsights_sitenote_note":"","_monsterinsights_sitenote_category":0},"product_brand":[],"product_cat":[12291,12711],"product_tag":[],"class_list":{"0":"post-754018","1":"product","2":"type-product","3":"status-publish","5":"product_cat-edebiyat","6":"product_cat-roman-oyku","7":"pa_cilt-ciltli","8":"pa_tur-kitap","9":"pa_yayinevi-parola-yayinlari","10":"pa_yazar-alex-aster","12":"first","13":"instock","14":"sale","15":"shipping-taxable","16":"purchasable","17":"product-type-simple"},"_links":{"self":[{"href":"https:\/\/roveyayinevi.com.tr\/index.php\/wp-json\/wp\/v2\/product\/754018","targetHints":{"allow":["GET"]}}],"collection":[{"href":"https:\/\/roveyayinevi.com.tr\/index.php\/wp-json\/wp\/v2\/product"}],"about":[{"href":"https:\/\/roveyayinevi.com.tr\/index.php\/wp-json\/wp\/v2\/types\/product"}],"wp:attachment":[{"href":"https:\/\/roveyayinevi.com.tr\/index.php\/wp-json\/wp\/v2\/media?parent=754018"}],"wp:term":[{"taxonomy":"product_brand","embeddable":true,"href":"https:\/\/roveyayinevi.com.tr\/index.php\/wp-json\/wp\/v2\/product_brand?post=754018"},{"taxonomy":"product_cat","embeddable":true,"href":"https:\/\/roveyayinevi.com.tr\/index.php\/wp-json\/wp\/v2\/product_cat?post=754018"},{"taxonomy":"product_tag","embeddable":true,"href":"https:\/\/roveyayinevi.com.tr\/index.php\/wp-json\/wp\/v2\/product_tag?post=754018"}],"curies":[{"name":"wp","href":"https:\/\/api.w.org\/{rel}","templated":true}]}}