{"id":753961,"date":"2025-08-28T05:57:20","date_gmt":"2025-08-28T02:57:20","guid":{"rendered":"https:\/\/roveyayinevi.com.tr\/index.php\/urun\/kazandiran-yonetim-ve-iletisim\/"},"modified":"2026-04-16T03:07:23","modified_gmt":"2026-04-16T00:07:23","slug":"kazandiran-yonetim-ve-iletisim","status":"publish","type":"product","link":"https:\/\/roveyayinevi.com.tr\/index.php\/urun\/kazandiran-yonetim-ve-iletisim\/","title":{"rendered":"Kazand\u0131ran Y\u00f6netim ve \u0130leti\u015fim"},"content":{"rendered":"<p>Kurumsall\u0131\u011fa ve profesyonelli\u011fe g\u00f6lge d\u00fc\u015f\u00fcren olumsuz k\u00fclt\u00fcr\u00fcn i\u015f hayat\u0131na yans\u0131malar\u0131 neler? G\u00fc\u00e7\/otorite, hiyerar\u015fi, y\u00f6netim engelleri\/sorunlar\u0131, liderlik, y\u00f6netim bi\u00e7imleri, ileti\u015fim gibi temel konular\u0131n kurumsal fark\u0131ndal\u0131\u011f\u0131n geli\u015fimine etkisi neler? \u00c7al\u0131\u015fanlar\u0131n, kurumsal organizasyondaki yeri ile ba\u015far\u0131 ve huzura katk\u0131s\u0131 neler? Y\u00f6netim ve ileti\u015fim bi\u00e7imlerimizi belirleyen zihn\u00ee arka planda neler mevcut? \u00c7elmelerden ve bayat sahne performanslar\u0131ndan b\u0131kt\u0131ysak neler yapmal\u0131y\u0131z? Kazand\u0131ran bir y\u00f6netim ve ileti\u015fim i\u00e7in nelere dikkat etmeliyiz? Yazar\u0131n, meslek hayat\u0131n\u0131n son on y\u0131l\u0131nda ya\u015fad\u0131klar\u0131ndan yola \u00e7\u0131karak bu sorulara ve kurumsal ya\u015fam\u0131n bir\u00e7ok sorununa dair deneyimlerini ve \u00f6nerilerini i\u00e7eren bu \u00e7al\u0131\u015fma; yapt\u0131\u011f\u0131 i\u015fin hakk\u0131n\u0131 verme bilincinin ve bunu destekleyen k\u00fclt\u00fcr\u00fcn olu\u015fumu noktas\u0131nda okurlar\u0131na \u0131\u015f\u0131k olma, \u201ciyi\u201dye ve \u201ck\u00f6t\u00fc\u201dye hakk\u0131n\u0131 teslim etme gayesiyle kaleme al\u0131nm\u0131\u015ft\u0131r. <\/p>\n","protected":false},"excerpt":{"rendered":"<p>Kurumsall\u0131\u011fa ve profesyonelli\u011fe g\u00f6lge d\u00fc\u015f\u00fcren olumsuz k\u00fclt\u00fcr\u00fcn i\u015f hayat\u0131na yans\u0131malar\u0131 neler? G\u00fc\u00e7\/otorite, hiyerar\u015fi, y\u00f6netim engelleri\/sorunlar\u0131, liderlik, y\u00f6netim bi\u00e7imleri, ileti\u015fim gibi temel konular\u0131n kurumsal fark\u0131ndal\u0131\u011f\u0131n geli\u015fimine etkisi<span class=\"excerpt-hellip\"> [\u2026]<\/span><\/p>\n","protected":false},"featured_media":0,"template":"","meta":{"_monsterinsights_skip_tracking":false,"_monsterinsights_sitenote_active":false,"_monsterinsights_sitenote_note":"","_monsterinsights_sitenote_category":0},"product_brand":[],"product_cat":[13043,19008],"product_tag":[],"class_list":{"0":"post-753961","1":"product","2":"type-product","3":"status-publish","5":"product_cat-ekonomi","6":"product_cat-yonetim","7":"pa_cilt-ciltsiz","8":"pa_tur-kitap","9":"pa_yayinevi-cinaralti-yayinlari","10":"pa_yazar-idris-koc","12":"first","13":"instock","14":"sale","15":"shipping-taxable","16":"purchasable","17":"product-type-simple"},"_links":{"self":[{"href":"https:\/\/roveyayinevi.com.tr\/index.php\/wp-json\/wp\/v2\/product\/753961","targetHints":{"allow":["GET"]}}],"collection":[{"href":"https:\/\/roveyayinevi.com.tr\/index.php\/wp-json\/wp\/v2\/product"}],"about":[{"href":"https:\/\/roveyayinevi.com.tr\/index.php\/wp-json\/wp\/v2\/types\/product"}],"wp:attachment":[{"href":"https:\/\/roveyayinevi.com.tr\/index.php\/wp-json\/wp\/v2\/media?parent=753961"}],"wp:term":[{"taxonomy":"product_brand","embeddable":true,"href":"https:\/\/roveyayinevi.com.tr\/index.php\/wp-json\/wp\/v2\/product_brand?post=753961"},{"taxonomy":"product_cat","embeddable":true,"href":"https:\/\/roveyayinevi.com.tr\/index.php\/wp-json\/wp\/v2\/product_cat?post=753961"},{"taxonomy":"product_tag","embeddable":true,"href":"https:\/\/roveyayinevi.com.tr\/index.php\/wp-json\/wp\/v2\/product_tag?post=753961"}],"curies":[{"name":"wp","href":"https:\/\/api.w.org\/{rel}","templated":true}]}}