{"id":753949,"date":"2025-08-28T05:57:03","date_gmt":"2025-08-28T02:57:03","guid":{"rendered":"https:\/\/roveyayinevi.com.tr\/index.php\/urun\/insaat-alanindaki-is-makineleri-dunyayi-ogreniyorum\/"},"modified":"2026-04-16T03:07:22","modified_gmt":"2026-04-16T00:07:22","slug":"insaat-alanindaki-is-makineleri-dunyayi-ogreniyorum","status":"publish","type":"product","link":"https:\/\/roveyayinevi.com.tr\/index.php\/urun\/insaat-alanindaki-is-makineleri-dunyayi-ogreniyorum\/","title":{"rendered":"\u0130n\u015faat Alan\u0131ndaki \u0130\u015f Makineleri &#8211; D\u00fcnyay\u0131 \u00d6\u011freniyorum"},"content":{"rendered":"<p>Ege bir sabah pencereden bakt\u0131\u011f\u0131nda, soka\u011fa i\u015f makinelerinin geldi\u011fini g\u00f6rd\u00fc. Evlerinin yan\u0131ndaki bo\u015f araziye bir ev in\u015fa edilecekti. \u0130n\u015faat bitene dek ekskavat\u00f6rden y\u00fckleyiciye, buldozerden silindire, vin\u00e7ten kaz\u0131c\u0131 y\u00fckleyiciye, fini\u015ferden beton mikserine kadar bir\u00e7ok i\u015f makinesinin nas\u0131l \u00e7al\u0131\u015ft\u0131\u011f\u0131n\u0131 g\u00f6ren Ege, i\u00e7lerinden en \u00e7ok kaz\u0131c\u0131 y\u00fckleyiciyi be\u011fendi.<\/p>\n","protected":false},"excerpt":{"rendered":"<p>Ege bir sabah pencereden bakt\u0131\u011f\u0131nda, soka\u011fa i\u015f makinelerinin geldi\u011fini g\u00f6rd\u00fc. Evlerinin yan\u0131ndaki bo\u015f araziye bir ev in\u015fa edilecekti. \u0130n\u015faat bitene dek ekskavat\u00f6rden y\u00fckleyiciye, buldozerden silindire, vin\u00e7ten<span class=\"excerpt-hellip\"> [\u2026]<\/span><\/p>\n","protected":false},"featured_media":0,"template":"","meta":{"_monsterinsights_skip_tracking":false,"_monsterinsights_sitenote_active":false,"_monsterinsights_sitenote_note":"","_monsterinsights_sitenote_category":0},"product_brand":[],"product_cat":[12274,12518],"product_tag":[],"class_list":{"0":"post-753949","1":"product","2":"type-product","3":"status-publish","5":"product_cat-cocuk-ve-genclik-kitaplari","6":"product_cat-okul-oncesi-kitaplar","7":"pa_cilt-ciltsiz","8":"pa_tur-kitap","9":"pa_yayinevi-is-bankasi-kultur-yayinlari","10":"pa_yazar-monika-wittmann","12":"first","13":"instock","14":"sale","15":"shipping-taxable","16":"purchasable","17":"product-type-simple"},"_links":{"self":[{"href":"https:\/\/roveyayinevi.com.tr\/index.php\/wp-json\/wp\/v2\/product\/753949","targetHints":{"allow":["GET"]}}],"collection":[{"href":"https:\/\/roveyayinevi.com.tr\/index.php\/wp-json\/wp\/v2\/product"}],"about":[{"href":"https:\/\/roveyayinevi.com.tr\/index.php\/wp-json\/wp\/v2\/types\/product"}],"wp:attachment":[{"href":"https:\/\/roveyayinevi.com.tr\/index.php\/wp-json\/wp\/v2\/media?parent=753949"}],"wp:term":[{"taxonomy":"product_brand","embeddable":true,"href":"https:\/\/roveyayinevi.com.tr\/index.php\/wp-json\/wp\/v2\/product_brand?post=753949"},{"taxonomy":"product_cat","embeddable":true,"href":"https:\/\/roveyayinevi.com.tr\/index.php\/wp-json\/wp\/v2\/product_cat?post=753949"},{"taxonomy":"product_tag","embeddable":true,"href":"https:\/\/roveyayinevi.com.tr\/index.php\/wp-json\/wp\/v2\/product_tag?post=753949"}],"curies":[{"name":"wp","href":"https:\/\/api.w.org\/{rel}","templated":true}]}}