{"id":753932,"date":"2025-08-28T05:56:37","date_gmt":"2025-08-28T02:56:37","guid":{"rendered":"https:\/\/roveyayinevi.com.tr\/index.php\/urun\/sec-karistir-okyanus-15-eglenceli-parca-120-farkli-secenek-ciltli\/"},"modified":"2026-04-16T03:07:22","modified_gmt":"2026-04-16T00:07:22","slug":"sec-karistir-okyanus-15-eglenceli-parca-120-farkli-secenek-ciltli","status":"publish","type":"product","link":"https:\/\/roveyayinevi.com.tr\/index.php\/urun\/sec-karistir-okyanus-15-eglenceli-parca-120-farkli-secenek-ciltli\/","title":{"rendered":"Se\u00e7 \u2013 Kar\u0131\u015ft\u0131r : Okyanus (15 E\u011flenceli Par\u00e7a, 120 Farkl\u0131 Se\u00e7enek) (Ciltli)"},"content":{"rendered":"<p>Se\u00e7-Kar\u0131\u015ft\u0131r serisi kitaplar\u0131 ile \u00e7ocu\u011funuz par\u00e7alar\u0131 yerle\u015ftirip farkl\u0131 birle\u015fimler olu\u015ftururken; &#8211; Par\u00e7a-b\u00fct\u00fcn ili\u015fkisi kurmay\u0131, &#8211; Yarat\u0131c\u0131 yollarla kendisini ifade etmeyi \u00f6\u011frenecek; &#8211; \u0130nce motor becerilerim, &#8211; El &#8211; g\u00f6z koordinasyonunu geli\u015ftirecek. Bu e\u011flenceli kitaplar, \u00e7ocu\u011funuzla birlikte harika oyunlar kuracaks\u0131n\u0131z! <\/p>\n","protected":false},"excerpt":{"rendered":"<p>Se\u00e7-Kar\u0131\u015ft\u0131r serisi kitaplar\u0131 ile \u00e7ocu\u011funuz par\u00e7alar\u0131 yerle\u015ftirip farkl\u0131 birle\u015fimler olu\u015ftururken; &#8211; Par\u00e7a-b\u00fct\u00fcn ili\u015fkisi kurmay\u0131, &#8211; Yarat\u0131c\u0131 yollarla kendisini ifade etmeyi \u00f6\u011frenecek; &#8211; \u0130nce motor becerilerim, &#8211;<span class=\"excerpt-hellip\"> [\u2026]<\/span><\/p>\n","protected":false},"featured_media":0,"template":"","meta":{"_monsterinsights_skip_tracking":false,"_monsterinsights_sitenote_active":false,"_monsterinsights_sitenote_note":"","_monsterinsights_sitenote_category":0},"product_brand":[],"product_cat":[12274,15842],"product_tag":[],"class_list":{"0":"post-753932","1":"product","2":"type-product","3":"status-publish","5":"product_cat-cocuk-ve-genclik-kitaplari","6":"product_cat-egitici-kitaplar","7":"pa_cilt-ciltli","8":"pa_tur-kitap","9":"pa_yayinevi-indigo-cocuk","10":"pa_yazar-kolektif","12":"first","13":"instock","14":"sale","15":"shipping-taxable","16":"purchasable","17":"product-type-simple"},"_links":{"self":[{"href":"https:\/\/roveyayinevi.com.tr\/index.php\/wp-json\/wp\/v2\/product\/753932","targetHints":{"allow":["GET"]}}],"collection":[{"href":"https:\/\/roveyayinevi.com.tr\/index.php\/wp-json\/wp\/v2\/product"}],"about":[{"href":"https:\/\/roveyayinevi.com.tr\/index.php\/wp-json\/wp\/v2\/types\/product"}],"wp:attachment":[{"href":"https:\/\/roveyayinevi.com.tr\/index.php\/wp-json\/wp\/v2\/media?parent=753932"}],"wp:term":[{"taxonomy":"product_brand","embeddable":true,"href":"https:\/\/roveyayinevi.com.tr\/index.php\/wp-json\/wp\/v2\/product_brand?post=753932"},{"taxonomy":"product_cat","embeddable":true,"href":"https:\/\/roveyayinevi.com.tr\/index.php\/wp-json\/wp\/v2\/product_cat?post=753932"},{"taxonomy":"product_tag","embeddable":true,"href":"https:\/\/roveyayinevi.com.tr\/index.php\/wp-json\/wp\/v2\/product_tag?post=753932"}],"curies":[{"name":"wp","href":"https:\/\/api.w.org\/{rel}","templated":true}]}}