{"id":753917,"date":"2025-08-28T05:56:16","date_gmt":"2025-08-28T02:56:16","guid":{"rendered":"https:\/\/roveyayinevi.com.tr\/index.php\/urun\/gizli-kaynak\/"},"modified":"2026-04-16T03:07:22","modified_gmt":"2026-04-16T00:07:22","slug":"gizli-kaynak","status":"publish","type":"product","link":"https:\/\/roveyayinevi.com.tr\/index.php\/urun\/gizli-kaynak\/","title":{"rendered":"Gizli Kaynak"},"content":{"rendered":"<p>Orangutanlar a\u011fa\u00e7 dallar\u0131nda incir yemeye devam ederken, insanlar nas\u0131l oldu da tap\u0131naklar in\u015fa eden h\u00fclyal\u0131 \u015fairlere d\u00f6n\u00fc\u015febildi? Sinirbilim alan\u0131n\u0131n en g\u00f6z\u00fc pek d\u00fc\u015f\u00fcn\u00fcrlerinden Mark Solms, neredeyse \u00f6mr\u00fcn\u00fc adad\u0131\u011f\u0131 bu zor meselenin cevab\u0131n\u0131 Gizli Kaynak&#8217;ta mahir bir dedektif gibi koval\u0131yor. Zihnin lo\u015f kuytular\u0131nda durmadan geziniyor ve onlarca farkl\u0131 vakaya tek tek, usanmadan misafir oluyor.\u0130nsan bilincinin nas\u0131l ve neden ortaya \u00e7\u0131kt\u0131\u011f\u0131 sorusu kadim. Gizli Kaynak&#8217;\u0131 \u00f6zel yapansa, yeni ve hayret verici bir cevapla eve d\u00f6nmesi. Psikanalizin do\u011fu\u015fundan en g\u00fcncel sinirbilim ara\u015ft\u0131rmalar\u0131na dek uzanan, takip etmesi hi\u00e7 de zor olmayan bir yolculuk bu.G\u00f6rkemli soru\u015fturmalar yapabilme becerisine sahip tek canl\u0131, bir kez daha kendi hikayesinin pe\u015finde. Bu ezeli muammaya \u0131\u015f\u0131k tutmaya, insan olmak deneyiminin filizlendi\u011fi o gizli kayna\u011fa eri\u015fmeye haz\u0131rlan\u0131n.<\/p>\n","protected":false},"excerpt":{"rendered":"<p>Orangutanlar a\u011fa\u00e7 dallar\u0131nda incir yemeye devam ederken, insanlar nas\u0131l oldu da tap\u0131naklar in\u015fa eden h\u00fclyal\u0131 \u015fairlere d\u00f6n\u00fc\u015febildi? Sinirbilim alan\u0131n\u0131n en g\u00f6z\u00fc pek d\u00fc\u015f\u00fcn\u00fcrlerinden Mark Solms, neredeyse<span class=\"excerpt-hellip\"> [\u2026]<\/span><\/p>\n","protected":false},"featured_media":0,"template":"","meta":{"_monsterinsights_skip_tracking":false,"_monsterinsights_sitenote_active":false,"_monsterinsights_sitenote_note":"","_monsterinsights_sitenote_category":0},"product_brand":[],"product_cat":[12357],"product_tag":[],"class_list":{"0":"post-753917","1":"product","2":"type-product","3":"status-publish","5":"product_cat-psikoloji","6":"pa_cilt-ciltsiz","7":"pa_tur-kitap","8":"pa_yayinevi-okuyan-us-yayin","9":"pa_yazar-mark-solms","11":"first","12":"instock","13":"sale","14":"shipping-taxable","15":"purchasable","16":"product-type-simple"},"_links":{"self":[{"href":"https:\/\/roveyayinevi.com.tr\/index.php\/wp-json\/wp\/v2\/product\/753917","targetHints":{"allow":["GET"]}}],"collection":[{"href":"https:\/\/roveyayinevi.com.tr\/index.php\/wp-json\/wp\/v2\/product"}],"about":[{"href":"https:\/\/roveyayinevi.com.tr\/index.php\/wp-json\/wp\/v2\/types\/product"}],"wp:attachment":[{"href":"https:\/\/roveyayinevi.com.tr\/index.php\/wp-json\/wp\/v2\/media?parent=753917"}],"wp:term":[{"taxonomy":"product_brand","embeddable":true,"href":"https:\/\/roveyayinevi.com.tr\/index.php\/wp-json\/wp\/v2\/product_brand?post=753917"},{"taxonomy":"product_cat","embeddable":true,"href":"https:\/\/roveyayinevi.com.tr\/index.php\/wp-json\/wp\/v2\/product_cat?post=753917"},{"taxonomy":"product_tag","embeddable":true,"href":"https:\/\/roveyayinevi.com.tr\/index.php\/wp-json\/wp\/v2\/product_tag?post=753917"}],"curies":[{"name":"wp","href":"https:\/\/api.w.org\/{rel}","templated":true}]}}