{"id":753909,"date":"2025-08-28T05:56:05","date_gmt":"2025-08-28T02:56:05","guid":{"rendered":"https:\/\/roveyayinevi.com.tr\/index.php\/urun\/turk-dili-temel-kitabi\/"},"modified":"2026-04-03T03:09:08","modified_gmt":"2026-04-03T00:09:08","slug":"turk-dili-temel-kitabi","status":"publish","type":"product","link":"https:\/\/roveyayinevi.com.tr\/index.php\/urun\/turk-dili-temel-kitabi\/","title":{"rendered":"T\u00fcrk Dili Temel Kitab\u0131"},"content":{"rendered":"<p>T\u00fcrk Dili Temel Kitab\u0131 geni\u015f okuyucu kitlesi i\u00e7in yaz\u0131lm\u0131\u015ft\u0131r. Bu bak\u0131mdan esere \u201cHerkes \u0130\u00e7in T\u00fcrk Dili\u201d ad\u0131 da verilmi\u015ftir.  Kitap d\u00f6rt b\u00f6l\u00fcmd\u00fcr. Birinci b\u00f6l\u00fcmde T\u00fcrk\u00e7enin kollar\u0131 ve yay\u0131lma alanlar\u0131 anlat\u0131lm\u0131\u015ft\u0131r. D\u00fcnyan\u0131n neresinde hangi T\u00fcrkler ya\u015f\u0131yorsa, n\u00fcfuslar\u0131yla birlikte bu b\u00f6l\u00fcmde verilmi\u015ftir. B\u00f6l\u00fcm sonunda b\u00fct\u00fcn d\u00fcnyadaki T\u00fcrklerin toplam n\u00fcfuslar\u0131 hakk\u0131nda kar\u015f\u0131la\u015ft\u0131rmal\u0131 bilgiler de yer almaktad\u0131r.  \u0130kinci b\u00f6l\u00fcm, \u201cT\u00fcrk Dilinin Tarih\u00ee Geli\u015fimi\u201d ad\u0131n\u0131 ta\u015f\u0131maktad\u0131r. Ba\u015flang\u0131\u00e7tan bug\u00fcne uzanan \u00e7izgide ba\u015fl\u0131ca d\u00f6nemler, eserler ve isimler bu b\u00f6l\u00fcmde tan\u0131t\u0131lm\u0131\u015ft\u0131r.  \u00dc\u00e7\u00fcnc\u00fc b\u00f6l\u00fcmde T\u00fcrk\u00e7enin dil \u00f6zellikleri ele al\u0131nm\u0131\u015ft\u0131r. Olabilecek en k\u0131sa bi\u00e7imde ve yo\u011funla\u015ft\u0131r\u0131lm\u0131\u015f olarak T\u00fcrk\u00e7enin ses ve bi\u00e7im \u00f6zellikleri bu b\u00f6l\u00fcmde g\u00f6sterilmi\u015ftir.  D\u00f6rd\u00fcnc\u00fc b\u00f6l\u00fcm \u201cT\u00fcrk\u00e7enin D\u00fcnya Dilleri Aras\u0131ndaki Yeri\u201d ba\u015fl\u0131\u011f\u0131n\u0131 ta\u015f\u0131maktad\u0131r. B\u00f6l\u00fcmde d\u00f6rt a\u00e7\u0131dan T\u00fcrk\u00e7enin d\u00fcnya dilleri aras\u0131ndaki yeri g\u00f6sterilmi\u015ftir: K\u00f6ken, yap\u0131, n\u00fcfus ve tarih\u00eelik. B\u00f6ylece halk aras\u0131nda \u00e7ok merak edilen baz\u0131 sorulara do\u011fru cevaplar verilmi\u015ftir.  Elinizdeki eserin bir \u00f6zelli\u011fi de halka d\u00f6n\u00fck olmakla birlikte akademik titizlikten taviz verilmemesidir. Ercilasun Hoca\u2019n\u0131n; T\u00fcrk dilinin en temel konular\u0131n\u0131, kaynaklar\u0131yla, en son bilgi ve de\u011ferlendirmelerle, sade ve anla\u015f\u0131l\u0131r bir dille, m\u00fcmk\u00fcn oldu\u011funca k\u0131sa ve \u00f6zl\u00fc bir \u015fekilde ele ald\u0131\u011f\u0131 eserin herkese ve \u00f6zellikle \u00f6\u011frencilere faydal\u0131 olmas\u0131 dile\u011fiyle.<\/p>\n","protected":false},"excerpt":{"rendered":"<p>T\u00fcrk Dili Temel Kitab\u0131 geni\u015f okuyucu kitlesi i\u00e7in yaz\u0131lm\u0131\u015ft\u0131r. Bu bak\u0131mdan esere \u201cHerkes \u0130\u00e7in T\u00fcrk Dili\u201d ad\u0131 da verilmi\u015ftir. Kitap d\u00f6rt b\u00f6l\u00fcmd\u00fcr. Birinci b\u00f6l\u00fcmde T\u00fcrk\u00e7enin kollar\u0131<span class=\"excerpt-hellip\"> [\u2026]<\/span><\/p>\n","protected":false},"featured_media":0,"template":"","meta":{"_monsterinsights_skip_tracking":false,"_monsterinsights_sitenote_active":false,"_monsterinsights_sitenote_note":"","_monsterinsights_sitenote_category":0},"product_brand":[],"product_cat":[12567,12566],"product_tag":[],"class_list":{"0":"post-753909","1":"product","2":"type-product","3":"status-publish","5":"product_cat-diger-egitim","6":"product_cat-egitim","7":"pa_cilt-ciltsiz","8":"pa_tur-kitap","9":"pa_yayinevi-bilge-kultur-sanat","10":"pa_yazar-ahmet-bican-ercilasun","12":"first","13":"instock","14":"sale","15":"shipping-taxable","16":"purchasable","17":"product-type-simple"},"_links":{"self":[{"href":"https:\/\/roveyayinevi.com.tr\/index.php\/wp-json\/wp\/v2\/product\/753909","targetHints":{"allow":["GET"]}}],"collection":[{"href":"https:\/\/roveyayinevi.com.tr\/index.php\/wp-json\/wp\/v2\/product"}],"about":[{"href":"https:\/\/roveyayinevi.com.tr\/index.php\/wp-json\/wp\/v2\/types\/product"}],"wp:attachment":[{"href":"https:\/\/roveyayinevi.com.tr\/index.php\/wp-json\/wp\/v2\/media?parent=753909"}],"wp:term":[{"taxonomy":"product_brand","embeddable":true,"href":"https:\/\/roveyayinevi.com.tr\/index.php\/wp-json\/wp\/v2\/product_brand?post=753909"},{"taxonomy":"product_cat","embeddable":true,"href":"https:\/\/roveyayinevi.com.tr\/index.php\/wp-json\/wp\/v2\/product_cat?post=753909"},{"taxonomy":"product_tag","embeddable":true,"href":"https:\/\/roveyayinevi.com.tr\/index.php\/wp-json\/wp\/v2\/product_tag?post=753909"}],"curies":[{"name":"wp","href":"https:\/\/api.w.org\/{rel}","templated":true}]}}