{"id":753897,"date":"2025-08-28T05:55:45","date_gmt":"2025-08-28T02:55:45","guid":{"rendered":"https:\/\/roveyayinevi.com.tr\/index.php\/urun\/zengin-koca-benim\/"},"modified":"2026-04-16T03:07:21","modified_gmt":"2026-04-16T00:07:21","slug":"zengin-koca-benim","status":"publish","type":"product","link":"https:\/\/roveyayinevi.com.tr\/index.php\/urun\/zengin-koca-benim\/","title":{"rendered":"Zengin Koca Benim"},"content":{"rendered":"<p>Do\u011fa her birimize c\u00f6mert\u00e7e t\u00fcm bereketini sunarken pek az\u0131m\u0131z i\u00e7imizde sakl\u0131 hazineleri fark edebiliriz. Beyaz atl\u0131 prensin \u00e7\u0131kagelip i\u00e7inde k\u0131vrand\u0131\u011f\u0131m\u0131z fukara hayattan bizi kurtarmas\u0131n\u0131 bekleriz ya da birinin beyaz atl\u0131 prensi olma hayaliyle vakit kaybederiz. Asl\u0131nda fark etmeden kendi yeteneklerimize, yarat\u0131c\u0131l\u0131\u011f\u0131m\u0131za, bereket haznemize ve t\u00fcm i\u00e7sel kaynaklar\u0131m\u0131za ihanet ederiz. Para s\u0131k\u0131nt\u0131m\u0131z, i\u015fsizli\u011fimiz, iflas\u0131m\u0131z, u\u011frad\u0131\u011f\u0131m\u0131z haks\u0131zl\u0131klar, eme\u011fimizin kar\u015f\u0131l\u0131\u011f\u0131n\u0131 alamama\u2026 Mevzu hi\u00e7bir zaman basit bir para problemi veya matematik hatas\u0131 de\u011fildir. Para \u00e7at\u0131\u015fmas\u0131 bilin\u00e7te kendini g\u00f6sterirken ard\u0131nda bir tarih bar\u0131nd\u0131r\u0131r. Kendi talihini yaratman\u0131n yolu da kendi tarihini anlamaktan ge\u00e7er ve ku\u015fkusuz her canl\u0131, do\u011fan\u0131n sonsuz bereketinden pay\u0131na d\u00fc\u015fene, hak etti\u011fi kadar\u0131na eri\u015fmek ister. \u0130\u015fte bu noktada Zengin Koca Benim devreye girecek; idam taburesinde bekleyen erkek ve kad\u0131n\u0131n boynundaki ipi nazik\u00e7e \u00e7\u0131karacak, her ikisine de kendi evrensel g\u00fcc\u00fcn\u00fc teslim edecek! Kad\u0131n erkek fark etmeksizin, kendi varolu\u015funla sulh i\u00e7inde ya\u015fay\u0131p, &#8220;Zengin koca benim!&#8221; c\u00fcmlesindeki \u00f6zg\u00fcveni, g\u00fcc\u00fc, cesareti t\u00fcm h\u00fccrelerinde hissetmen i\u00e7in bilin\u00e7alt\u0131n\u0131n karanl\u0131k odalar\u0131 ayd\u0131nlanacak\u2026 \u00c7\u00fcnk\u00fc sen biriciksin! Parmak izin gibi, pay\u0131na d\u00fc\u015fen bereketin ve nasibin de biricik!<\/p>\n","protected":false},"excerpt":{"rendered":"<p>Do\u011fa her birimize c\u00f6mert\u00e7e t\u00fcm bereketini sunarken pek az\u0131m\u0131z i\u00e7imizde sakl\u0131 hazineleri fark edebiliriz. Beyaz atl\u0131 prensin \u00e7\u0131kagelip i\u00e7inde k\u0131vrand\u0131\u011f\u0131m\u0131z fukara hayattan bizi kurtarmas\u0131n\u0131 bekleriz ya<span class=\"excerpt-hellip\"> [\u2026]<\/span><\/p>\n","protected":false},"featured_media":0,"template":"","meta":{"_monsterinsights_skip_tracking":false,"_monsterinsights_sitenote_active":false,"_monsterinsights_sitenote_note":"","_monsterinsights_sitenote_category":0},"product_brand":[],"product_cat":[12364,12376],"product_tag":[],"class_list":{"0":"post-753897","1":"product","2":"type-product","3":"status-publish","5":"product_cat-genel-konular","6":"product_cat-kisisel-gelisim","7":"pa_cilt-ciltsiz","8":"pa_tur-kitap","9":"pa_yayinevi-libros-yayinlari","10":"pa_yazar-pinar-boylu-gogulan","12":"first","13":"instock","14":"sale","15":"shipping-taxable","16":"purchasable","17":"product-type-simple"},"_links":{"self":[{"href":"https:\/\/roveyayinevi.com.tr\/index.php\/wp-json\/wp\/v2\/product\/753897","targetHints":{"allow":["GET"]}}],"collection":[{"href":"https:\/\/roveyayinevi.com.tr\/index.php\/wp-json\/wp\/v2\/product"}],"about":[{"href":"https:\/\/roveyayinevi.com.tr\/index.php\/wp-json\/wp\/v2\/types\/product"}],"wp:attachment":[{"href":"https:\/\/roveyayinevi.com.tr\/index.php\/wp-json\/wp\/v2\/media?parent=753897"}],"wp:term":[{"taxonomy":"product_brand","embeddable":true,"href":"https:\/\/roveyayinevi.com.tr\/index.php\/wp-json\/wp\/v2\/product_brand?post=753897"},{"taxonomy":"product_cat","embeddable":true,"href":"https:\/\/roveyayinevi.com.tr\/index.php\/wp-json\/wp\/v2\/product_cat?post=753897"},{"taxonomy":"product_tag","embeddable":true,"href":"https:\/\/roveyayinevi.com.tr\/index.php\/wp-json\/wp\/v2\/product_tag?post=753897"}],"curies":[{"name":"wp","href":"https:\/\/api.w.org\/{rel}","templated":true}]}}