{"id":753885,"date":"2025-08-28T05:55:26","date_gmt":"2025-08-28T02:55:26","guid":{"rendered":"https:\/\/roveyayinevi.com.tr\/index.php\/urun\/annesinden-biricik-kizina\/"},"modified":"2026-04-16T03:07:21","modified_gmt":"2026-04-16T00:07:21","slug":"annesinden-biricik-kizina","status":"publish","type":"product","link":"https:\/\/roveyayinevi.com.tr\/index.php\/urun\/annesinden-biricik-kizina\/","title":{"rendered":"Annesinden Biricik K\u0131z\u0131na"},"content":{"rendered":"<p>Do\u011fdu\u011funda seni kuca\u011f\u0131ma ald\u0131m, g\u00f6zlerinin i\u00e7ine bakt\u0131m. Her zaman yan\u0131nda olaca\u011f\u0131m\u0131 kula\u011f\u0131na f\u0131s\u0131ldad\u0131m. Benim tatl\u0131 k\u0131z\u0131m, birici\u011fim.   Gregory E. Lang, New York Times\u2019\u0131n en \u00e7ok satan eserler listesinde yer alan bu g\u00fczel ve dokunakl\u0131 kitab\u0131nda, anne-k\u0131z aras\u0131ndaki \u00f6zel ba\u011f\u0131 anlat\u0131yor. \u201cAnnesinden Biricik K\u0131z\u0131na\u201d kitab\u0131 bir annenin k\u0131z\u0131na duydu\u011fu ko\u015fulsuz sevgi, b\u00fcy\u00fcleyici \u00e7izimler ve y\u00fcrek \u0131s\u0131tacak s\u00f6zlerle kar\u015f\u0131n\u0131zda.<\/p>\n","protected":false},"excerpt":{"rendered":"<p>Do\u011fdu\u011funda seni kuca\u011f\u0131ma ald\u0131m, g\u00f6zlerinin i\u00e7ine bakt\u0131m. Her zaman yan\u0131nda olaca\u011f\u0131m\u0131 kula\u011f\u0131na f\u0131s\u0131ldad\u0131m. Benim tatl\u0131 k\u0131z\u0131m, birici\u011fim. Gregory E. Lang, New York Times\u2019\u0131n en \u00e7ok satan<span class=\"excerpt-hellip\"> [\u2026]<\/span><\/p>\n","protected":false},"featured_media":0,"template":"","meta":{"_monsterinsights_skip_tracking":false,"_monsterinsights_sitenote_active":false,"_monsterinsights_sitenote_note":"","_monsterinsights_sitenote_category":0},"product_brand":[],"product_cat":[12274,12284],"product_tag":[],"class_list":{"0":"post-753885","1":"product","2":"type-product","3":"status-publish","5":"product_cat-cocuk-ve-genclik-kitaplari","6":"product_cat-hikayeler","7":"pa_cilt-ciltsiz","8":"pa_tur-kitap","9":"pa_yayinevi-buyulu-fener-yayinlari","10":"pa_yazar-gregory-e-lang","12":"first","13":"instock","14":"sale","15":"shipping-taxable","16":"purchasable","17":"product-type-simple"},"_links":{"self":[{"href":"https:\/\/roveyayinevi.com.tr\/index.php\/wp-json\/wp\/v2\/product\/753885","targetHints":{"allow":["GET"]}}],"collection":[{"href":"https:\/\/roveyayinevi.com.tr\/index.php\/wp-json\/wp\/v2\/product"}],"about":[{"href":"https:\/\/roveyayinevi.com.tr\/index.php\/wp-json\/wp\/v2\/types\/product"}],"wp:attachment":[{"href":"https:\/\/roveyayinevi.com.tr\/index.php\/wp-json\/wp\/v2\/media?parent=753885"}],"wp:term":[{"taxonomy":"product_brand","embeddable":true,"href":"https:\/\/roveyayinevi.com.tr\/index.php\/wp-json\/wp\/v2\/product_brand?post=753885"},{"taxonomy":"product_cat","embeddable":true,"href":"https:\/\/roveyayinevi.com.tr\/index.php\/wp-json\/wp\/v2\/product_cat?post=753885"},{"taxonomy":"product_tag","embeddable":true,"href":"https:\/\/roveyayinevi.com.tr\/index.php\/wp-json\/wp\/v2\/product_tag?post=753885"}],"curies":[{"name":"wp","href":"https:\/\/api.w.org\/{rel}","templated":true}]}}